{"id":16154,"date":"2022-04-25T22:48:11","date_gmt":"2022-04-25T22:48:11","guid":{"rendered":"https:\/\/atypique.brunotarhan.fr\/index.php\/produit\/une-aventure-de-mlle-charlotte-tome-2-pochela-mysterieuse-bibliothecairedominique-demersgallimard-jeunesse\/"},"modified":"2022-04-25T22:48:11","modified_gmt":"2022-04-25T22:48:11","slug":"une-aventure-de-mlle-charlotte-tome-2-pochela-mysterieuse-bibliothecairedominique-demersgallimard-jeunesse","status":"publish","type":"product","link":"https:\/\/atypique.brunotarhan.fr\/index.php\/produit\/une-aventure-de-mlle-charlotte-tome-2-pochela-mysterieuse-bibliothecairedominique-demersgallimard-jeunesse\/","title":{"rendered":"Une Aventure de Mlle Charlotte Tome 2 &#8211; Poche\nLa myst\u00e9rieuse biblioth\u00e9caire\nDominique Demers\nGallimard jeunesse"},"content":{"rendered":"<p>Mlle Charlotte, la nouvelle biblioth\u00e9caire de Saint-Anatole, prom\u00e8ne ses livres dans une brouette. Dans le vieux grenier transform\u00e9 en biblioth\u00e8que, on s&#8217;amuse comme des fous. Mais un jour, Mlle Charlotte s&#8217;endort, aspir\u00e9e par l&#8217;histoire qu&#8217;elle est en train de lire&#8230; Comment la d\u00e9livrer de cet \u00e9trange sortil\u00e8ge ?<\/p>\n","protected":false},"excerpt":{"rendered":"<p>Mlle Charlotte, la nouvelle biblioth\u00e9caire de Saint-Anatole, prom\u00e8ne ses livres dans une brouette. Dans le vieux grenier transform\u00e9 en biblioth\u00e8que,\u2026<\/p>\n","protected":false},"featured_media":15724,"comment_status":"open","ping_status":"closed","template":"","meta":[],"product_cat":[93,220],"product_tag":[703,303,302,702,704,701],"class_list":["post-16154","product","type-product","status-publish","has-post-thumbnail","hentry","product_cat-librairie","product_cat-livres-enfants","product_tag-dominique-demers","product_tag-folio-cadet","product_tag-gallimard-jeunesse","product_tag-la-mysterieuse-bibliothecaire","product_tag-premier-roman","product_tag-une-aventure-de-mlle-charlotte-tome-2"],"yoast_head":"<!-- This site is optimized with the Yoast SEO plugin v18.0 - https:\/\/yoast.com\/wordpress\/plugins\/seo\/ -->\n<title>Une Aventure de Mlle Charlotte Tome 2 - Poche La myst\u00e9rieuse biblioth\u00e9caire Dominique Demers Gallimard jeunesse - Atypique Concept Store<\/title>\n<meta name=\"robots\" content=\"index, follow, max-snippet:-1, max-image-preview:large, max-video-preview:-1\" \/>\n<link rel=\"canonical\" href=\"https:\/\/atypique.brunotarhan.fr\/index.php\/produit\/une-aventure-de-mlle-charlotte-tome-2-pochela-mysterieuse-bibliothecairedominique-demersgallimard-jeunesse\/\" \/>\n<meta property=\"og:locale\" content=\"fr_FR\" \/>\n<meta property=\"og:type\" content=\"article\" \/>\n<meta property=\"og:title\" content=\"Une Aventure de Mlle Charlotte Tome 2 - Poche La myst\u00e9rieuse biblioth\u00e9caire Dominique Demers Gallimard jeunesse - Atypique Concept Store\" \/>\n<meta property=\"og:description\" content=\"Mlle Charlotte, la nouvelle biblioth\u00e9caire de Saint-Anatole, prom\u00e8ne ses livres dans une brouette. Dans le vieux grenier transform\u00e9 en biblioth\u00e8que,\u2026\" \/>\n<meta property=\"og:url\" content=\"https:\/\/atypique.brunotarhan.fr\/index.php\/produit\/une-aventure-de-mlle-charlotte-tome-2-pochela-mysterieuse-bibliothecairedominique-demersgallimard-jeunesse\/\" \/>\n<meta property=\"og:site_name\" content=\"Atypique Concept Store\" \/>\n<meta name=\"twitter:card\" content=\"summary_large_image\" \/>\n<script type=\"application\/ld+json\" class=\"yoast-schema-graph\">{\"@context\":\"https:\/\/schema.org\",\"@graph\":[{\"@type\":\"WebSite\",\"@id\":\"https:\/\/atypique.brunotarhan.fr\/#website\",\"url\":\"https:\/\/atypique.brunotarhan.fr\/\",\"name\":\"Atypique Concept Store\",\"description\":\"Just another WordPress site\",\"potentialAction\":[{\"@type\":\"SearchAction\",\"target\":{\"@type\":\"EntryPoint\",\"urlTemplate\":\"https:\/\/atypique.brunotarhan.fr\/?s={search_term_string}\"},\"query-input\":\"required name=search_term_string\"}],\"inLanguage\":\"fr-FR\"},{\"@type\":\"ImageObject\",\"@id\":\"https:\/\/atypique.brunotarhan.fr\/index.php\/produit\/une-aventure-de-mlle-charlotte-tome-2-pochela-mysterieuse-bibliothecairedominique-demersgallimard-jeunesse\/#primaryimage\",\"inLanguage\":\"fr-FR\",\"url\":\"https:\/\/atypique.brunotarhan.fr\/wp-content\/uploads\/2022\/04\/Mlle-charlotte-t2.webp\",\"contentUrl\":\"https:\/\/atypique.brunotarhan.fr\/wp-content\/uploads\/2022\/04\/Mlle-charlotte-t2.webp\",\"width\":335,\"height\":500},{\"@type\":\"WebPage\",\"@id\":\"https:\/\/atypique.brunotarhan.fr\/index.php\/produit\/une-aventure-de-mlle-charlotte-tome-2-pochela-mysterieuse-bibliothecairedominique-demersgallimard-jeunesse\/#webpage\",\"url\":\"https:\/\/atypique.brunotarhan.fr\/index.php\/produit\/une-aventure-de-mlle-charlotte-tome-2-pochela-mysterieuse-bibliothecairedominique-demersgallimard-jeunesse\/\",\"name\":\"Une Aventure de Mlle Charlotte Tome 2 - Poche La myst\u00e9rieuse biblioth\u00e9caire Dominique Demers Gallimard jeunesse - Atypique Concept Store\",\"isPartOf\":{\"@id\":\"https:\/\/atypique.brunotarhan.fr\/#website\"},\"primaryImageOfPage\":{\"@id\":\"https:\/\/atypique.brunotarhan.fr\/index.php\/produit\/une-aventure-de-mlle-charlotte-tome-2-pochela-mysterieuse-bibliothecairedominique-demersgallimard-jeunesse\/#primaryimage\"},\"datePublished\":\"2022-04-25T22:48:11+00:00\",\"dateModified\":\"2022-04-25T22:48:11+00:00\",\"breadcrumb\":{\"@id\":\"https:\/\/atypique.brunotarhan.fr\/index.php\/produit\/une-aventure-de-mlle-charlotte-tome-2-pochela-mysterieuse-bibliothecairedominique-demersgallimard-jeunesse\/#breadcrumb\"},\"inLanguage\":\"fr-FR\",\"potentialAction\":[{\"@type\":\"ReadAction\",\"target\":[\"https:\/\/atypique.brunotarhan.fr\/index.php\/produit\/une-aventure-de-mlle-charlotte-tome-2-pochela-mysterieuse-bibliothecairedominique-demersgallimard-jeunesse\/\"]}]},{\"@type\":\"BreadcrumbList\",\"@id\":\"https:\/\/atypique.brunotarhan.fr\/index.php\/produit\/une-aventure-de-mlle-charlotte-tome-2-pochela-mysterieuse-bibliothecairedominique-demersgallimard-jeunesse\/#breadcrumb\",\"itemListElement\":[{\"@type\":\"ListItem\",\"position\":1,\"name\":\"Accueil\",\"item\":\"https:\/\/atypique.brunotarhan.fr\/\"},{\"@type\":\"ListItem\",\"position\":2,\"name\":\"\"},{\"@type\":\"ListItem\",\"position\":3,\"name\":\"Une Aventure de Mlle Charlotte Tome 2 &#8211; Poche La myst\u00e9rieuse biblioth\u00e9caire Dominique Demers Gallimard jeunesse\"}]}]}<\/script>\n<!-- \/ Yoast SEO plugin. -->","yoast_head_json":{"title":"Une Aventure de Mlle Charlotte Tome 2 - Poche La myst\u00e9rieuse biblioth\u00e9caire Dominique Demers Gallimard jeunesse - Atypique Concept Store","robots":{"index":"index","follow":"follow","max-snippet":"max-snippet:-1","max-image-preview":"max-image-preview:large","max-video-preview":"max-video-preview:-1"},"canonical":"https:\/\/atypique.brunotarhan.fr\/index.php\/produit\/une-aventure-de-mlle-charlotte-tome-2-pochela-mysterieuse-bibliothecairedominique-demersgallimard-jeunesse\/","og_locale":"fr_FR","og_type":"article","og_title":"Une Aventure de Mlle Charlotte Tome 2 - Poche La myst\u00e9rieuse biblioth\u00e9caire Dominique Demers Gallimard jeunesse - Atypique Concept Store","og_description":"Mlle Charlotte, la nouvelle biblioth\u00e9caire de Saint-Anatole, prom\u00e8ne ses livres dans une brouette. Dans le vieux grenier transform\u00e9 en biblioth\u00e8que,\u2026","og_url":"https:\/\/atypique.brunotarhan.fr\/index.php\/produit\/une-aventure-de-mlle-charlotte-tome-2-pochela-mysterieuse-bibliothecairedominique-demersgallimard-jeunesse\/","og_site_name":"Atypique Concept Store","twitter_card":"summary_large_image","schema":{"@context":"https:\/\/schema.org","@graph":[{"@type":"WebSite","@id":"https:\/\/atypique.brunotarhan.fr\/#website","url":"https:\/\/atypique.brunotarhan.fr\/","name":"Atypique Concept Store","description":"Just another WordPress site","potentialAction":[{"@type":"SearchAction","target":{"@type":"EntryPoint","urlTemplate":"https:\/\/atypique.brunotarhan.fr\/?s={search_term_string}"},"query-input":"required name=search_term_string"}],"inLanguage":"fr-FR"},{"@type":"ImageObject","@id":"https:\/\/atypique.brunotarhan.fr\/index.php\/produit\/une-aventure-de-mlle-charlotte-tome-2-pochela-mysterieuse-bibliothecairedominique-demersgallimard-jeunesse\/#primaryimage","inLanguage":"fr-FR","url":"https:\/\/atypique.brunotarhan.fr\/wp-content\/uploads\/2022\/04\/Mlle-charlotte-t2.webp","contentUrl":"https:\/\/atypique.brunotarhan.fr\/wp-content\/uploads\/2022\/04\/Mlle-charlotte-t2.webp","width":335,"height":500},{"@type":"WebPage","@id":"https:\/\/atypique.brunotarhan.fr\/index.php\/produit\/une-aventure-de-mlle-charlotte-tome-2-pochela-mysterieuse-bibliothecairedominique-demersgallimard-jeunesse\/#webpage","url":"https:\/\/atypique.brunotarhan.fr\/index.php\/produit\/une-aventure-de-mlle-charlotte-tome-2-pochela-mysterieuse-bibliothecairedominique-demersgallimard-jeunesse\/","name":"Une Aventure de Mlle Charlotte Tome 2 - Poche La myst\u00e9rieuse biblioth\u00e9caire Dominique Demers Gallimard jeunesse - Atypique Concept Store","isPartOf":{"@id":"https:\/\/atypique.brunotarhan.fr\/#website"},"primaryImageOfPage":{"@id":"https:\/\/atypique.brunotarhan.fr\/index.php\/produit\/une-aventure-de-mlle-charlotte-tome-2-pochela-mysterieuse-bibliothecairedominique-demersgallimard-jeunesse\/#primaryimage"},"datePublished":"2022-04-25T22:48:11+00:00","dateModified":"2022-04-25T22:48:11+00:00","breadcrumb":{"@id":"https:\/\/atypique.brunotarhan.fr\/index.php\/produit\/une-aventure-de-mlle-charlotte-tome-2-pochela-mysterieuse-bibliothecairedominique-demersgallimard-jeunesse\/#breadcrumb"},"inLanguage":"fr-FR","potentialAction":[{"@type":"ReadAction","target":["https:\/\/atypique.brunotarhan.fr\/index.php\/produit\/une-aventure-de-mlle-charlotte-tome-2-pochela-mysterieuse-bibliothecairedominique-demersgallimard-jeunesse\/"]}]},{"@type":"BreadcrumbList","@id":"https:\/\/atypique.brunotarhan.fr\/index.php\/produit\/une-aventure-de-mlle-charlotte-tome-2-pochela-mysterieuse-bibliothecairedominique-demersgallimard-jeunesse\/#breadcrumb","itemListElement":[{"@type":"ListItem","position":1,"name":"Accueil","item":"https:\/\/atypique.brunotarhan.fr\/"},{"@type":"ListItem","position":2,"name":""},{"@type":"ListItem","position":3,"name":"Une Aventure de Mlle Charlotte Tome 2 &#8211; Poche La myst\u00e9rieuse biblioth\u00e9caire Dominique Demers Gallimard jeunesse"}]}]}},"_links":{"self":[{"href":"https:\/\/atypique.brunotarhan.fr\/index.php\/wp-json\/wp\/v2\/product\/16154","targetHints":{"allow":["GET"]}}],"collection":[{"href":"https:\/\/atypique.brunotarhan.fr\/index.php\/wp-json\/wp\/v2\/product"}],"about":[{"href":"https:\/\/atypique.brunotarhan.fr\/index.php\/wp-json\/wp\/v2\/types\/product"}],"replies":[{"embeddable":true,"href":"https:\/\/atypique.brunotarhan.fr\/index.php\/wp-json\/wp\/v2\/comments?post=16154"}],"wp:featuredmedia":[{"embeddable":true,"href":"https:\/\/atypique.brunotarhan.fr\/index.php\/wp-json\/wp\/v2\/media\/15724"}],"wp:attachment":[{"href":"https:\/\/atypique.brunotarhan.fr\/index.php\/wp-json\/wp\/v2\/media?parent=16154"}],"wp:term":[{"taxonomy":"product_cat","embeddable":true,"href":"https:\/\/atypique.brunotarhan.fr\/index.php\/wp-json\/wp\/v2\/product_cat?post=16154"},{"taxonomy":"product_tag","embeddable":true,"href":"https:\/\/atypique.brunotarhan.fr\/index.php\/wp-json\/wp\/v2\/product_tag?post=16154"}],"curies":[{"name":"wp","href":"https:\/\/api.w.org\/{rel}","templated":true}]}}