{"id":16152,"date":"2022-04-25T22:48:11","date_gmt":"2022-04-25T22:48:11","guid":{"rendered":"https:\/\/atypique.brunotarhan.fr\/index.php\/produit\/minuit-dans-la-ville-des-songes-grand-formatrene-fregnigallimard\/"},"modified":"2022-04-25T22:48:11","modified_gmt":"2022-04-25T22:48:11","slug":"minuit-dans-la-ville-des-songes-grand-formatrene-fregnigallimard","status":"publish","type":"product","link":"https:\/\/atypique.brunotarhan.fr\/index.php\/produit\/minuit-dans-la-ville-des-songes-grand-formatrene-fregnigallimard\/","title":{"rendered":"Minuit dans la ville des songes &#8211; Grand Format\nRen\u00e9 Fr\u00e9gni\nGallimard"},"content":{"rendered":"<p>&#8220;J&#8217;avais \u00e9t\u00e9 jadis un voyageur insouciant. Je devins un lecteur de grand chemin, toujours aussi r\u00eaveur mais un livre \u00e0 la main. Je lus, adoss\u00e9 \u00e0 tous les talus d&#8217;Europe, \u00e0 l&#8217;or\u00e9e de vastes for\u00eats. Je lus dans des gares, sur de petits ports, des aires d&#8217;autoroute, \u00e0 l&#8217;abri d&#8217;une grange, d&#8217;un hangar \u00e0 bateaux o\u00f9 je m&#8217;abritais de la pluie et du vent. Le soir je me glissais dans mon duvet et tant que ma page \u00e9tait un peu claire, sous la derni\u00e8re lumi\u00e8re du jour, je lisais.<br \/>\nJ&#8217;\u00e9tais redevenu un vagabond, mal ras\u00e9, hirsute, un vagabond de mots dans un voyage de songes&#8221;. Ce roman est le r\u00e9cit d&#8217;une vie d&#8217;errance et de lectures, aussi dur que sensuel, aussi sombre que solaire. Le chaos d&#8217;une vie, \u00e9clair\u00e9e \u00e0 chaque carrefour p\u00e9rilleux par la d\u00e9couverte d&#8217;un \u00e9crivain. Ren\u00e9 Fr\u00e9gni, conteur-n\u00e9, ne se d\u00e9partit jamais de son \u00e9merveillement devant la beaut\u00e9 du monde et des femmes.<br \/>\nFugueur, rebelle, passionn\u00e9 de paysages grandioses, qui restent pour lui indissociables des chocs litt\u00e9raires. Un homme qui marche un livre et un cahier \u00e0 la main.<\/p>\n","protected":false},"excerpt":{"rendered":"<p>&#8220;J&#8217;avais \u00e9t\u00e9 jadis un voyageur insouciant. Je devins un lecteur de grand chemin, toujours aussi r\u00eaveur mais un livre \u00e0 la main. Je lus, adoss\u00e9 \u00e0\u2026<\/p>\n","protected":false},"featured_media":15723,"comment_status":"open","ping_status":"closed","template":"","meta":[],"product_cat":[93,186],"product_tag":[236,697,698,189],"class_list":["post-16152","product","type-product","status-publish","has-post-thumbnail","hentry","product_cat-librairie","product_cat-romans","product_tag-gallimard","product_tag-minuit-dans-la-ville-des-songes","product_tag-rene-fregni","product_tag-roman"],"yoast_head":"<!-- This site is optimized with the Yoast SEO plugin v18.0 - https:\/\/yoast.com\/wordpress\/plugins\/seo\/ -->\n<title>Minuit dans la ville des songes - Grand Format Ren\u00e9 Fr\u00e9gni Gallimard - Atypique Concept Store<\/title>\n<meta name=\"robots\" content=\"index, follow, max-snippet:-1, max-image-preview:large, max-video-preview:-1\" \/>\n<link rel=\"canonical\" href=\"https:\/\/atypique.brunotarhan.fr\/index.php\/produit\/minuit-dans-la-ville-des-songes-grand-formatrene-fregnigallimard\/\" \/>\n<meta property=\"og:locale\" content=\"fr_FR\" \/>\n<meta property=\"og:type\" content=\"article\" \/>\n<meta property=\"og:title\" content=\"Minuit dans la ville des songes - Grand Format Ren\u00e9 Fr\u00e9gni Gallimard - Atypique Concept Store\" \/>\n<meta property=\"og:description\" content=\"&quot;J&#039;avais \u00e9t\u00e9 jadis un voyageur insouciant. Je devins un lecteur de grand chemin, toujours aussi r\u00eaveur mais un livre \u00e0 la main. Je lus, adoss\u00e9 \u00e0\u2026\" \/>\n<meta property=\"og:url\" content=\"https:\/\/atypique.brunotarhan.fr\/index.php\/produit\/minuit-dans-la-ville-des-songes-grand-formatrene-fregnigallimard\/\" \/>\n<meta property=\"og:site_name\" content=\"Atypique Concept Store\" \/>\n<meta name=\"twitter:card\" content=\"summary_large_image\" \/>\n<meta name=\"twitter:label1\" content=\"Dur\u00e9e de lecture estim\u00e9e\" \/>\n\t<meta name=\"twitter:data1\" content=\"1 minute\" \/>\n<script type=\"application\/ld+json\" class=\"yoast-schema-graph\">{\"@context\":\"https:\/\/schema.org\",\"@graph\":[{\"@type\":\"WebSite\",\"@id\":\"https:\/\/atypique.brunotarhan.fr\/#website\",\"url\":\"https:\/\/atypique.brunotarhan.fr\/\",\"name\":\"Atypique Concept Store\",\"description\":\"Just another WordPress site\",\"potentialAction\":[{\"@type\":\"SearchAction\",\"target\":{\"@type\":\"EntryPoint\",\"urlTemplate\":\"https:\/\/atypique.brunotarhan.fr\/?s={search_term_string}\"},\"query-input\":\"required name=search_term_string\"}],\"inLanguage\":\"fr-FR\"},{\"@type\":\"ImageObject\",\"@id\":\"https:\/\/atypique.brunotarhan.fr\/index.php\/produit\/minuit-dans-la-ville-des-songes-grand-formatrene-fregnigallimard\/#primaryimage\",\"inLanguage\":\"fr-FR\",\"url\":\"https:\/\/atypique.brunotarhan.fr\/wp-content\/uploads\/2022\/04\/minuit-dans-la-ville-des-songes.webp\",\"contentUrl\":\"https:\/\/atypique.brunotarhan.fr\/wp-content\/uploads\/2022\/04\/minuit-dans-la-ville-des-songes.webp\",\"width\":342,\"height\":500},{\"@type\":\"WebPage\",\"@id\":\"https:\/\/atypique.brunotarhan.fr\/index.php\/produit\/minuit-dans-la-ville-des-songes-grand-formatrene-fregnigallimard\/#webpage\",\"url\":\"https:\/\/atypique.brunotarhan.fr\/index.php\/produit\/minuit-dans-la-ville-des-songes-grand-formatrene-fregnigallimard\/\",\"name\":\"Minuit dans la ville des songes - Grand Format Ren\u00e9 Fr\u00e9gni Gallimard - Atypique Concept Store\",\"isPartOf\":{\"@id\":\"https:\/\/atypique.brunotarhan.fr\/#website\"},\"primaryImageOfPage\":{\"@id\":\"https:\/\/atypique.brunotarhan.fr\/index.php\/produit\/minuit-dans-la-ville-des-songes-grand-formatrene-fregnigallimard\/#primaryimage\"},\"datePublished\":\"2022-04-25T22:48:11+00:00\",\"dateModified\":\"2022-04-25T22:48:11+00:00\",\"breadcrumb\":{\"@id\":\"https:\/\/atypique.brunotarhan.fr\/index.php\/produit\/minuit-dans-la-ville-des-songes-grand-formatrene-fregnigallimard\/#breadcrumb\"},\"inLanguage\":\"fr-FR\",\"potentialAction\":[{\"@type\":\"ReadAction\",\"target\":[\"https:\/\/atypique.brunotarhan.fr\/index.php\/produit\/minuit-dans-la-ville-des-songes-grand-formatrene-fregnigallimard\/\"]}]},{\"@type\":\"BreadcrumbList\",\"@id\":\"https:\/\/atypique.brunotarhan.fr\/index.php\/produit\/minuit-dans-la-ville-des-songes-grand-formatrene-fregnigallimard\/#breadcrumb\",\"itemListElement\":[{\"@type\":\"ListItem\",\"position\":1,\"name\":\"Accueil\",\"item\":\"https:\/\/atypique.brunotarhan.fr\/\"},{\"@type\":\"ListItem\",\"position\":2,\"name\":\"\"},{\"@type\":\"ListItem\",\"position\":3,\"name\":\"Minuit dans la ville des songes &#8211; Grand Format Ren\u00e9 Fr\u00e9gni Gallimard\"}]}]}<\/script>\n<!-- \/ Yoast SEO plugin. -->","yoast_head_json":{"title":"Minuit dans la ville des songes - Grand Format Ren\u00e9 Fr\u00e9gni Gallimard - Atypique Concept Store","robots":{"index":"index","follow":"follow","max-snippet":"max-snippet:-1","max-image-preview":"max-image-preview:large","max-video-preview":"max-video-preview:-1"},"canonical":"https:\/\/atypique.brunotarhan.fr\/index.php\/produit\/minuit-dans-la-ville-des-songes-grand-formatrene-fregnigallimard\/","og_locale":"fr_FR","og_type":"article","og_title":"Minuit dans la ville des songes - Grand Format Ren\u00e9 Fr\u00e9gni Gallimard - Atypique Concept Store","og_description":"\"J'avais \u00e9t\u00e9 jadis un voyageur insouciant. Je devins un lecteur de grand chemin, toujours aussi r\u00eaveur mais un livre \u00e0 la main. Je lus, adoss\u00e9 \u00e0\u2026","og_url":"https:\/\/atypique.brunotarhan.fr\/index.php\/produit\/minuit-dans-la-ville-des-songes-grand-formatrene-fregnigallimard\/","og_site_name":"Atypique Concept Store","twitter_card":"summary_large_image","twitter_misc":{"Dur\u00e9e de lecture estim\u00e9e":"1 minute"},"schema":{"@context":"https:\/\/schema.org","@graph":[{"@type":"WebSite","@id":"https:\/\/atypique.brunotarhan.fr\/#website","url":"https:\/\/atypique.brunotarhan.fr\/","name":"Atypique Concept Store","description":"Just another WordPress site","potentialAction":[{"@type":"SearchAction","target":{"@type":"EntryPoint","urlTemplate":"https:\/\/atypique.brunotarhan.fr\/?s={search_term_string}"},"query-input":"required name=search_term_string"}],"inLanguage":"fr-FR"},{"@type":"ImageObject","@id":"https:\/\/atypique.brunotarhan.fr\/index.php\/produit\/minuit-dans-la-ville-des-songes-grand-formatrene-fregnigallimard\/#primaryimage","inLanguage":"fr-FR","url":"https:\/\/atypique.brunotarhan.fr\/wp-content\/uploads\/2022\/04\/minuit-dans-la-ville-des-songes.webp","contentUrl":"https:\/\/atypique.brunotarhan.fr\/wp-content\/uploads\/2022\/04\/minuit-dans-la-ville-des-songes.webp","width":342,"height":500},{"@type":"WebPage","@id":"https:\/\/atypique.brunotarhan.fr\/index.php\/produit\/minuit-dans-la-ville-des-songes-grand-formatrene-fregnigallimard\/#webpage","url":"https:\/\/atypique.brunotarhan.fr\/index.php\/produit\/minuit-dans-la-ville-des-songes-grand-formatrene-fregnigallimard\/","name":"Minuit dans la ville des songes - Grand Format Ren\u00e9 Fr\u00e9gni Gallimard - Atypique Concept Store","isPartOf":{"@id":"https:\/\/atypique.brunotarhan.fr\/#website"},"primaryImageOfPage":{"@id":"https:\/\/atypique.brunotarhan.fr\/index.php\/produit\/minuit-dans-la-ville-des-songes-grand-formatrene-fregnigallimard\/#primaryimage"},"datePublished":"2022-04-25T22:48:11+00:00","dateModified":"2022-04-25T22:48:11+00:00","breadcrumb":{"@id":"https:\/\/atypique.brunotarhan.fr\/index.php\/produit\/minuit-dans-la-ville-des-songes-grand-formatrene-fregnigallimard\/#breadcrumb"},"inLanguage":"fr-FR","potentialAction":[{"@type":"ReadAction","target":["https:\/\/atypique.brunotarhan.fr\/index.php\/produit\/minuit-dans-la-ville-des-songes-grand-formatrene-fregnigallimard\/"]}]},{"@type":"BreadcrumbList","@id":"https:\/\/atypique.brunotarhan.fr\/index.php\/produit\/minuit-dans-la-ville-des-songes-grand-formatrene-fregnigallimard\/#breadcrumb","itemListElement":[{"@type":"ListItem","position":1,"name":"Accueil","item":"https:\/\/atypique.brunotarhan.fr\/"},{"@type":"ListItem","position":2,"name":""},{"@type":"ListItem","position":3,"name":"Minuit dans la ville des songes &#8211; Grand Format Ren\u00e9 Fr\u00e9gni Gallimard"}]}]}},"_links":{"self":[{"href":"https:\/\/atypique.brunotarhan.fr\/index.php\/wp-json\/wp\/v2\/product\/16152","targetHints":{"allow":["GET"]}}],"collection":[{"href":"https:\/\/atypique.brunotarhan.fr\/index.php\/wp-json\/wp\/v2\/product"}],"about":[{"href":"https:\/\/atypique.brunotarhan.fr\/index.php\/wp-json\/wp\/v2\/types\/product"}],"replies":[{"embeddable":true,"href":"https:\/\/atypique.brunotarhan.fr\/index.php\/wp-json\/wp\/v2\/comments?post=16152"}],"wp:featuredmedia":[{"embeddable":true,"href":"https:\/\/atypique.brunotarhan.fr\/index.php\/wp-json\/wp\/v2\/media\/15723"}],"wp:attachment":[{"href":"https:\/\/atypique.brunotarhan.fr\/index.php\/wp-json\/wp\/v2\/media?parent=16152"}],"wp:term":[{"taxonomy":"product_cat","embeddable":true,"href":"https:\/\/atypique.brunotarhan.fr\/index.php\/wp-json\/wp\/v2\/product_cat?post=16152"},{"taxonomy":"product_tag","embeddable":true,"href":"https:\/\/atypique.brunotarhan.fr\/index.php\/wp-json\/wp\/v2\/product_tag?post=16152"}],"curies":[{"name":"wp","href":"https:\/\/api.w.org\/{rel}","templated":true}]}}