{"id":16149,"date":"2022-04-25T22:48:10","date_gmt":"2022-04-25T22:48:10","guid":{"rendered":"https:\/\/atypique.brunotarhan.fr\/index.php\/produit\/mes-premieres-chansons-a-la-fermegrund\/"},"modified":"2022-04-25T22:48:10","modified_gmt":"2022-04-25T22:48:10","slug":"mes-premieres-chansons-a-la-fermegrund","status":"publish","type":"product","link":"https:\/\/atypique.brunotarhan.fr\/index.php\/produit\/mes-premieres-chansons-a-la-fermegrund\/","title":{"rendered":"Mes premi\u00e8res chansons \u00e0 la ferme\nGrund"},"content":{"rendered":"<p>A la d\u00e9couverte des animaux de la ferme en musique ! Avec ses puces sonores musicales, ce recueil est unique. Sur chaque page, l&#8217;enfant recherche dans l&#8217;illustration le petit bouton qui d\u00e9clenchera la musique. Bienvenue \u00e0 la ferme o\u00f9 l&#8217;on chante : Dans la ferme de Mathurin ; Mon petit lapin ; Un dindon se dandinait ; Le canard a dit \u00e0 sa cane ; La laine des moutons ; Une petite poule grise ! Les illustrations gaies et color\u00e9es de Gw\u00e9 accompagnent cette escapade musicale \u00e0 la ferme.<\/p>\n","protected":false},"excerpt":{"rendered":"<p>A la d\u00e9couverte des animaux de la ferme en musique !<\/p>\n","protected":false},"featured_media":15898,"comment_status":"open","ping_status":"closed","template":"","meta":[],"product_cat":[93,220],"product_tag":[692,353,691],"class_list":["post-16149","product","type-product","status-publish","has-post-thumbnail","hentry","product_cat-librairie","product_cat-livres-enfants","product_tag-grund","product_tag-livre-enfant","product_tag-mes-premieres-chansons"],"yoast_head":"<!-- This site is optimized with the Yoast SEO plugin v18.0 - https:\/\/yoast.com\/wordpress\/plugins\/seo\/ -->\n<title>Mes premi\u00e8res chansons \u00e0 la ferme Grund - Atypique Concept Store<\/title>\n<meta name=\"robots\" content=\"index, follow, max-snippet:-1, max-image-preview:large, max-video-preview:-1\" \/>\n<link rel=\"canonical\" href=\"https:\/\/atypique.brunotarhan.fr\/index.php\/produit\/mes-premieres-chansons-a-la-fermegrund\/\" \/>\n<meta property=\"og:locale\" content=\"fr_FR\" \/>\n<meta property=\"og:type\" content=\"article\" \/>\n<meta property=\"og:title\" content=\"Mes premi\u00e8res chansons \u00e0 la ferme Grund - Atypique Concept Store\" \/>\n<meta property=\"og:description\" content=\"A la d\u00e9couverte des animaux de la ferme en musique !\" \/>\n<meta property=\"og:url\" content=\"https:\/\/atypique.brunotarhan.fr\/index.php\/produit\/mes-premieres-chansons-a-la-fermegrund\/\" \/>\n<meta property=\"og:site_name\" content=\"Atypique Concept Store\" \/>\n<meta name=\"twitter:card\" content=\"summary_large_image\" \/>\n<script type=\"application\/ld+json\" class=\"yoast-schema-graph\">{\"@context\":\"https:\/\/schema.org\",\"@graph\":[{\"@type\":\"WebSite\",\"@id\":\"https:\/\/atypique.brunotarhan.fr\/#website\",\"url\":\"https:\/\/atypique.brunotarhan.fr\/\",\"name\":\"Atypique Concept Store\",\"description\":\"Just another WordPress site\",\"potentialAction\":[{\"@type\":\"SearchAction\",\"target\":{\"@type\":\"EntryPoint\",\"urlTemplate\":\"https:\/\/atypique.brunotarhan.fr\/?s={search_term_string}\"},\"query-input\":\"required name=search_term_string\"}],\"inLanguage\":\"fr-FR\"},{\"@type\":\"ImageObject\",\"@id\":\"https:\/\/atypique.brunotarhan.fr\/index.php\/produit\/mes-premieres-chansons-a-la-fermegrund\/#primaryimage\",\"inLanguage\":\"fr-FR\",\"url\":\"https:\/\/atypique.brunotarhan.fr\/wp-content\/uploads\/2022\/04\/mes-premieres-chansons-a-la-ferme.webp\",\"contentUrl\":\"https:\/\/atypique.brunotarhan.fr\/wp-content\/uploads\/2022\/04\/mes-premieres-chansons-a-la-ferme.webp\",\"width\":200,\"height\":219},{\"@type\":\"WebPage\",\"@id\":\"https:\/\/atypique.brunotarhan.fr\/index.php\/produit\/mes-premieres-chansons-a-la-fermegrund\/#webpage\",\"url\":\"https:\/\/atypique.brunotarhan.fr\/index.php\/produit\/mes-premieres-chansons-a-la-fermegrund\/\",\"name\":\"Mes premi\u00e8res chansons \u00e0 la ferme Grund - Atypique Concept Store\",\"isPartOf\":{\"@id\":\"https:\/\/atypique.brunotarhan.fr\/#website\"},\"primaryImageOfPage\":{\"@id\":\"https:\/\/atypique.brunotarhan.fr\/index.php\/produit\/mes-premieres-chansons-a-la-fermegrund\/#primaryimage\"},\"datePublished\":\"2022-04-25T22:48:10+00:00\",\"dateModified\":\"2022-04-25T22:48:10+00:00\",\"breadcrumb\":{\"@id\":\"https:\/\/atypique.brunotarhan.fr\/index.php\/produit\/mes-premieres-chansons-a-la-fermegrund\/#breadcrumb\"},\"inLanguage\":\"fr-FR\",\"potentialAction\":[{\"@type\":\"ReadAction\",\"target\":[\"https:\/\/atypique.brunotarhan.fr\/index.php\/produit\/mes-premieres-chansons-a-la-fermegrund\/\"]}]},{\"@type\":\"BreadcrumbList\",\"@id\":\"https:\/\/atypique.brunotarhan.fr\/index.php\/produit\/mes-premieres-chansons-a-la-fermegrund\/#breadcrumb\",\"itemListElement\":[{\"@type\":\"ListItem\",\"position\":1,\"name\":\"Accueil\",\"item\":\"https:\/\/atypique.brunotarhan.fr\/\"},{\"@type\":\"ListItem\",\"position\":2,\"name\":\"\"},{\"@type\":\"ListItem\",\"position\":3,\"name\":\"Mes premi\u00e8res chansons \u00e0 la ferme Grund\"}]}]}<\/script>\n<!-- \/ Yoast SEO plugin. -->","yoast_head_json":{"title":"Mes premi\u00e8res chansons \u00e0 la ferme Grund - Atypique Concept Store","robots":{"index":"index","follow":"follow","max-snippet":"max-snippet:-1","max-image-preview":"max-image-preview:large","max-video-preview":"max-video-preview:-1"},"canonical":"https:\/\/atypique.brunotarhan.fr\/index.php\/produit\/mes-premieres-chansons-a-la-fermegrund\/","og_locale":"fr_FR","og_type":"article","og_title":"Mes premi\u00e8res chansons \u00e0 la ferme Grund - Atypique Concept Store","og_description":"A la d\u00e9couverte des animaux de la ferme en musique !","og_url":"https:\/\/atypique.brunotarhan.fr\/index.php\/produit\/mes-premieres-chansons-a-la-fermegrund\/","og_site_name":"Atypique Concept Store","twitter_card":"summary_large_image","schema":{"@context":"https:\/\/schema.org","@graph":[{"@type":"WebSite","@id":"https:\/\/atypique.brunotarhan.fr\/#website","url":"https:\/\/atypique.brunotarhan.fr\/","name":"Atypique Concept Store","description":"Just another WordPress site","potentialAction":[{"@type":"SearchAction","target":{"@type":"EntryPoint","urlTemplate":"https:\/\/atypique.brunotarhan.fr\/?s={search_term_string}"},"query-input":"required name=search_term_string"}],"inLanguage":"fr-FR"},{"@type":"ImageObject","@id":"https:\/\/atypique.brunotarhan.fr\/index.php\/produit\/mes-premieres-chansons-a-la-fermegrund\/#primaryimage","inLanguage":"fr-FR","url":"https:\/\/atypique.brunotarhan.fr\/wp-content\/uploads\/2022\/04\/mes-premieres-chansons-a-la-ferme.webp","contentUrl":"https:\/\/atypique.brunotarhan.fr\/wp-content\/uploads\/2022\/04\/mes-premieres-chansons-a-la-ferme.webp","width":200,"height":219},{"@type":"WebPage","@id":"https:\/\/atypique.brunotarhan.fr\/index.php\/produit\/mes-premieres-chansons-a-la-fermegrund\/#webpage","url":"https:\/\/atypique.brunotarhan.fr\/index.php\/produit\/mes-premieres-chansons-a-la-fermegrund\/","name":"Mes premi\u00e8res chansons \u00e0 la ferme Grund - Atypique Concept Store","isPartOf":{"@id":"https:\/\/atypique.brunotarhan.fr\/#website"},"primaryImageOfPage":{"@id":"https:\/\/atypique.brunotarhan.fr\/index.php\/produit\/mes-premieres-chansons-a-la-fermegrund\/#primaryimage"},"datePublished":"2022-04-25T22:48:10+00:00","dateModified":"2022-04-25T22:48:10+00:00","breadcrumb":{"@id":"https:\/\/atypique.brunotarhan.fr\/index.php\/produit\/mes-premieres-chansons-a-la-fermegrund\/#breadcrumb"},"inLanguage":"fr-FR","potentialAction":[{"@type":"ReadAction","target":["https:\/\/atypique.brunotarhan.fr\/index.php\/produit\/mes-premieres-chansons-a-la-fermegrund\/"]}]},{"@type":"BreadcrumbList","@id":"https:\/\/atypique.brunotarhan.fr\/index.php\/produit\/mes-premieres-chansons-a-la-fermegrund\/#breadcrumb","itemListElement":[{"@type":"ListItem","position":1,"name":"Accueil","item":"https:\/\/atypique.brunotarhan.fr\/"},{"@type":"ListItem","position":2,"name":""},{"@type":"ListItem","position":3,"name":"Mes premi\u00e8res chansons \u00e0 la ferme Grund"}]}]}},"_links":{"self":[{"href":"https:\/\/atypique.brunotarhan.fr\/index.php\/wp-json\/wp\/v2\/product\/16149","targetHints":{"allow":["GET"]}}],"collection":[{"href":"https:\/\/atypique.brunotarhan.fr\/index.php\/wp-json\/wp\/v2\/product"}],"about":[{"href":"https:\/\/atypique.brunotarhan.fr\/index.php\/wp-json\/wp\/v2\/types\/product"}],"replies":[{"embeddable":true,"href":"https:\/\/atypique.brunotarhan.fr\/index.php\/wp-json\/wp\/v2\/comments?post=16149"}],"wp:featuredmedia":[{"embeddable":true,"href":"https:\/\/atypique.brunotarhan.fr\/index.php\/wp-json\/wp\/v2\/media\/15898"}],"wp:attachment":[{"href":"https:\/\/atypique.brunotarhan.fr\/index.php\/wp-json\/wp\/v2\/media?parent=16149"}],"wp:term":[{"taxonomy":"product_cat","embeddable":true,"href":"https:\/\/atypique.brunotarhan.fr\/index.php\/wp-json\/wp\/v2\/product_cat?post=16149"},{"taxonomy":"product_tag","embeddable":true,"href":"https:\/\/atypique.brunotarhan.fr\/index.php\/wp-json\/wp\/v2\/product_tag?post=16149"}],"curies":[{"name":"wp","href":"https:\/\/api.w.org\/{rel}","templated":true}]}}