{"id":16138,"date":"2022-04-25T22:48:07","date_gmt":"2022-04-25T22:48:07","guid":{"rendered":"https:\/\/atypique.brunotarhan.fr\/index.php\/produit\/lolirock-tome-25-pocheune-alliance-inattenduevanessa-rubio-barreauhachette-jeunesse\/"},"modified":"2022-04-25T22:48:07","modified_gmt":"2022-04-25T22:48:07","slug":"lolirock-tome-25-pocheune-alliance-inattenduevanessa-rubio-barreauhachette-jeunesse","status":"publish","type":"product","link":"https:\/\/atypique.brunotarhan.fr\/index.php\/produit\/lolirock-tome-25-pocheune-alliance-inattenduevanessa-rubio-barreauhachette-jeunesse\/","title":{"rendered":"LoliRock Tome 25 &#8211; Poche\nUne alliance inattendue\nVanessa Rubio-Barreau\nHachette jeunesse"},"content":{"rendered":"<p>Les jumeaux mal\u00e9fiques ont mis au point un nouveau plan : s&#8217;emparer des saphirs d&#8217;Eph\u00e9dia en sauvant des Terriens en d\u00e9tresse, \u00e0 la mani\u00e8re des LoliRock ! Mais cela finit par se retourner contre eux : Praxina se retrouve prisonni\u00e8re du monstre qu&#8217;ils ont cr\u00e9\u00e9 ! Les princesses accepteront-elles d&#8217;aider M\u00e9phisto \u00e0 sauver sa soeur ?<\/p>\n","protected":false},"excerpt":{"rendered":"<p>Les jumeaux mal\u00e9fiques ont mis au point un nouveau plan : s&#8217;emparer des saphirs d&#8217;Eph\u00e9dia en sauvant des Terriens en d\u00e9tresse, \u00e0 la mani\u00e8re des LoliRock\u2026<\/p>\n","protected":false},"featured_media":15888,"comment_status":"open","ping_status":"closed","template":"","meta":[],"product_cat":[93,220],"product_tag":[282,479,353,654,655,656],"class_list":["post-16138","product","type-product","status-publish","has-post-thumbnail","hentry","product_cat-librairie","product_cat-livres-enfants","product_tag-bibliotheque-rose","product_tag-hachette-jeunesse","product_tag-livre-enfant","product_tag-lolirock-tome-25","product_tag-une-alliance-inattendue","product_tag-vanessa-rubio-barreau"],"yoast_head":"<!-- This site is optimized with the Yoast SEO plugin v18.0 - https:\/\/yoast.com\/wordpress\/plugins\/seo\/ -->\n<title>LoliRock Tome 25 - Poche Une alliance inattendue Vanessa Rubio-Barreau Hachette jeunesse - Atypique Concept Store<\/title>\n<meta name=\"robots\" content=\"index, follow, max-snippet:-1, max-image-preview:large, max-video-preview:-1\" \/>\n<link rel=\"canonical\" href=\"https:\/\/atypique.brunotarhan.fr\/index.php\/produit\/lolirock-tome-25-pocheune-alliance-inattenduevanessa-rubio-barreauhachette-jeunesse\/\" \/>\n<meta property=\"og:locale\" content=\"fr_FR\" \/>\n<meta property=\"og:type\" content=\"article\" \/>\n<meta property=\"og:title\" content=\"LoliRock Tome 25 - Poche Une alliance inattendue Vanessa Rubio-Barreau Hachette jeunesse - Atypique Concept Store\" \/>\n<meta property=\"og:description\" content=\"Les jumeaux mal\u00e9fiques ont mis au point un nouveau plan : s&#039;emparer des saphirs d&#039;Eph\u00e9dia en sauvant des Terriens en d\u00e9tresse, \u00e0 la mani\u00e8re des LoliRock\u2026\" \/>\n<meta property=\"og:url\" content=\"https:\/\/atypique.brunotarhan.fr\/index.php\/produit\/lolirock-tome-25-pocheune-alliance-inattenduevanessa-rubio-barreauhachette-jeunesse\/\" \/>\n<meta property=\"og:site_name\" content=\"Atypique Concept Store\" \/>\n<meta name=\"twitter:card\" content=\"summary_large_image\" \/>\n<script type=\"application\/ld+json\" class=\"yoast-schema-graph\">{\"@context\":\"https:\/\/schema.org\",\"@graph\":[{\"@type\":\"WebSite\",\"@id\":\"https:\/\/atypique.brunotarhan.fr\/#website\",\"url\":\"https:\/\/atypique.brunotarhan.fr\/\",\"name\":\"Atypique Concept Store\",\"description\":\"Just another WordPress site\",\"potentialAction\":[{\"@type\":\"SearchAction\",\"target\":{\"@type\":\"EntryPoint\",\"urlTemplate\":\"https:\/\/atypique.brunotarhan.fr\/?s={search_term_string}\"},\"query-input\":\"required name=search_term_string\"}],\"inLanguage\":\"fr-FR\"},{\"@type\":\"ImageObject\",\"@id\":\"https:\/\/atypique.brunotarhan.fr\/index.php\/produit\/lolirock-tome-25-pocheune-alliance-inattenduevanessa-rubio-barreauhachette-jeunesse\/#primaryimage\",\"inLanguage\":\"fr-FR\",\"url\":\"https:\/\/atypique.brunotarhan.fr\/wp-content\/uploads\/2022\/04\/lolirock-t25.webp\",\"contentUrl\":\"https:\/\/atypique.brunotarhan.fr\/wp-content\/uploads\/2022\/04\/lolirock-t25.webp\",\"width\":351,\"height\":500},{\"@type\":\"WebPage\",\"@id\":\"https:\/\/atypique.brunotarhan.fr\/index.php\/produit\/lolirock-tome-25-pocheune-alliance-inattenduevanessa-rubio-barreauhachette-jeunesse\/#webpage\",\"url\":\"https:\/\/atypique.brunotarhan.fr\/index.php\/produit\/lolirock-tome-25-pocheune-alliance-inattenduevanessa-rubio-barreauhachette-jeunesse\/\",\"name\":\"LoliRock Tome 25 - Poche Une alliance inattendue Vanessa Rubio-Barreau Hachette jeunesse - Atypique Concept Store\",\"isPartOf\":{\"@id\":\"https:\/\/atypique.brunotarhan.fr\/#website\"},\"primaryImageOfPage\":{\"@id\":\"https:\/\/atypique.brunotarhan.fr\/index.php\/produit\/lolirock-tome-25-pocheune-alliance-inattenduevanessa-rubio-barreauhachette-jeunesse\/#primaryimage\"},\"datePublished\":\"2022-04-25T22:48:07+00:00\",\"dateModified\":\"2022-04-25T22:48:07+00:00\",\"breadcrumb\":{\"@id\":\"https:\/\/atypique.brunotarhan.fr\/index.php\/produit\/lolirock-tome-25-pocheune-alliance-inattenduevanessa-rubio-barreauhachette-jeunesse\/#breadcrumb\"},\"inLanguage\":\"fr-FR\",\"potentialAction\":[{\"@type\":\"ReadAction\",\"target\":[\"https:\/\/atypique.brunotarhan.fr\/index.php\/produit\/lolirock-tome-25-pocheune-alliance-inattenduevanessa-rubio-barreauhachette-jeunesse\/\"]}]},{\"@type\":\"BreadcrumbList\",\"@id\":\"https:\/\/atypique.brunotarhan.fr\/index.php\/produit\/lolirock-tome-25-pocheune-alliance-inattenduevanessa-rubio-barreauhachette-jeunesse\/#breadcrumb\",\"itemListElement\":[{\"@type\":\"ListItem\",\"position\":1,\"name\":\"Accueil\",\"item\":\"https:\/\/atypique.brunotarhan.fr\/\"},{\"@type\":\"ListItem\",\"position\":2,\"name\":\"\"},{\"@type\":\"ListItem\",\"position\":3,\"name\":\"LoliRock Tome 25 &#8211; Poche Une alliance inattendue Vanessa Rubio-Barreau Hachette jeunesse\"}]}]}<\/script>\n<!-- \/ Yoast SEO plugin. -->","yoast_head_json":{"title":"LoliRock Tome 25 - Poche Une alliance inattendue Vanessa Rubio-Barreau Hachette jeunesse - Atypique Concept Store","robots":{"index":"index","follow":"follow","max-snippet":"max-snippet:-1","max-image-preview":"max-image-preview:large","max-video-preview":"max-video-preview:-1"},"canonical":"https:\/\/atypique.brunotarhan.fr\/index.php\/produit\/lolirock-tome-25-pocheune-alliance-inattenduevanessa-rubio-barreauhachette-jeunesse\/","og_locale":"fr_FR","og_type":"article","og_title":"LoliRock Tome 25 - Poche Une alliance inattendue Vanessa Rubio-Barreau Hachette jeunesse - Atypique Concept Store","og_description":"Les jumeaux mal\u00e9fiques ont mis au point un nouveau plan : s'emparer des saphirs d'Eph\u00e9dia en sauvant des Terriens en d\u00e9tresse, \u00e0 la mani\u00e8re des LoliRock\u2026","og_url":"https:\/\/atypique.brunotarhan.fr\/index.php\/produit\/lolirock-tome-25-pocheune-alliance-inattenduevanessa-rubio-barreauhachette-jeunesse\/","og_site_name":"Atypique Concept Store","twitter_card":"summary_large_image","schema":{"@context":"https:\/\/schema.org","@graph":[{"@type":"WebSite","@id":"https:\/\/atypique.brunotarhan.fr\/#website","url":"https:\/\/atypique.brunotarhan.fr\/","name":"Atypique Concept Store","description":"Just another WordPress site","potentialAction":[{"@type":"SearchAction","target":{"@type":"EntryPoint","urlTemplate":"https:\/\/atypique.brunotarhan.fr\/?s={search_term_string}"},"query-input":"required name=search_term_string"}],"inLanguage":"fr-FR"},{"@type":"ImageObject","@id":"https:\/\/atypique.brunotarhan.fr\/index.php\/produit\/lolirock-tome-25-pocheune-alliance-inattenduevanessa-rubio-barreauhachette-jeunesse\/#primaryimage","inLanguage":"fr-FR","url":"https:\/\/atypique.brunotarhan.fr\/wp-content\/uploads\/2022\/04\/lolirock-t25.webp","contentUrl":"https:\/\/atypique.brunotarhan.fr\/wp-content\/uploads\/2022\/04\/lolirock-t25.webp","width":351,"height":500},{"@type":"WebPage","@id":"https:\/\/atypique.brunotarhan.fr\/index.php\/produit\/lolirock-tome-25-pocheune-alliance-inattenduevanessa-rubio-barreauhachette-jeunesse\/#webpage","url":"https:\/\/atypique.brunotarhan.fr\/index.php\/produit\/lolirock-tome-25-pocheune-alliance-inattenduevanessa-rubio-barreauhachette-jeunesse\/","name":"LoliRock Tome 25 - Poche Une alliance inattendue Vanessa Rubio-Barreau Hachette jeunesse - Atypique Concept Store","isPartOf":{"@id":"https:\/\/atypique.brunotarhan.fr\/#website"},"primaryImageOfPage":{"@id":"https:\/\/atypique.brunotarhan.fr\/index.php\/produit\/lolirock-tome-25-pocheune-alliance-inattenduevanessa-rubio-barreauhachette-jeunesse\/#primaryimage"},"datePublished":"2022-04-25T22:48:07+00:00","dateModified":"2022-04-25T22:48:07+00:00","breadcrumb":{"@id":"https:\/\/atypique.brunotarhan.fr\/index.php\/produit\/lolirock-tome-25-pocheune-alliance-inattenduevanessa-rubio-barreauhachette-jeunesse\/#breadcrumb"},"inLanguage":"fr-FR","potentialAction":[{"@type":"ReadAction","target":["https:\/\/atypique.brunotarhan.fr\/index.php\/produit\/lolirock-tome-25-pocheune-alliance-inattenduevanessa-rubio-barreauhachette-jeunesse\/"]}]},{"@type":"BreadcrumbList","@id":"https:\/\/atypique.brunotarhan.fr\/index.php\/produit\/lolirock-tome-25-pocheune-alliance-inattenduevanessa-rubio-barreauhachette-jeunesse\/#breadcrumb","itemListElement":[{"@type":"ListItem","position":1,"name":"Accueil","item":"https:\/\/atypique.brunotarhan.fr\/"},{"@type":"ListItem","position":2,"name":""},{"@type":"ListItem","position":3,"name":"LoliRock Tome 25 &#8211; Poche Une alliance inattendue Vanessa Rubio-Barreau Hachette jeunesse"}]}]}},"_links":{"self":[{"href":"https:\/\/atypique.brunotarhan.fr\/index.php\/wp-json\/wp\/v2\/product\/16138","targetHints":{"allow":["GET"]}}],"collection":[{"href":"https:\/\/atypique.brunotarhan.fr\/index.php\/wp-json\/wp\/v2\/product"}],"about":[{"href":"https:\/\/atypique.brunotarhan.fr\/index.php\/wp-json\/wp\/v2\/types\/product"}],"replies":[{"embeddable":true,"href":"https:\/\/atypique.brunotarhan.fr\/index.php\/wp-json\/wp\/v2\/comments?post=16138"}],"wp:featuredmedia":[{"embeddable":true,"href":"https:\/\/atypique.brunotarhan.fr\/index.php\/wp-json\/wp\/v2\/media\/15888"}],"wp:attachment":[{"href":"https:\/\/atypique.brunotarhan.fr\/index.php\/wp-json\/wp\/v2\/media?parent=16138"}],"wp:term":[{"taxonomy":"product_cat","embeddable":true,"href":"https:\/\/atypique.brunotarhan.fr\/index.php\/wp-json\/wp\/v2\/product_cat?post=16138"},{"taxonomy":"product_tag","embeddable":true,"href":"https:\/\/atypique.brunotarhan.fr\/index.php\/wp-json\/wp\/v2\/product_tag?post=16138"}],"curies":[{"name":"wp","href":"https:\/\/api.w.org\/{rel}","templated":true}]}}