{"id":16125,"date":"2022-04-25T22:48:00","date_gmt":"2022-04-25T22:48:00","guid":{"rendered":"https:\/\/atypique.brunotarhan.fr\/index.php\/produit\/les-quatre-accords-tolteques-la-voie-de-la-liberte-personnelle-pochemiguel-ruizjouvence\/"},"modified":"2022-04-25T22:48:00","modified_gmt":"2022-04-25T22:48:00","slug":"les-quatre-accords-tolteques-la-voie-de-la-liberte-personnelle-pochemiguel-ruizjouvence","status":"publish","type":"product","link":"https:\/\/atypique.brunotarhan.fr\/index.php\/produit\/les-quatre-accords-tolteques-la-voie-de-la-liberte-personnelle-pochemiguel-ruizjouvence\/","title":{"rendered":"Les quatre accords tolt\u00e8ques &#8211; La voie de la libert\u00e9 personnelle &#8211; Poche\nMiguel Ruiz\nJouvence"},"content":{"rendered":"<p>&#8220;A chaque fois que vous le lisez, ce n&#8217;est pas le livre qui a chang\u00e9, mais vous.&#8221; Don Miguel Ruiz. Castaneda a fait d\u00e9couvrir au grand public les enseignements des chamans mexicains qui ont pour origine la tradition tolt\u00e8que, gardienne des connaissances de Quetzacoatl, le serpent \u00e0 plumes. Dans ce livre, Don Miguel r\u00e9v\u00e8le la source des croyances limitatrices qui nous privent de joie et cr\u00e9ent des souffrances inutiles.<br \/>\nIl montre en des termes tr\u00e8s simples comment on peut se lib\u00e9rer du conditionnement collectif &#8211; le &#8220;r\u00eave de la plan\u00e8te&#8221;, bas\u00e9 sur la peur &#8211; afin de retrouver la dimension d&#8217;amour inconditionnel qui est \u00e0 notre origine et constitue le fondement des enseignements tolt\u00e8ques. Les Quatre Accords proposent un puissant code de conduite capable de transformer rapidement notre vie en une exp\u00e9rience de libert\u00e9, de vrai bonheur et d&#8217;amour.<br \/>\nLe monde fascinant de la Connaissance v\u00e9ritable et incarn\u00e9e est enfin \u00e0 la port\u00e9e de chacun.<\/p>\n","protected":false},"excerpt":{"rendered":"<p>&#8220;A chaque fois que vous le lisez, ce n&#8217;est pas le livre qui a chang\u00e9, mais vous.&#8221; Don Miguel Ruiz. Castaneda a fait d\u00e9couvrir au grand public les enseignements\u2026<\/p>\n","protected":false},"featured_media":15875,"comment_status":"open","ping_status":"closed","template":"","meta":[],"product_cat":[93,294],"product_tag":[536,468,620,465,342],"class_list":["post-16125","product","type-product","status-publish","has-post-thumbnail","hentry","product_cat-librairie","product_cat-vie-pratique","product_tag-bien-etre","product_tag-jouvence","product_tag-les-quatre-accords-tolteques-la-voie-de-la-liberte-personnelle","product_tag-miguel-ruiz","product_tag-vie-pratique"],"yoast_head":"<!-- This site is optimized with the Yoast SEO plugin v18.0 - https:\/\/yoast.com\/wordpress\/plugins\/seo\/ -->\n<title>Les quatre accords tolt\u00e8ques - La voie de la libert\u00e9 personnelle - Poche Miguel Ruiz Jouvence - Atypique Concept Store<\/title>\n<meta name=\"robots\" content=\"index, follow, max-snippet:-1, max-image-preview:large, max-video-preview:-1\" \/>\n<link rel=\"canonical\" href=\"https:\/\/atypique.brunotarhan.fr\/index.php\/produit\/les-quatre-accords-tolteques-la-voie-de-la-liberte-personnelle-pochemiguel-ruizjouvence\/\" \/>\n<meta property=\"og:locale\" content=\"fr_FR\" \/>\n<meta property=\"og:type\" content=\"article\" \/>\n<meta property=\"og:title\" content=\"Les quatre accords tolt\u00e8ques - La voie de la libert\u00e9 personnelle - Poche Miguel Ruiz Jouvence - Atypique Concept Store\" \/>\n<meta property=\"og:description\" content=\"&quot;A chaque fois que vous le lisez, ce n&#039;est pas le livre qui a chang\u00e9, mais vous.&quot; Don Miguel Ruiz. Castaneda a fait d\u00e9couvrir au grand public les enseignements\u2026\" \/>\n<meta property=\"og:url\" content=\"https:\/\/atypique.brunotarhan.fr\/index.php\/produit\/les-quatre-accords-tolteques-la-voie-de-la-liberte-personnelle-pochemiguel-ruizjouvence\/\" \/>\n<meta property=\"og:site_name\" content=\"Atypique Concept Store\" \/>\n<meta name=\"twitter:card\" content=\"summary_large_image\" \/>\n<meta name=\"twitter:label1\" content=\"Dur\u00e9e de lecture estim\u00e9e\" \/>\n\t<meta name=\"twitter:data1\" content=\"1 minute\" \/>\n<script type=\"application\/ld+json\" class=\"yoast-schema-graph\">{\"@context\":\"https:\/\/schema.org\",\"@graph\":[{\"@type\":\"WebSite\",\"@id\":\"https:\/\/atypique.brunotarhan.fr\/#website\",\"url\":\"https:\/\/atypique.brunotarhan.fr\/\",\"name\":\"Atypique Concept Store\",\"description\":\"Just another WordPress site\",\"potentialAction\":[{\"@type\":\"SearchAction\",\"target\":{\"@type\":\"EntryPoint\",\"urlTemplate\":\"https:\/\/atypique.brunotarhan.fr\/?s={search_term_string}\"},\"query-input\":\"required name=search_term_string\"}],\"inLanguage\":\"fr-FR\"},{\"@type\":\"ImageObject\",\"@id\":\"https:\/\/atypique.brunotarhan.fr\/index.php\/produit\/les-quatre-accords-tolteques-la-voie-de-la-liberte-personnelle-pochemiguel-ruizjouvence\/#primaryimage\",\"inLanguage\":\"fr-FR\",\"url\":\"https:\/\/atypique.brunotarhan.fr\/wp-content\/uploads\/2022\/04\/les-quatre-accords-tolteques.webp\",\"contentUrl\":\"https:\/\/atypique.brunotarhan.fr\/wp-content\/uploads\/2022\/04\/les-quatre-accords-tolteques.webp\",\"width\":309,\"height\":500},{\"@type\":\"WebPage\",\"@id\":\"https:\/\/atypique.brunotarhan.fr\/index.php\/produit\/les-quatre-accords-tolteques-la-voie-de-la-liberte-personnelle-pochemiguel-ruizjouvence\/#webpage\",\"url\":\"https:\/\/atypique.brunotarhan.fr\/index.php\/produit\/les-quatre-accords-tolteques-la-voie-de-la-liberte-personnelle-pochemiguel-ruizjouvence\/\",\"name\":\"Les quatre accords tolt\u00e8ques - La voie de la libert\u00e9 personnelle - Poche Miguel Ruiz Jouvence - Atypique Concept Store\",\"isPartOf\":{\"@id\":\"https:\/\/atypique.brunotarhan.fr\/#website\"},\"primaryImageOfPage\":{\"@id\":\"https:\/\/atypique.brunotarhan.fr\/index.php\/produit\/les-quatre-accords-tolteques-la-voie-de-la-liberte-personnelle-pochemiguel-ruizjouvence\/#primaryimage\"},\"datePublished\":\"2022-04-25T22:48:00+00:00\",\"dateModified\":\"2022-04-25T22:48:00+00:00\",\"breadcrumb\":{\"@id\":\"https:\/\/atypique.brunotarhan.fr\/index.php\/produit\/les-quatre-accords-tolteques-la-voie-de-la-liberte-personnelle-pochemiguel-ruizjouvence\/#breadcrumb\"},\"inLanguage\":\"fr-FR\",\"potentialAction\":[{\"@type\":\"ReadAction\",\"target\":[\"https:\/\/atypique.brunotarhan.fr\/index.php\/produit\/les-quatre-accords-tolteques-la-voie-de-la-liberte-personnelle-pochemiguel-ruizjouvence\/\"]}]},{\"@type\":\"BreadcrumbList\",\"@id\":\"https:\/\/atypique.brunotarhan.fr\/index.php\/produit\/les-quatre-accords-tolteques-la-voie-de-la-liberte-personnelle-pochemiguel-ruizjouvence\/#breadcrumb\",\"itemListElement\":[{\"@type\":\"ListItem\",\"position\":1,\"name\":\"Accueil\",\"item\":\"https:\/\/atypique.brunotarhan.fr\/\"},{\"@type\":\"ListItem\",\"position\":2,\"name\":\"\"},{\"@type\":\"ListItem\",\"position\":3,\"name\":\"Les quatre accords tolt\u00e8ques &#8211; La voie de la libert\u00e9 personnelle &#8211; Poche Miguel Ruiz Jouvence\"}]}]}<\/script>\n<!-- \/ Yoast SEO plugin. -->","yoast_head_json":{"title":"Les quatre accords tolt\u00e8ques - La voie de la libert\u00e9 personnelle - Poche Miguel Ruiz Jouvence - Atypique Concept Store","robots":{"index":"index","follow":"follow","max-snippet":"max-snippet:-1","max-image-preview":"max-image-preview:large","max-video-preview":"max-video-preview:-1"},"canonical":"https:\/\/atypique.brunotarhan.fr\/index.php\/produit\/les-quatre-accords-tolteques-la-voie-de-la-liberte-personnelle-pochemiguel-ruizjouvence\/","og_locale":"fr_FR","og_type":"article","og_title":"Les quatre accords tolt\u00e8ques - La voie de la libert\u00e9 personnelle - Poche Miguel Ruiz Jouvence - Atypique Concept Store","og_description":"\"A chaque fois que vous le lisez, ce n'est pas le livre qui a chang\u00e9, mais vous.\" Don Miguel Ruiz. Castaneda a fait d\u00e9couvrir au grand public les enseignements\u2026","og_url":"https:\/\/atypique.brunotarhan.fr\/index.php\/produit\/les-quatre-accords-tolteques-la-voie-de-la-liberte-personnelle-pochemiguel-ruizjouvence\/","og_site_name":"Atypique Concept Store","twitter_card":"summary_large_image","twitter_misc":{"Dur\u00e9e de lecture estim\u00e9e":"1 minute"},"schema":{"@context":"https:\/\/schema.org","@graph":[{"@type":"WebSite","@id":"https:\/\/atypique.brunotarhan.fr\/#website","url":"https:\/\/atypique.brunotarhan.fr\/","name":"Atypique Concept Store","description":"Just another WordPress site","potentialAction":[{"@type":"SearchAction","target":{"@type":"EntryPoint","urlTemplate":"https:\/\/atypique.brunotarhan.fr\/?s={search_term_string}"},"query-input":"required name=search_term_string"}],"inLanguage":"fr-FR"},{"@type":"ImageObject","@id":"https:\/\/atypique.brunotarhan.fr\/index.php\/produit\/les-quatre-accords-tolteques-la-voie-de-la-liberte-personnelle-pochemiguel-ruizjouvence\/#primaryimage","inLanguage":"fr-FR","url":"https:\/\/atypique.brunotarhan.fr\/wp-content\/uploads\/2022\/04\/les-quatre-accords-tolteques.webp","contentUrl":"https:\/\/atypique.brunotarhan.fr\/wp-content\/uploads\/2022\/04\/les-quatre-accords-tolteques.webp","width":309,"height":500},{"@type":"WebPage","@id":"https:\/\/atypique.brunotarhan.fr\/index.php\/produit\/les-quatre-accords-tolteques-la-voie-de-la-liberte-personnelle-pochemiguel-ruizjouvence\/#webpage","url":"https:\/\/atypique.brunotarhan.fr\/index.php\/produit\/les-quatre-accords-tolteques-la-voie-de-la-liberte-personnelle-pochemiguel-ruizjouvence\/","name":"Les quatre accords tolt\u00e8ques - La voie de la libert\u00e9 personnelle - Poche Miguel Ruiz Jouvence - Atypique Concept Store","isPartOf":{"@id":"https:\/\/atypique.brunotarhan.fr\/#website"},"primaryImageOfPage":{"@id":"https:\/\/atypique.brunotarhan.fr\/index.php\/produit\/les-quatre-accords-tolteques-la-voie-de-la-liberte-personnelle-pochemiguel-ruizjouvence\/#primaryimage"},"datePublished":"2022-04-25T22:48:00+00:00","dateModified":"2022-04-25T22:48:00+00:00","breadcrumb":{"@id":"https:\/\/atypique.brunotarhan.fr\/index.php\/produit\/les-quatre-accords-tolteques-la-voie-de-la-liberte-personnelle-pochemiguel-ruizjouvence\/#breadcrumb"},"inLanguage":"fr-FR","potentialAction":[{"@type":"ReadAction","target":["https:\/\/atypique.brunotarhan.fr\/index.php\/produit\/les-quatre-accords-tolteques-la-voie-de-la-liberte-personnelle-pochemiguel-ruizjouvence\/"]}]},{"@type":"BreadcrumbList","@id":"https:\/\/atypique.brunotarhan.fr\/index.php\/produit\/les-quatre-accords-tolteques-la-voie-de-la-liberte-personnelle-pochemiguel-ruizjouvence\/#breadcrumb","itemListElement":[{"@type":"ListItem","position":1,"name":"Accueil","item":"https:\/\/atypique.brunotarhan.fr\/"},{"@type":"ListItem","position":2,"name":""},{"@type":"ListItem","position":3,"name":"Les quatre accords tolt\u00e8ques &#8211; La voie de la libert\u00e9 personnelle &#8211; Poche Miguel Ruiz Jouvence"}]}]}},"_links":{"self":[{"href":"https:\/\/atypique.brunotarhan.fr\/index.php\/wp-json\/wp\/v2\/product\/16125","targetHints":{"allow":["GET"]}}],"collection":[{"href":"https:\/\/atypique.brunotarhan.fr\/index.php\/wp-json\/wp\/v2\/product"}],"about":[{"href":"https:\/\/atypique.brunotarhan.fr\/index.php\/wp-json\/wp\/v2\/types\/product"}],"replies":[{"embeddable":true,"href":"https:\/\/atypique.brunotarhan.fr\/index.php\/wp-json\/wp\/v2\/comments?post=16125"}],"wp:featuredmedia":[{"embeddable":true,"href":"https:\/\/atypique.brunotarhan.fr\/index.php\/wp-json\/wp\/v2\/media\/15875"}],"wp:attachment":[{"href":"https:\/\/atypique.brunotarhan.fr\/index.php\/wp-json\/wp\/v2\/media?parent=16125"}],"wp:term":[{"taxonomy":"product_cat","embeddable":true,"href":"https:\/\/atypique.brunotarhan.fr\/index.php\/wp-json\/wp\/v2\/product_cat?post=16125"},{"taxonomy":"product_tag","embeddable":true,"href":"https:\/\/atypique.brunotarhan.fr\/index.php\/wp-json\/wp\/v2\/product_tag?post=16125"}],"curies":[{"name":"wp","href":"https:\/\/api.w.org\/{rel}","templated":true}]}}