{"id":16088,"date":"2022-04-25T22:47:47","date_gmt":"2022-04-25T22:47:47","guid":{"rendered":"https:\/\/atypique.brunotarhan.fr\/index.php\/produit\/le-libraire-de-wigtown-pocheshaun-bythelljai-lu\/"},"modified":"2022-04-25T22:47:47","modified_gmt":"2022-04-25T22:47:47","slug":"le-libraire-de-wigtown-pocheshaun-bythelljai-lu","status":"publish","type":"product","link":"https:\/\/atypique.brunotarhan.fr\/index.php\/produit\/le-libraire-de-wigtown-pocheshaun-bythelljai-lu\/","title":{"rendered":"Le libraire de Wigtown &#8211; Poche\nShaun Bythell\nJ&#8217;ai lu"},"content":{"rendered":"<p>Bienvenue \u00e0 Wigtown, charmante bourgade du sud-ouest de l&#8217;Ecosse. Wigtown, son pub, son \u00e9glise&#8230; et sa librairie &#8211; la plus grande librairie de livres d&#8217;occasion du pays. De la bible reli\u00e9e du XVI ? si\u00e8cle au dernier volume d&#8217;Harry Potter, on trouve tout dans ce paradis des amoureux des livres. Enfin, paradis, il faut le dire vite&#8230; Car pour Shaun Bythell, bibliophile, misanthrope et propri\u00e9taire des lieux, la vie d&#8217;un libraire, entre les clients excentriques et les employ\u00e9s fantasques, n&#8217;a rien d&#8217;un long fleuve tranquille.<br \/>\nAvec un humour tout britannique, il nous invite \u00e0 d\u00e9couvrir ses tribulations et son quotidien.<\/p>\n","protected":false},"excerpt":{"rendered":"<p>Bienvenue \u00e0 Wigtown, charmante bourgade du sud-ouest de l&#8217;Ecosse. Wigtown, son pub, son \u00e9glise&#8230; et sa librairie &#8211; la plus grande librairie de livres\u2026<\/p>\n","protected":false},"featured_media":15839,"comment_status":"open","ping_status":"closed","template":"","meta":[],"product_cat":[93,186],"product_tag":[249,507,183,189,508],"class_list":["post-16088","product","type-product","status-publish","has-post-thumbnail","hentry","product_cat-librairie","product_cat-romans","product_tag-jai-lu","product_tag-le-libraire-de-wigtown","product_tag-poche","product_tag-roman","product_tag-shaun-bythell"],"yoast_head":"<!-- This site is optimized with the Yoast SEO plugin v18.0 - https:\/\/yoast.com\/wordpress\/plugins\/seo\/ -->\n<title>Le libraire de Wigtown - Poche Shaun Bythell J&#039;ai lu - Atypique Concept Store<\/title>\n<meta name=\"robots\" content=\"index, follow, max-snippet:-1, max-image-preview:large, max-video-preview:-1\" \/>\n<link rel=\"canonical\" href=\"https:\/\/atypique.brunotarhan.fr\/index.php\/produit\/le-libraire-de-wigtown-pocheshaun-bythelljai-lu\/\" \/>\n<meta property=\"og:locale\" content=\"fr_FR\" \/>\n<meta property=\"og:type\" content=\"article\" \/>\n<meta property=\"og:title\" content=\"Le libraire de Wigtown - Poche Shaun Bythell J&#039;ai lu - Atypique Concept Store\" \/>\n<meta property=\"og:description\" content=\"Bienvenue \u00e0 Wigtown, charmante bourgade du sud-ouest de l&#039;Ecosse. Wigtown, son pub, son \u00e9glise... et sa librairie - la plus grande librairie de livres\u2026\" \/>\n<meta property=\"og:url\" content=\"https:\/\/atypique.brunotarhan.fr\/index.php\/produit\/le-libraire-de-wigtown-pocheshaun-bythelljai-lu\/\" \/>\n<meta property=\"og:site_name\" content=\"Atypique Concept Store\" \/>\n<meta name=\"twitter:card\" content=\"summary_large_image\" \/>\n<meta name=\"twitter:label1\" content=\"Dur\u00e9e de lecture estim\u00e9e\" \/>\n\t<meta name=\"twitter:data1\" content=\"1 minute\" \/>\n<script type=\"application\/ld+json\" class=\"yoast-schema-graph\">{\"@context\":\"https:\/\/schema.org\",\"@graph\":[{\"@type\":\"WebSite\",\"@id\":\"https:\/\/atypique.brunotarhan.fr\/#website\",\"url\":\"https:\/\/atypique.brunotarhan.fr\/\",\"name\":\"Atypique Concept Store\",\"description\":\"Just another WordPress site\",\"potentialAction\":[{\"@type\":\"SearchAction\",\"target\":{\"@type\":\"EntryPoint\",\"urlTemplate\":\"https:\/\/atypique.brunotarhan.fr\/?s={search_term_string}\"},\"query-input\":\"required name=search_term_string\"}],\"inLanguage\":\"fr-FR\"},{\"@type\":\"ImageObject\",\"@id\":\"https:\/\/atypique.brunotarhan.fr\/index.php\/produit\/le-libraire-de-wigtown-pocheshaun-bythelljai-lu\/#primaryimage\",\"inLanguage\":\"fr-FR\",\"url\":\"https:\/\/atypique.brunotarhan.fr\/wp-content\/uploads\/2022\/04\/le-libraire-de-Wigtown.webp\",\"contentUrl\":\"https:\/\/atypique.brunotarhan.fr\/wp-content\/uploads\/2022\/04\/le-libraire-de-Wigtown.webp\",\"width\":309,\"height\":500},{\"@type\":\"WebPage\",\"@id\":\"https:\/\/atypique.brunotarhan.fr\/index.php\/produit\/le-libraire-de-wigtown-pocheshaun-bythelljai-lu\/#webpage\",\"url\":\"https:\/\/atypique.brunotarhan.fr\/index.php\/produit\/le-libraire-de-wigtown-pocheshaun-bythelljai-lu\/\",\"name\":\"Le libraire de Wigtown - Poche Shaun Bythell J'ai lu - Atypique Concept Store\",\"isPartOf\":{\"@id\":\"https:\/\/atypique.brunotarhan.fr\/#website\"},\"primaryImageOfPage\":{\"@id\":\"https:\/\/atypique.brunotarhan.fr\/index.php\/produit\/le-libraire-de-wigtown-pocheshaun-bythelljai-lu\/#primaryimage\"},\"datePublished\":\"2022-04-25T22:47:47+00:00\",\"dateModified\":\"2022-04-25T22:47:47+00:00\",\"breadcrumb\":{\"@id\":\"https:\/\/atypique.brunotarhan.fr\/index.php\/produit\/le-libraire-de-wigtown-pocheshaun-bythelljai-lu\/#breadcrumb\"},\"inLanguage\":\"fr-FR\",\"potentialAction\":[{\"@type\":\"ReadAction\",\"target\":[\"https:\/\/atypique.brunotarhan.fr\/index.php\/produit\/le-libraire-de-wigtown-pocheshaun-bythelljai-lu\/\"]}]},{\"@type\":\"BreadcrumbList\",\"@id\":\"https:\/\/atypique.brunotarhan.fr\/index.php\/produit\/le-libraire-de-wigtown-pocheshaun-bythelljai-lu\/#breadcrumb\",\"itemListElement\":[{\"@type\":\"ListItem\",\"position\":1,\"name\":\"Accueil\",\"item\":\"https:\/\/atypique.brunotarhan.fr\/\"},{\"@type\":\"ListItem\",\"position\":2,\"name\":\"\"},{\"@type\":\"ListItem\",\"position\":3,\"name\":\"Le libraire de Wigtown &#8211; Poche Shaun Bythell J&#8217;ai lu\"}]}]}<\/script>\n<!-- \/ Yoast SEO plugin. -->","yoast_head_json":{"title":"Le libraire de Wigtown - Poche Shaun Bythell J'ai lu - Atypique Concept Store","robots":{"index":"index","follow":"follow","max-snippet":"max-snippet:-1","max-image-preview":"max-image-preview:large","max-video-preview":"max-video-preview:-1"},"canonical":"https:\/\/atypique.brunotarhan.fr\/index.php\/produit\/le-libraire-de-wigtown-pocheshaun-bythelljai-lu\/","og_locale":"fr_FR","og_type":"article","og_title":"Le libraire de Wigtown - Poche Shaun Bythell J'ai lu - Atypique Concept Store","og_description":"Bienvenue \u00e0 Wigtown, charmante bourgade du sud-ouest de l'Ecosse. Wigtown, son pub, son \u00e9glise... et sa librairie - la plus grande librairie de livres\u2026","og_url":"https:\/\/atypique.brunotarhan.fr\/index.php\/produit\/le-libraire-de-wigtown-pocheshaun-bythelljai-lu\/","og_site_name":"Atypique Concept Store","twitter_card":"summary_large_image","twitter_misc":{"Dur\u00e9e de lecture estim\u00e9e":"1 minute"},"schema":{"@context":"https:\/\/schema.org","@graph":[{"@type":"WebSite","@id":"https:\/\/atypique.brunotarhan.fr\/#website","url":"https:\/\/atypique.brunotarhan.fr\/","name":"Atypique Concept Store","description":"Just another WordPress site","potentialAction":[{"@type":"SearchAction","target":{"@type":"EntryPoint","urlTemplate":"https:\/\/atypique.brunotarhan.fr\/?s={search_term_string}"},"query-input":"required name=search_term_string"}],"inLanguage":"fr-FR"},{"@type":"ImageObject","@id":"https:\/\/atypique.brunotarhan.fr\/index.php\/produit\/le-libraire-de-wigtown-pocheshaun-bythelljai-lu\/#primaryimage","inLanguage":"fr-FR","url":"https:\/\/atypique.brunotarhan.fr\/wp-content\/uploads\/2022\/04\/le-libraire-de-Wigtown.webp","contentUrl":"https:\/\/atypique.brunotarhan.fr\/wp-content\/uploads\/2022\/04\/le-libraire-de-Wigtown.webp","width":309,"height":500},{"@type":"WebPage","@id":"https:\/\/atypique.brunotarhan.fr\/index.php\/produit\/le-libraire-de-wigtown-pocheshaun-bythelljai-lu\/#webpage","url":"https:\/\/atypique.brunotarhan.fr\/index.php\/produit\/le-libraire-de-wigtown-pocheshaun-bythelljai-lu\/","name":"Le libraire de Wigtown - Poche Shaun Bythell J'ai lu - Atypique Concept Store","isPartOf":{"@id":"https:\/\/atypique.brunotarhan.fr\/#website"},"primaryImageOfPage":{"@id":"https:\/\/atypique.brunotarhan.fr\/index.php\/produit\/le-libraire-de-wigtown-pocheshaun-bythelljai-lu\/#primaryimage"},"datePublished":"2022-04-25T22:47:47+00:00","dateModified":"2022-04-25T22:47:47+00:00","breadcrumb":{"@id":"https:\/\/atypique.brunotarhan.fr\/index.php\/produit\/le-libraire-de-wigtown-pocheshaun-bythelljai-lu\/#breadcrumb"},"inLanguage":"fr-FR","potentialAction":[{"@type":"ReadAction","target":["https:\/\/atypique.brunotarhan.fr\/index.php\/produit\/le-libraire-de-wigtown-pocheshaun-bythelljai-lu\/"]}]},{"@type":"BreadcrumbList","@id":"https:\/\/atypique.brunotarhan.fr\/index.php\/produit\/le-libraire-de-wigtown-pocheshaun-bythelljai-lu\/#breadcrumb","itemListElement":[{"@type":"ListItem","position":1,"name":"Accueil","item":"https:\/\/atypique.brunotarhan.fr\/"},{"@type":"ListItem","position":2,"name":""},{"@type":"ListItem","position":3,"name":"Le libraire de Wigtown &#8211; Poche Shaun Bythell J&#8217;ai lu"}]}]}},"_links":{"self":[{"href":"https:\/\/atypique.brunotarhan.fr\/index.php\/wp-json\/wp\/v2\/product\/16088","targetHints":{"allow":["GET"]}}],"collection":[{"href":"https:\/\/atypique.brunotarhan.fr\/index.php\/wp-json\/wp\/v2\/product"}],"about":[{"href":"https:\/\/atypique.brunotarhan.fr\/index.php\/wp-json\/wp\/v2\/types\/product"}],"replies":[{"embeddable":true,"href":"https:\/\/atypique.brunotarhan.fr\/index.php\/wp-json\/wp\/v2\/comments?post=16088"}],"wp:featuredmedia":[{"embeddable":true,"href":"https:\/\/atypique.brunotarhan.fr\/index.php\/wp-json\/wp\/v2\/media\/15839"}],"wp:attachment":[{"href":"https:\/\/atypique.brunotarhan.fr\/index.php\/wp-json\/wp\/v2\/media?parent=16088"}],"wp:term":[{"taxonomy":"product_cat","embeddable":true,"href":"https:\/\/atypique.brunotarhan.fr\/index.php\/wp-json\/wp\/v2\/product_cat?post=16088"},{"taxonomy":"product_tag","embeddable":true,"href":"https:\/\/atypique.brunotarhan.fr\/index.php\/wp-json\/wp\/v2\/product_tag?post=16088"}],"curies":[{"name":"wp","href":"https:\/\/api.w.org\/{rel}","templated":true}]}}