{"id":16086,"date":"2022-04-25T22:47:47","date_gmt":"2022-04-25T22:47:47","guid":{"rendered":"https:\/\/atypique.brunotarhan.fr\/index.php\/produit\/le-grand-monde-les-annees-glorieuses-grand-formatpierre-lemaitrecalmann-levy\/"},"modified":"2022-04-25T22:47:47","modified_gmt":"2022-04-25T22:47:47","slug":"le-grand-monde-les-annees-glorieuses-grand-formatpierre-lemaitrecalmann-levy","status":"publish","type":"product","link":"https:\/\/atypique.brunotarhan.fr\/index.php\/produit\/le-grand-monde-les-annees-glorieuses-grand-formatpierre-lemaitrecalmann-levy\/","title":{"rendered":"Le grand monde &#8211; Les ann\u00e9es glorieuses &#8211; Grand Format\nPierre Lemaitre\nCalmann Levy"},"content":{"rendered":"<p>Trois histoires d&#8217;amour, un lanceur d&#8217;alerte, une adolescente \u00e9gar\u00e9e, deux processions, Bouddha et Confucius, un journaliste ambitieux, une mort tragique, le chat Joseph, une \u00e9pouse impossible, un sale trafic, une actrice incognito, une descente aux enfers, cet imb\u00e9cile de Doueiri, un accent myst\u00e9rieux, la posti\u00e8re de Lamberghem, grosse promotion sur le linge de maison, le retour du pass\u00e9, un parfum d&#8217;exotisme, une passion soudaine et irr\u00e9sistible.<br \/>\nEt quelques meurtres.<\/p>\n","protected":false},"excerpt":{"rendered":"<p>Trois histoires d&#8217;amour, un lanceur d&#8217;alerte, une adolescente \u00e9gar\u00e9e, deux processions, Bouddha et Confucius, un journaliste ambitieux, une mort tragique,\u2026<\/p>\n","protected":false},"featured_media":15837,"comment_status":"open","ping_status":"closed","template":"","meta":[],"product_cat":[93,186],"product_tag":[500,497,498,499,189],"class_list":["post-16086","product","type-product","status-publish","has-post-thumbnail","hentry","product_cat-librairie","product_cat-romans","product_tag-calman-levy","product_tag-le-grand-monde","product_tag-les-annees-glorieuses","product_tag-pierre-lemaitre","product_tag-roman"],"yoast_head":"<!-- This site is optimized with the Yoast SEO plugin v18.0 - https:\/\/yoast.com\/wordpress\/plugins\/seo\/ -->\n<title>Le grand monde - Les ann\u00e9es glorieuses - Grand Format Pierre Lemaitre Calmann Levy - Atypique Concept Store<\/title>\n<meta name=\"robots\" content=\"index, follow, max-snippet:-1, max-image-preview:large, max-video-preview:-1\" \/>\n<link rel=\"canonical\" href=\"https:\/\/atypique.brunotarhan.fr\/index.php\/produit\/le-grand-monde-les-annees-glorieuses-grand-formatpierre-lemaitrecalmann-levy\/\" \/>\n<meta property=\"og:locale\" content=\"fr_FR\" \/>\n<meta property=\"og:type\" content=\"article\" \/>\n<meta property=\"og:title\" content=\"Le grand monde - Les ann\u00e9es glorieuses - Grand Format Pierre Lemaitre Calmann Levy - Atypique Concept Store\" \/>\n<meta property=\"og:description\" content=\"Trois histoires d&#039;amour, un lanceur d&#039;alerte, une adolescente \u00e9gar\u00e9e, deux processions, Bouddha et Confucius, un journaliste ambitieux, une mort tragique,\u2026\" \/>\n<meta property=\"og:url\" content=\"https:\/\/atypique.brunotarhan.fr\/index.php\/produit\/le-grand-monde-les-annees-glorieuses-grand-formatpierre-lemaitrecalmann-levy\/\" \/>\n<meta property=\"og:site_name\" content=\"Atypique Concept Store\" \/>\n<meta name=\"twitter:card\" content=\"summary_large_image\" \/>\n<script type=\"application\/ld+json\" class=\"yoast-schema-graph\">{\"@context\":\"https:\/\/schema.org\",\"@graph\":[{\"@type\":\"WebSite\",\"@id\":\"https:\/\/atypique.brunotarhan.fr\/#website\",\"url\":\"https:\/\/atypique.brunotarhan.fr\/\",\"name\":\"Atypique Concept Store\",\"description\":\"Just another WordPress site\",\"potentialAction\":[{\"@type\":\"SearchAction\",\"target\":{\"@type\":\"EntryPoint\",\"urlTemplate\":\"https:\/\/atypique.brunotarhan.fr\/?s={search_term_string}\"},\"query-input\":\"required name=search_term_string\"}],\"inLanguage\":\"fr-FR\"},{\"@type\":\"ImageObject\",\"@id\":\"https:\/\/atypique.brunotarhan.fr\/index.php\/produit\/le-grand-monde-les-annees-glorieuses-grand-formatpierre-lemaitrecalmann-levy\/#primaryimage\",\"inLanguage\":\"fr-FR\",\"url\":\"https:\/\/atypique.brunotarhan.fr\/wp-content\/uploads\/2022\/04\/le-grand-monde.webp\",\"contentUrl\":\"https:\/\/atypique.brunotarhan.fr\/wp-content\/uploads\/2022\/04\/le-grand-monde.webp\",\"width\":331,\"height\":500},{\"@type\":\"WebPage\",\"@id\":\"https:\/\/atypique.brunotarhan.fr\/index.php\/produit\/le-grand-monde-les-annees-glorieuses-grand-formatpierre-lemaitrecalmann-levy\/#webpage\",\"url\":\"https:\/\/atypique.brunotarhan.fr\/index.php\/produit\/le-grand-monde-les-annees-glorieuses-grand-formatpierre-lemaitrecalmann-levy\/\",\"name\":\"Le grand monde - Les ann\u00e9es glorieuses - Grand Format Pierre Lemaitre Calmann Levy - Atypique Concept Store\",\"isPartOf\":{\"@id\":\"https:\/\/atypique.brunotarhan.fr\/#website\"},\"primaryImageOfPage\":{\"@id\":\"https:\/\/atypique.brunotarhan.fr\/index.php\/produit\/le-grand-monde-les-annees-glorieuses-grand-formatpierre-lemaitrecalmann-levy\/#primaryimage\"},\"datePublished\":\"2022-04-25T22:47:47+00:00\",\"dateModified\":\"2022-04-25T22:47:47+00:00\",\"breadcrumb\":{\"@id\":\"https:\/\/atypique.brunotarhan.fr\/index.php\/produit\/le-grand-monde-les-annees-glorieuses-grand-formatpierre-lemaitrecalmann-levy\/#breadcrumb\"},\"inLanguage\":\"fr-FR\",\"potentialAction\":[{\"@type\":\"ReadAction\",\"target\":[\"https:\/\/atypique.brunotarhan.fr\/index.php\/produit\/le-grand-monde-les-annees-glorieuses-grand-formatpierre-lemaitrecalmann-levy\/\"]}]},{\"@type\":\"BreadcrumbList\",\"@id\":\"https:\/\/atypique.brunotarhan.fr\/index.php\/produit\/le-grand-monde-les-annees-glorieuses-grand-formatpierre-lemaitrecalmann-levy\/#breadcrumb\",\"itemListElement\":[{\"@type\":\"ListItem\",\"position\":1,\"name\":\"Accueil\",\"item\":\"https:\/\/atypique.brunotarhan.fr\/\"},{\"@type\":\"ListItem\",\"position\":2,\"name\":\"\"},{\"@type\":\"ListItem\",\"position\":3,\"name\":\"Le grand monde &#8211; Les ann\u00e9es glorieuses &#8211; Grand Format Pierre Lemaitre Calmann Levy\"}]}]}<\/script>\n<!-- \/ Yoast SEO plugin. -->","yoast_head_json":{"title":"Le grand monde - Les ann\u00e9es glorieuses - Grand Format Pierre Lemaitre Calmann Levy - Atypique Concept Store","robots":{"index":"index","follow":"follow","max-snippet":"max-snippet:-1","max-image-preview":"max-image-preview:large","max-video-preview":"max-video-preview:-1"},"canonical":"https:\/\/atypique.brunotarhan.fr\/index.php\/produit\/le-grand-monde-les-annees-glorieuses-grand-formatpierre-lemaitrecalmann-levy\/","og_locale":"fr_FR","og_type":"article","og_title":"Le grand monde - Les ann\u00e9es glorieuses - Grand Format Pierre Lemaitre Calmann Levy - Atypique Concept Store","og_description":"Trois histoires d'amour, un lanceur d'alerte, une adolescente \u00e9gar\u00e9e, deux processions, Bouddha et Confucius, un journaliste ambitieux, une mort tragique,\u2026","og_url":"https:\/\/atypique.brunotarhan.fr\/index.php\/produit\/le-grand-monde-les-annees-glorieuses-grand-formatpierre-lemaitrecalmann-levy\/","og_site_name":"Atypique Concept Store","twitter_card":"summary_large_image","schema":{"@context":"https:\/\/schema.org","@graph":[{"@type":"WebSite","@id":"https:\/\/atypique.brunotarhan.fr\/#website","url":"https:\/\/atypique.brunotarhan.fr\/","name":"Atypique Concept Store","description":"Just another WordPress site","potentialAction":[{"@type":"SearchAction","target":{"@type":"EntryPoint","urlTemplate":"https:\/\/atypique.brunotarhan.fr\/?s={search_term_string}"},"query-input":"required name=search_term_string"}],"inLanguage":"fr-FR"},{"@type":"ImageObject","@id":"https:\/\/atypique.brunotarhan.fr\/index.php\/produit\/le-grand-monde-les-annees-glorieuses-grand-formatpierre-lemaitrecalmann-levy\/#primaryimage","inLanguage":"fr-FR","url":"https:\/\/atypique.brunotarhan.fr\/wp-content\/uploads\/2022\/04\/le-grand-monde.webp","contentUrl":"https:\/\/atypique.brunotarhan.fr\/wp-content\/uploads\/2022\/04\/le-grand-monde.webp","width":331,"height":500},{"@type":"WebPage","@id":"https:\/\/atypique.brunotarhan.fr\/index.php\/produit\/le-grand-monde-les-annees-glorieuses-grand-formatpierre-lemaitrecalmann-levy\/#webpage","url":"https:\/\/atypique.brunotarhan.fr\/index.php\/produit\/le-grand-monde-les-annees-glorieuses-grand-formatpierre-lemaitrecalmann-levy\/","name":"Le grand monde - Les ann\u00e9es glorieuses - Grand Format Pierre Lemaitre Calmann Levy - Atypique Concept Store","isPartOf":{"@id":"https:\/\/atypique.brunotarhan.fr\/#website"},"primaryImageOfPage":{"@id":"https:\/\/atypique.brunotarhan.fr\/index.php\/produit\/le-grand-monde-les-annees-glorieuses-grand-formatpierre-lemaitrecalmann-levy\/#primaryimage"},"datePublished":"2022-04-25T22:47:47+00:00","dateModified":"2022-04-25T22:47:47+00:00","breadcrumb":{"@id":"https:\/\/atypique.brunotarhan.fr\/index.php\/produit\/le-grand-monde-les-annees-glorieuses-grand-formatpierre-lemaitrecalmann-levy\/#breadcrumb"},"inLanguage":"fr-FR","potentialAction":[{"@type":"ReadAction","target":["https:\/\/atypique.brunotarhan.fr\/index.php\/produit\/le-grand-monde-les-annees-glorieuses-grand-formatpierre-lemaitrecalmann-levy\/"]}]},{"@type":"BreadcrumbList","@id":"https:\/\/atypique.brunotarhan.fr\/index.php\/produit\/le-grand-monde-les-annees-glorieuses-grand-formatpierre-lemaitrecalmann-levy\/#breadcrumb","itemListElement":[{"@type":"ListItem","position":1,"name":"Accueil","item":"https:\/\/atypique.brunotarhan.fr\/"},{"@type":"ListItem","position":2,"name":""},{"@type":"ListItem","position":3,"name":"Le grand monde &#8211; Les ann\u00e9es glorieuses &#8211; Grand Format Pierre Lemaitre Calmann Levy"}]}]}},"_links":{"self":[{"href":"https:\/\/atypique.brunotarhan.fr\/index.php\/wp-json\/wp\/v2\/product\/16086","targetHints":{"allow":["GET"]}}],"collection":[{"href":"https:\/\/atypique.brunotarhan.fr\/index.php\/wp-json\/wp\/v2\/product"}],"about":[{"href":"https:\/\/atypique.brunotarhan.fr\/index.php\/wp-json\/wp\/v2\/types\/product"}],"replies":[{"embeddable":true,"href":"https:\/\/atypique.brunotarhan.fr\/index.php\/wp-json\/wp\/v2\/comments?post=16086"}],"wp:featuredmedia":[{"embeddable":true,"href":"https:\/\/atypique.brunotarhan.fr\/index.php\/wp-json\/wp\/v2\/media\/15837"}],"wp:attachment":[{"href":"https:\/\/atypique.brunotarhan.fr\/index.php\/wp-json\/wp\/v2\/media?parent=16086"}],"wp:term":[{"taxonomy":"product_cat","embeddable":true,"href":"https:\/\/atypique.brunotarhan.fr\/index.php\/wp-json\/wp\/v2\/product_cat?post=16086"},{"taxonomy":"product_tag","embeddable":true,"href":"https:\/\/atypique.brunotarhan.fr\/index.php\/wp-json\/wp\/v2\/product_tag?post=16086"}],"curies":[{"name":"wp","href":"https:\/\/api.w.org\/{rel}","templated":true}]}}