{"id":16073,"date":"2022-04-25T22:47:43","date_gmt":"2022-04-25T22:47:43","guid":{"rendered":"https:\/\/atypique.brunotarhan.fr\/index.php\/produit\/la-vallee-pochebernard-minierpocket\/"},"modified":"2022-04-25T22:47:43","modified_gmt":"2022-04-25T22:47:43","slug":"la-vallee-pochebernard-minierpocket","status":"publish","type":"product","link":"https:\/\/atypique.brunotarhan.fr\/index.php\/produit\/la-vallee-pochebernard-minierpocket\/","title":{"rendered":"La vall\u00e9e &#8211; Poche\nBernard Minier\nPocket"},"content":{"rendered":"<p>Une enqu\u00eate de Martin Servaz qui le confronte aux fant\u00f4mes de son pass\u00e9, et \u00e0 une s\u00e9rie de meurtres aux mises en sc\u00e8nes particuli\u00e8rement sophistiqu\u00e9es et macabres, dans une vall\u00e9e coup\u00e9e du monde. &#8220;Je crois que quelqu&#8217;un est en train d&#8217;agir comme s&#8217;il se prenait pour Dieu&#8230;&#8221;.<\/p>\n","protected":false},"excerpt":{"rendered":"<p>Une enqu\u00eate de Martin Servaz qui le confronte aux fant\u00f4mes de son pass\u00e9, et \u00e0 une s\u00e9rie de meurtres aux mises en sc\u00e8nes particuli\u00e8rement sophistiqu\u00e9es\u2026<\/p>\n","protected":false},"featured_media":15821,"comment_status":"open","ping_status":"closed","template":"","meta":[],"product_cat":[93,204],"product_tag":[457,456,183,239,263,264,208],"class_list":["post-16073","product","type-product","status-publish","has-post-thumbnail","hentry","product_cat-librairie","product_cat-polars-thrillers","product_tag-bernard-minier","product_tag-la-vallee","product_tag-poche","product_tag-pocket","product_tag-polar","product_tag-policier","product_tag-thriller"],"yoast_head":"<!-- This site is optimized with the Yoast SEO plugin v18.0 - https:\/\/yoast.com\/wordpress\/plugins\/seo\/ -->\n<title>La vall\u00e9e - Poche Bernard Minier Pocket - Atypique Concept Store<\/title>\n<meta name=\"robots\" content=\"index, follow, max-snippet:-1, max-image-preview:large, max-video-preview:-1\" \/>\n<link rel=\"canonical\" href=\"https:\/\/atypique.brunotarhan.fr\/index.php\/produit\/la-vallee-pochebernard-minierpocket\/\" \/>\n<meta property=\"og:locale\" content=\"fr_FR\" \/>\n<meta property=\"og:type\" content=\"article\" \/>\n<meta property=\"og:title\" content=\"La vall\u00e9e - Poche Bernard Minier Pocket - Atypique Concept Store\" \/>\n<meta property=\"og:description\" content=\"Une enqu\u00eate de Martin Servaz qui le confronte aux fant\u00f4mes de son pass\u00e9, et \u00e0 une s\u00e9rie de meurtres aux mises en sc\u00e8nes particuli\u00e8rement sophistiqu\u00e9es\u2026\" \/>\n<meta property=\"og:url\" content=\"https:\/\/atypique.brunotarhan.fr\/index.php\/produit\/la-vallee-pochebernard-minierpocket\/\" \/>\n<meta property=\"og:site_name\" content=\"Atypique Concept Store\" \/>\n<meta name=\"twitter:card\" content=\"summary_large_image\" \/>\n<script type=\"application\/ld+json\" class=\"yoast-schema-graph\">{\"@context\":\"https:\/\/schema.org\",\"@graph\":[{\"@type\":\"WebSite\",\"@id\":\"https:\/\/atypique.brunotarhan.fr\/#website\",\"url\":\"https:\/\/atypique.brunotarhan.fr\/\",\"name\":\"Atypique Concept Store\",\"description\":\"Just another WordPress site\",\"potentialAction\":[{\"@type\":\"SearchAction\",\"target\":{\"@type\":\"EntryPoint\",\"urlTemplate\":\"https:\/\/atypique.brunotarhan.fr\/?s={search_term_string}\"},\"query-input\":\"required name=search_term_string\"}],\"inLanguage\":\"fr-FR\"},{\"@type\":\"ImageObject\",\"@id\":\"https:\/\/atypique.brunotarhan.fr\/index.php\/produit\/la-vallee-pochebernard-minierpocket\/#primaryimage\",\"inLanguage\":\"fr-FR\",\"url\":\"https:\/\/atypique.brunotarhan.fr\/wp-content\/uploads\/2022\/04\/la-vallee.webp\",\"contentUrl\":\"https:\/\/atypique.brunotarhan.fr\/wp-content\/uploads\/2022\/04\/la-vallee.webp\",\"width\":305,\"height\":500},{\"@type\":\"WebPage\",\"@id\":\"https:\/\/atypique.brunotarhan.fr\/index.php\/produit\/la-vallee-pochebernard-minierpocket\/#webpage\",\"url\":\"https:\/\/atypique.brunotarhan.fr\/index.php\/produit\/la-vallee-pochebernard-minierpocket\/\",\"name\":\"La vall\u00e9e - Poche Bernard Minier Pocket - Atypique Concept Store\",\"isPartOf\":{\"@id\":\"https:\/\/atypique.brunotarhan.fr\/#website\"},\"primaryImageOfPage\":{\"@id\":\"https:\/\/atypique.brunotarhan.fr\/index.php\/produit\/la-vallee-pochebernard-minierpocket\/#primaryimage\"},\"datePublished\":\"2022-04-25T22:47:43+00:00\",\"dateModified\":\"2022-04-25T22:47:43+00:00\",\"breadcrumb\":{\"@id\":\"https:\/\/atypique.brunotarhan.fr\/index.php\/produit\/la-vallee-pochebernard-minierpocket\/#breadcrumb\"},\"inLanguage\":\"fr-FR\",\"potentialAction\":[{\"@type\":\"ReadAction\",\"target\":[\"https:\/\/atypique.brunotarhan.fr\/index.php\/produit\/la-vallee-pochebernard-minierpocket\/\"]}]},{\"@type\":\"BreadcrumbList\",\"@id\":\"https:\/\/atypique.brunotarhan.fr\/index.php\/produit\/la-vallee-pochebernard-minierpocket\/#breadcrumb\",\"itemListElement\":[{\"@type\":\"ListItem\",\"position\":1,\"name\":\"Accueil\",\"item\":\"https:\/\/atypique.brunotarhan.fr\/\"},{\"@type\":\"ListItem\",\"position\":2,\"name\":\"\"},{\"@type\":\"ListItem\",\"position\":3,\"name\":\"La vall\u00e9e &#8211; Poche Bernard Minier Pocket\"}]}]}<\/script>\n<!-- \/ Yoast SEO plugin. -->","yoast_head_json":{"title":"La vall\u00e9e - Poche Bernard Minier Pocket - Atypique Concept Store","robots":{"index":"index","follow":"follow","max-snippet":"max-snippet:-1","max-image-preview":"max-image-preview:large","max-video-preview":"max-video-preview:-1"},"canonical":"https:\/\/atypique.brunotarhan.fr\/index.php\/produit\/la-vallee-pochebernard-minierpocket\/","og_locale":"fr_FR","og_type":"article","og_title":"La vall\u00e9e - Poche Bernard Minier Pocket - Atypique Concept Store","og_description":"Une enqu\u00eate de Martin Servaz qui le confronte aux fant\u00f4mes de son pass\u00e9, et \u00e0 une s\u00e9rie de meurtres aux mises en sc\u00e8nes particuli\u00e8rement sophistiqu\u00e9es\u2026","og_url":"https:\/\/atypique.brunotarhan.fr\/index.php\/produit\/la-vallee-pochebernard-minierpocket\/","og_site_name":"Atypique Concept Store","twitter_card":"summary_large_image","schema":{"@context":"https:\/\/schema.org","@graph":[{"@type":"WebSite","@id":"https:\/\/atypique.brunotarhan.fr\/#website","url":"https:\/\/atypique.brunotarhan.fr\/","name":"Atypique Concept Store","description":"Just another WordPress site","potentialAction":[{"@type":"SearchAction","target":{"@type":"EntryPoint","urlTemplate":"https:\/\/atypique.brunotarhan.fr\/?s={search_term_string}"},"query-input":"required name=search_term_string"}],"inLanguage":"fr-FR"},{"@type":"ImageObject","@id":"https:\/\/atypique.brunotarhan.fr\/index.php\/produit\/la-vallee-pochebernard-minierpocket\/#primaryimage","inLanguage":"fr-FR","url":"https:\/\/atypique.brunotarhan.fr\/wp-content\/uploads\/2022\/04\/la-vallee.webp","contentUrl":"https:\/\/atypique.brunotarhan.fr\/wp-content\/uploads\/2022\/04\/la-vallee.webp","width":305,"height":500},{"@type":"WebPage","@id":"https:\/\/atypique.brunotarhan.fr\/index.php\/produit\/la-vallee-pochebernard-minierpocket\/#webpage","url":"https:\/\/atypique.brunotarhan.fr\/index.php\/produit\/la-vallee-pochebernard-minierpocket\/","name":"La vall\u00e9e - Poche Bernard Minier Pocket - Atypique Concept Store","isPartOf":{"@id":"https:\/\/atypique.brunotarhan.fr\/#website"},"primaryImageOfPage":{"@id":"https:\/\/atypique.brunotarhan.fr\/index.php\/produit\/la-vallee-pochebernard-minierpocket\/#primaryimage"},"datePublished":"2022-04-25T22:47:43+00:00","dateModified":"2022-04-25T22:47:43+00:00","breadcrumb":{"@id":"https:\/\/atypique.brunotarhan.fr\/index.php\/produit\/la-vallee-pochebernard-minierpocket\/#breadcrumb"},"inLanguage":"fr-FR","potentialAction":[{"@type":"ReadAction","target":["https:\/\/atypique.brunotarhan.fr\/index.php\/produit\/la-vallee-pochebernard-minierpocket\/"]}]},{"@type":"BreadcrumbList","@id":"https:\/\/atypique.brunotarhan.fr\/index.php\/produit\/la-vallee-pochebernard-minierpocket\/#breadcrumb","itemListElement":[{"@type":"ListItem","position":1,"name":"Accueil","item":"https:\/\/atypique.brunotarhan.fr\/"},{"@type":"ListItem","position":2,"name":""},{"@type":"ListItem","position":3,"name":"La vall\u00e9e &#8211; Poche Bernard Minier Pocket"}]}]}},"_links":{"self":[{"href":"https:\/\/atypique.brunotarhan.fr\/index.php\/wp-json\/wp\/v2\/product\/16073","targetHints":{"allow":["GET"]}}],"collection":[{"href":"https:\/\/atypique.brunotarhan.fr\/index.php\/wp-json\/wp\/v2\/product"}],"about":[{"href":"https:\/\/atypique.brunotarhan.fr\/index.php\/wp-json\/wp\/v2\/types\/product"}],"replies":[{"embeddable":true,"href":"https:\/\/atypique.brunotarhan.fr\/index.php\/wp-json\/wp\/v2\/comments?post=16073"}],"wp:featuredmedia":[{"embeddable":true,"href":"https:\/\/atypique.brunotarhan.fr\/index.php\/wp-json\/wp\/v2\/media\/15821"}],"wp:attachment":[{"href":"https:\/\/atypique.brunotarhan.fr\/index.php\/wp-json\/wp\/v2\/media?parent=16073"}],"wp:term":[{"taxonomy":"product_cat","embeddable":true,"href":"https:\/\/atypique.brunotarhan.fr\/index.php\/wp-json\/wp\/v2\/product_cat?post=16073"},{"taxonomy":"product_tag","embeddable":true,"href":"https:\/\/atypique.brunotarhan.fr\/index.php\/wp-json\/wp\/v2\/product_tag?post=16073"}],"curies":[{"name":"wp","href":"https:\/\/api.w.org\/{rel}","templated":true}]}}