{"id":16064,"date":"2022-04-25T22:31:38","date_gmt":"2022-04-25T22:31:38","guid":{"rendered":"https:\/\/atypique.brunotarhan.fr\/index.php\/produit\/largo-winch-tome-23-albumla-frontiere-de-la-nuiteric-giacometti-philippe-francqbertrand-denoulet-coloristedupuis\/"},"modified":"2022-04-25T22:31:38","modified_gmt":"2022-04-25T22:31:38","slug":"largo-winch-tome-23-albumla-frontiere-de-la-nuiteric-giacometti-philippe-francqbertrand-denoulet-coloristedupuis","status":"publish","type":"product","link":"https:\/\/atypique.brunotarhan.fr\/index.php\/produit\/largo-winch-tome-23-albumla-frontiere-de-la-nuiteric-giacometti-philippe-francqbertrand-denoulet-coloristedupuis\/","title":{"rendered":"Largo Winch Tome 23 &#8211; Album\nLa fronti\u00e8re de la nuit\nEric Giacometti, Philippe Francq\nBertrand Denoulet (Coloriste)\nDupuis"},"content":{"rendered":"<p>En visite incognito dans une mine d&#8217;\u00e9tain en Indon\u00e9sie, Largo Winch d\u00e9couvre avec stupeur que l&#8217;une de ses propres filiales emploie des enfants pour fournir des composants essentiels \u00e0 nos smartphones. Une d\u00e9couverte qui encourage le milliardaire \u00e0 faire \u00e9voluer le groupe W vers une \u00e9conomie plus \u00e9thique et plus verte, sans n\u00e9gliger toutefois les technologies de pointe, en particulier les march\u00e9s spatiaux, qu&#8217;il s&#8217;agisse de satellites ou du nettoyage de d\u00e9chets en orbite.<br \/>\nLargo Winch va ainsi croiser la route de Jarod et Demetria Manskind, jeunes et g\u00e9niaux entrepreneurs aux moeurs et aux id\u00e9es d\u00e9tonantes, qui ne manquent pas une occasion de le railler dans les m\u00e9dias. Une rencontre qui sera le pr\u00e9lude \u00e0 de gros ennuis, dont un vol spatial qui pourrait bien tr\u00e8s mal tourner&#8230; Car dans l&#8217;ombre oeuvrent de myst\u00e9rieux tueurs aux motivations incertaines. Le monde de l&#8217;\u00e9conomie change.<br \/>\nMais pas la fa\u00e7on qu&#8217;ont certains criminels de faire du business&#8230;<\/p>\n","protected":false},"excerpt":{"rendered":"<p>En visite incognito dans une mine d&#8217;\u00e9tain en Indon\u00e9sie, Largo Winch d\u00e9couvre avec stupeur que l&#8217;une de ses propres filiales emploie des enfants pour\u2026<\/p>\n","protected":false},"featured_media":15813,"comment_status":"open","ping_status":"closed","template":"","meta":[],"product_cat":[212,93],"product_tag":[214,437,438,435,434,432,436,433],"class_list":["post-16064","product","type-product","status-publish","has-post-thumbnail","hentry","product_cat-bandes-dessinees","product_cat-librairie","product_tag-bandes-dessinees","product_tag-bertrand-denoulet","product_tag-dupuis","product_tag-eric-giacometti","product_tag-la-frontiere-de-la-nuit","product_tag-largo-winch","product_tag-philippe-francq","product_tag-tome-23"],"yoast_head":"<!-- This site is optimized with the Yoast SEO plugin v18.0 - https:\/\/yoast.com\/wordpress\/plugins\/seo\/ -->\n<title>Largo Winch Tome 23 - Album La fronti\u00e8re de la nuit Eric Giacometti, Philippe Francq Bertrand Denoulet (Coloriste) Dupuis - Atypique Concept Store<\/title>\n<meta name=\"robots\" content=\"index, follow, max-snippet:-1, max-image-preview:large, max-video-preview:-1\" \/>\n<link rel=\"canonical\" href=\"https:\/\/atypique.brunotarhan.fr\/index.php\/produit\/largo-winch-tome-23-albumla-frontiere-de-la-nuiteric-giacometti-philippe-francqbertrand-denoulet-coloristedupuis\/\" \/>\n<meta property=\"og:locale\" content=\"fr_FR\" \/>\n<meta property=\"og:type\" content=\"article\" \/>\n<meta property=\"og:title\" content=\"Largo Winch Tome 23 - Album La fronti\u00e8re de la nuit Eric Giacometti, Philippe Francq Bertrand Denoulet (Coloriste) Dupuis - Atypique Concept Store\" \/>\n<meta property=\"og:description\" content=\"En visite incognito dans une mine d&#039;\u00e9tain en Indon\u00e9sie, Largo Winch d\u00e9couvre avec stupeur que l&#039;une de ses propres filiales emploie des enfants pour\u2026\" \/>\n<meta property=\"og:url\" content=\"https:\/\/atypique.brunotarhan.fr\/index.php\/produit\/largo-winch-tome-23-albumla-frontiere-de-la-nuiteric-giacometti-philippe-francqbertrand-denoulet-coloristedupuis\/\" \/>\n<meta property=\"og:site_name\" content=\"Atypique Concept Store\" \/>\n<meta name=\"twitter:card\" content=\"summary_large_image\" \/>\n<meta name=\"twitter:label1\" content=\"Dur\u00e9e de lecture estim\u00e9e\" \/>\n\t<meta name=\"twitter:data1\" content=\"1 minute\" \/>\n<script type=\"application\/ld+json\" class=\"yoast-schema-graph\">{\"@context\":\"https:\/\/schema.org\",\"@graph\":[{\"@type\":\"WebSite\",\"@id\":\"https:\/\/atypique.brunotarhan.fr\/#website\",\"url\":\"https:\/\/atypique.brunotarhan.fr\/\",\"name\":\"Atypique Concept Store\",\"description\":\"Just another WordPress site\",\"potentialAction\":[{\"@type\":\"SearchAction\",\"target\":{\"@type\":\"EntryPoint\",\"urlTemplate\":\"https:\/\/atypique.brunotarhan.fr\/?s={search_term_string}\"},\"query-input\":\"required name=search_term_string\"}],\"inLanguage\":\"fr-FR\"},{\"@type\":\"ImageObject\",\"@id\":\"https:\/\/atypique.brunotarhan.fr\/index.php\/produit\/largo-winch-tome-23-albumla-frontiere-de-la-nuiteric-giacometti-philippe-francqbertrand-denoulet-coloristedupuis\/#primaryimage\",\"inLanguage\":\"fr-FR\",\"url\":\"https:\/\/atypique.brunotarhan.fr\/wp-content\/uploads\/2022\/04\/largo-winch-t23.webp\",\"contentUrl\":\"https:\/\/atypique.brunotarhan.fr\/wp-content\/uploads\/2022\/04\/largo-winch-t23.webp\",\"width\":382,\"height\":500},{\"@type\":\"WebPage\",\"@id\":\"https:\/\/atypique.brunotarhan.fr\/index.php\/produit\/largo-winch-tome-23-albumla-frontiere-de-la-nuiteric-giacometti-philippe-francqbertrand-denoulet-coloristedupuis\/#webpage\",\"url\":\"https:\/\/atypique.brunotarhan.fr\/index.php\/produit\/largo-winch-tome-23-albumla-frontiere-de-la-nuiteric-giacometti-philippe-francqbertrand-denoulet-coloristedupuis\/\",\"name\":\"Largo Winch Tome 23 - Album La fronti\u00e8re de la nuit Eric Giacometti, Philippe Francq Bertrand Denoulet (Coloriste) Dupuis - Atypique Concept Store\",\"isPartOf\":{\"@id\":\"https:\/\/atypique.brunotarhan.fr\/#website\"},\"primaryImageOfPage\":{\"@id\":\"https:\/\/atypique.brunotarhan.fr\/index.php\/produit\/largo-winch-tome-23-albumla-frontiere-de-la-nuiteric-giacometti-philippe-francqbertrand-denoulet-coloristedupuis\/#primaryimage\"},\"datePublished\":\"2022-04-25T22:31:38+00:00\",\"dateModified\":\"2022-04-25T22:31:38+00:00\",\"breadcrumb\":{\"@id\":\"https:\/\/atypique.brunotarhan.fr\/index.php\/produit\/largo-winch-tome-23-albumla-frontiere-de-la-nuiteric-giacometti-philippe-francqbertrand-denoulet-coloristedupuis\/#breadcrumb\"},\"inLanguage\":\"fr-FR\",\"potentialAction\":[{\"@type\":\"ReadAction\",\"target\":[\"https:\/\/atypique.brunotarhan.fr\/index.php\/produit\/largo-winch-tome-23-albumla-frontiere-de-la-nuiteric-giacometti-philippe-francqbertrand-denoulet-coloristedupuis\/\"]}]},{\"@type\":\"BreadcrumbList\",\"@id\":\"https:\/\/atypique.brunotarhan.fr\/index.php\/produit\/largo-winch-tome-23-albumla-frontiere-de-la-nuiteric-giacometti-philippe-francqbertrand-denoulet-coloristedupuis\/#breadcrumb\",\"itemListElement\":[{\"@type\":\"ListItem\",\"position\":1,\"name\":\"Accueil\",\"item\":\"https:\/\/atypique.brunotarhan.fr\/\"},{\"@type\":\"ListItem\",\"position\":2,\"name\":\"\"},{\"@type\":\"ListItem\",\"position\":3,\"name\":\"Largo Winch Tome 23 &#8211; Album La fronti\u00e8re de la nuit Eric Giacometti, Philippe Francq Bertrand Denoulet (Coloriste) Dupuis\"}]}]}<\/script>\n<!-- \/ Yoast SEO plugin. -->","yoast_head_json":{"title":"Largo Winch Tome 23 - Album La fronti\u00e8re de la nuit Eric Giacometti, Philippe Francq Bertrand Denoulet (Coloriste) Dupuis - Atypique Concept Store","robots":{"index":"index","follow":"follow","max-snippet":"max-snippet:-1","max-image-preview":"max-image-preview:large","max-video-preview":"max-video-preview:-1"},"canonical":"https:\/\/atypique.brunotarhan.fr\/index.php\/produit\/largo-winch-tome-23-albumla-frontiere-de-la-nuiteric-giacometti-philippe-francqbertrand-denoulet-coloristedupuis\/","og_locale":"fr_FR","og_type":"article","og_title":"Largo Winch Tome 23 - Album La fronti\u00e8re de la nuit Eric Giacometti, Philippe Francq Bertrand Denoulet (Coloriste) Dupuis - Atypique Concept Store","og_description":"En visite incognito dans une mine d'\u00e9tain en Indon\u00e9sie, Largo Winch d\u00e9couvre avec stupeur que l'une de ses propres filiales emploie des enfants pour\u2026","og_url":"https:\/\/atypique.brunotarhan.fr\/index.php\/produit\/largo-winch-tome-23-albumla-frontiere-de-la-nuiteric-giacometti-philippe-francqbertrand-denoulet-coloristedupuis\/","og_site_name":"Atypique Concept Store","twitter_card":"summary_large_image","twitter_misc":{"Dur\u00e9e de lecture estim\u00e9e":"1 minute"},"schema":{"@context":"https:\/\/schema.org","@graph":[{"@type":"WebSite","@id":"https:\/\/atypique.brunotarhan.fr\/#website","url":"https:\/\/atypique.brunotarhan.fr\/","name":"Atypique Concept Store","description":"Just another WordPress site","potentialAction":[{"@type":"SearchAction","target":{"@type":"EntryPoint","urlTemplate":"https:\/\/atypique.brunotarhan.fr\/?s={search_term_string}"},"query-input":"required name=search_term_string"}],"inLanguage":"fr-FR"},{"@type":"ImageObject","@id":"https:\/\/atypique.brunotarhan.fr\/index.php\/produit\/largo-winch-tome-23-albumla-frontiere-de-la-nuiteric-giacometti-philippe-francqbertrand-denoulet-coloristedupuis\/#primaryimage","inLanguage":"fr-FR","url":"https:\/\/atypique.brunotarhan.fr\/wp-content\/uploads\/2022\/04\/largo-winch-t23.webp","contentUrl":"https:\/\/atypique.brunotarhan.fr\/wp-content\/uploads\/2022\/04\/largo-winch-t23.webp","width":382,"height":500},{"@type":"WebPage","@id":"https:\/\/atypique.brunotarhan.fr\/index.php\/produit\/largo-winch-tome-23-albumla-frontiere-de-la-nuiteric-giacometti-philippe-francqbertrand-denoulet-coloristedupuis\/#webpage","url":"https:\/\/atypique.brunotarhan.fr\/index.php\/produit\/largo-winch-tome-23-albumla-frontiere-de-la-nuiteric-giacometti-philippe-francqbertrand-denoulet-coloristedupuis\/","name":"Largo Winch Tome 23 - Album La fronti\u00e8re de la nuit Eric Giacometti, Philippe Francq Bertrand Denoulet (Coloriste) Dupuis - Atypique Concept Store","isPartOf":{"@id":"https:\/\/atypique.brunotarhan.fr\/#website"},"primaryImageOfPage":{"@id":"https:\/\/atypique.brunotarhan.fr\/index.php\/produit\/largo-winch-tome-23-albumla-frontiere-de-la-nuiteric-giacometti-philippe-francqbertrand-denoulet-coloristedupuis\/#primaryimage"},"datePublished":"2022-04-25T22:31:38+00:00","dateModified":"2022-04-25T22:31:38+00:00","breadcrumb":{"@id":"https:\/\/atypique.brunotarhan.fr\/index.php\/produit\/largo-winch-tome-23-albumla-frontiere-de-la-nuiteric-giacometti-philippe-francqbertrand-denoulet-coloristedupuis\/#breadcrumb"},"inLanguage":"fr-FR","potentialAction":[{"@type":"ReadAction","target":["https:\/\/atypique.brunotarhan.fr\/index.php\/produit\/largo-winch-tome-23-albumla-frontiere-de-la-nuiteric-giacometti-philippe-francqbertrand-denoulet-coloristedupuis\/"]}]},{"@type":"BreadcrumbList","@id":"https:\/\/atypique.brunotarhan.fr\/index.php\/produit\/largo-winch-tome-23-albumla-frontiere-de-la-nuiteric-giacometti-philippe-francqbertrand-denoulet-coloristedupuis\/#breadcrumb","itemListElement":[{"@type":"ListItem","position":1,"name":"Accueil","item":"https:\/\/atypique.brunotarhan.fr\/"},{"@type":"ListItem","position":2,"name":""},{"@type":"ListItem","position":3,"name":"Largo Winch Tome 23 &#8211; Album La fronti\u00e8re de la nuit Eric Giacometti, Philippe Francq Bertrand Denoulet (Coloriste) Dupuis"}]}]}},"_links":{"self":[{"href":"https:\/\/atypique.brunotarhan.fr\/index.php\/wp-json\/wp\/v2\/product\/16064","targetHints":{"allow":["GET"]}}],"collection":[{"href":"https:\/\/atypique.brunotarhan.fr\/index.php\/wp-json\/wp\/v2\/product"}],"about":[{"href":"https:\/\/atypique.brunotarhan.fr\/index.php\/wp-json\/wp\/v2\/types\/product"}],"replies":[{"embeddable":true,"href":"https:\/\/atypique.brunotarhan.fr\/index.php\/wp-json\/wp\/v2\/comments?post=16064"}],"wp:featuredmedia":[{"embeddable":true,"href":"https:\/\/atypique.brunotarhan.fr\/index.php\/wp-json\/wp\/v2\/media\/15813"}],"wp:attachment":[{"href":"https:\/\/atypique.brunotarhan.fr\/index.php\/wp-json\/wp\/v2\/media?parent=16064"}],"wp:term":[{"taxonomy":"product_cat","embeddable":true,"href":"https:\/\/atypique.brunotarhan.fr\/index.php\/wp-json\/wp\/v2\/product_cat?post=16064"},{"taxonomy":"product_tag","embeddable":true,"href":"https:\/\/atypique.brunotarhan.fr\/index.php\/wp-json\/wp\/v2\/product_tag?post=16064"}],"curies":[{"name":"wp","href":"https:\/\/api.w.org\/{rel}","templated":true}]}}