{"id":16054,"date":"2022-04-25T22:31:36","date_gmt":"2022-04-25T22:31:36","guid":{"rendered":"https:\/\/atypique.brunotarhan.fr\/index.php\/produit\/la-librairie-des-reves-ensevelis-grand-formatmadeline-martincharleston\/"},"modified":"2022-04-25T22:31:36","modified_gmt":"2022-04-25T22:31:36","slug":"la-librairie-des-reves-ensevelis-grand-formatmadeline-martincharleston","status":"publish","type":"product","link":"https:\/\/atypique.brunotarhan.fr\/index.php\/produit\/la-librairie-des-reves-ensevelis-grand-formatmadeline-martincharleston\/","title":{"rendered":"La librairie des r\u00eaves ensevelis &#8211; Grand Format\nMadeline Martin\nCharleston"},"content":{"rendered":"<p>Hyde Park, le grand magasin Harrods, les bus rouges \u00e0 imp\u00e9riale&#8230; En s&#8217;installant \u00e0 la capitale, Grace Bennett d\u00e9couvre le charme et l&#8217;effervescence de Londres. Mais le travail qu&#8217;elle d\u00e9croche dans une petite librairie est bien loin du glamour dont elle r\u00eavait. Les \u00e9tag\u00e8res o\u00f9 s&#8217;entassent les livres croulent sous la poussi\u00e8re, le propri\u00e9taire, Mr Evans, est aussi rev\u00eache et aust\u00e8re que l&#8217;int\u00e9rieur exigu de son \u00e9tablissement et dehors, la guerre gronde d\u00e9j\u00e0.<br \/>\nPourtant, entre les black-out et les \u00e9vacuations qui rythment son quotidien, c&#8217;est au coeur de ces rayonnages pleins \u00e0 craquer que Grace trouve une ressource insoup\u00e7onn\u00e9e et s&#8217;abandonne aux joies de la lecture. Une nuit de bombardements, alors que la panique r\u00e8gne dans l&#8217;abri antia\u00e9rien o\u00f9 tout le quartier a trouv\u00e9 refuge, Grace commence \u00e0 lire \u00e0 voix haute. Et chaque soir d&#8217;attaque, bravant l&#8217;horreur et la peur, elle va puiser dans les plus beaux romans de la litt\u00e9rature anglaise l&#8217;espoir de jours meilleurs.<br \/>\nInspir\u00e9 de l&#8217;histoire vraie des librairies londoniennes qui sont rest\u00e9es ouvertes pendant le Blitz, un roman historique poignant sur le pouvoir unificateur et inspirant des livres et de la litt\u00e9rature.<\/p>\n","protected":false},"excerpt":{"rendered":"<p>Hyde Park, le grand magasin Harrods, les bus rouges \u00e0 imp\u00e9riale&#8230; En s&#8217;installant \u00e0 la capitale, Grace Bennett d\u00e9couvre le charme et l&#8217;effervescence\u2026<\/p>\n","protected":false},"featured_media":15802,"comment_status":"open","ping_status":"closed","template":"","meta":[],"product_cat":[93,186],"product_tag":[285,401,402,189],"class_list":["post-16054","product","type-product","status-publish","has-post-thumbnail","hentry","product_cat-librairie","product_cat-romans","product_tag-charleston","product_tag-la-librairie-des-reves-ensevelis","product_tag-madeline-martin","product_tag-roman"],"yoast_head":"<!-- This site is optimized with the Yoast SEO plugin v18.0 - https:\/\/yoast.com\/wordpress\/plugins\/seo\/ -->\n<title>La librairie des r\u00eaves ensevelis - Grand Format Madeline Martin Charleston - Atypique Concept Store<\/title>\n<meta name=\"robots\" content=\"index, follow, max-snippet:-1, max-image-preview:large, max-video-preview:-1\" \/>\n<link rel=\"canonical\" href=\"https:\/\/atypique.brunotarhan.fr\/index.php\/produit\/la-librairie-des-reves-ensevelis-grand-formatmadeline-martincharleston\/\" \/>\n<meta property=\"og:locale\" content=\"fr_FR\" \/>\n<meta property=\"og:type\" content=\"article\" \/>\n<meta property=\"og:title\" content=\"La librairie des r\u00eaves ensevelis - Grand Format Madeline Martin Charleston - Atypique Concept Store\" \/>\n<meta property=\"og:description\" content=\"Hyde Park, le grand magasin Harrods, les bus rouges \u00e0 imp\u00e9riale... En s&#039;installant \u00e0 la capitale, Grace Bennett d\u00e9couvre le charme et l&#039;effervescence\u2026\" \/>\n<meta property=\"og:url\" content=\"https:\/\/atypique.brunotarhan.fr\/index.php\/produit\/la-librairie-des-reves-ensevelis-grand-formatmadeline-martincharleston\/\" \/>\n<meta property=\"og:site_name\" content=\"Atypique Concept Store\" \/>\n<meta name=\"twitter:card\" content=\"summary_large_image\" \/>\n<meta name=\"twitter:label1\" content=\"Dur\u00e9e de lecture estim\u00e9e\" \/>\n\t<meta name=\"twitter:data1\" content=\"1 minute\" \/>\n<script type=\"application\/ld+json\" class=\"yoast-schema-graph\">{\"@context\":\"https:\/\/schema.org\",\"@graph\":[{\"@type\":\"WebSite\",\"@id\":\"https:\/\/atypique.brunotarhan.fr\/#website\",\"url\":\"https:\/\/atypique.brunotarhan.fr\/\",\"name\":\"Atypique Concept Store\",\"description\":\"Just another WordPress site\",\"potentialAction\":[{\"@type\":\"SearchAction\",\"target\":{\"@type\":\"EntryPoint\",\"urlTemplate\":\"https:\/\/atypique.brunotarhan.fr\/?s={search_term_string}\"},\"query-input\":\"required name=search_term_string\"}],\"inLanguage\":\"fr-FR\"},{\"@type\":\"ImageObject\",\"@id\":\"https:\/\/atypique.brunotarhan.fr\/index.php\/produit\/la-librairie-des-reves-ensevelis-grand-formatmadeline-martincharleston\/#primaryimage\",\"inLanguage\":\"fr-FR\",\"url\":\"https:\/\/atypique.brunotarhan.fr\/wp-content\/uploads\/2022\/04\/la-librairie-des-reves-ensevelis.webp\",\"contentUrl\":\"https:\/\/atypique.brunotarhan.fr\/wp-content\/uploads\/2022\/04\/la-librairie-des-reves-ensevelis.webp\",\"width\":314,\"height\":500},{\"@type\":\"WebPage\",\"@id\":\"https:\/\/atypique.brunotarhan.fr\/index.php\/produit\/la-librairie-des-reves-ensevelis-grand-formatmadeline-martincharleston\/#webpage\",\"url\":\"https:\/\/atypique.brunotarhan.fr\/index.php\/produit\/la-librairie-des-reves-ensevelis-grand-formatmadeline-martincharleston\/\",\"name\":\"La librairie des r\u00eaves ensevelis - Grand Format Madeline Martin Charleston - Atypique Concept Store\",\"isPartOf\":{\"@id\":\"https:\/\/atypique.brunotarhan.fr\/#website\"},\"primaryImageOfPage\":{\"@id\":\"https:\/\/atypique.brunotarhan.fr\/index.php\/produit\/la-librairie-des-reves-ensevelis-grand-formatmadeline-martincharleston\/#primaryimage\"},\"datePublished\":\"2022-04-25T22:31:36+00:00\",\"dateModified\":\"2022-04-25T22:31:36+00:00\",\"breadcrumb\":{\"@id\":\"https:\/\/atypique.brunotarhan.fr\/index.php\/produit\/la-librairie-des-reves-ensevelis-grand-formatmadeline-martincharleston\/#breadcrumb\"},\"inLanguage\":\"fr-FR\",\"potentialAction\":[{\"@type\":\"ReadAction\",\"target\":[\"https:\/\/atypique.brunotarhan.fr\/index.php\/produit\/la-librairie-des-reves-ensevelis-grand-formatmadeline-martincharleston\/\"]}]},{\"@type\":\"BreadcrumbList\",\"@id\":\"https:\/\/atypique.brunotarhan.fr\/index.php\/produit\/la-librairie-des-reves-ensevelis-grand-formatmadeline-martincharleston\/#breadcrumb\",\"itemListElement\":[{\"@type\":\"ListItem\",\"position\":1,\"name\":\"Accueil\",\"item\":\"https:\/\/atypique.brunotarhan.fr\/\"},{\"@type\":\"ListItem\",\"position\":2,\"name\":\"\"},{\"@type\":\"ListItem\",\"position\":3,\"name\":\"La librairie des r\u00eaves ensevelis &#8211; Grand Format Madeline Martin Charleston\"}]}]}<\/script>\n<!-- \/ Yoast SEO plugin. -->","yoast_head_json":{"title":"La librairie des r\u00eaves ensevelis - Grand Format Madeline Martin Charleston - Atypique Concept Store","robots":{"index":"index","follow":"follow","max-snippet":"max-snippet:-1","max-image-preview":"max-image-preview:large","max-video-preview":"max-video-preview:-1"},"canonical":"https:\/\/atypique.brunotarhan.fr\/index.php\/produit\/la-librairie-des-reves-ensevelis-grand-formatmadeline-martincharleston\/","og_locale":"fr_FR","og_type":"article","og_title":"La librairie des r\u00eaves ensevelis - Grand Format Madeline Martin Charleston - Atypique Concept Store","og_description":"Hyde Park, le grand magasin Harrods, les bus rouges \u00e0 imp\u00e9riale... En s'installant \u00e0 la capitale, Grace Bennett d\u00e9couvre le charme et l'effervescence\u2026","og_url":"https:\/\/atypique.brunotarhan.fr\/index.php\/produit\/la-librairie-des-reves-ensevelis-grand-formatmadeline-martincharleston\/","og_site_name":"Atypique Concept Store","twitter_card":"summary_large_image","twitter_misc":{"Dur\u00e9e de lecture estim\u00e9e":"1 minute"},"schema":{"@context":"https:\/\/schema.org","@graph":[{"@type":"WebSite","@id":"https:\/\/atypique.brunotarhan.fr\/#website","url":"https:\/\/atypique.brunotarhan.fr\/","name":"Atypique Concept Store","description":"Just another WordPress site","potentialAction":[{"@type":"SearchAction","target":{"@type":"EntryPoint","urlTemplate":"https:\/\/atypique.brunotarhan.fr\/?s={search_term_string}"},"query-input":"required name=search_term_string"}],"inLanguage":"fr-FR"},{"@type":"ImageObject","@id":"https:\/\/atypique.brunotarhan.fr\/index.php\/produit\/la-librairie-des-reves-ensevelis-grand-formatmadeline-martincharleston\/#primaryimage","inLanguage":"fr-FR","url":"https:\/\/atypique.brunotarhan.fr\/wp-content\/uploads\/2022\/04\/la-librairie-des-reves-ensevelis.webp","contentUrl":"https:\/\/atypique.brunotarhan.fr\/wp-content\/uploads\/2022\/04\/la-librairie-des-reves-ensevelis.webp","width":314,"height":500},{"@type":"WebPage","@id":"https:\/\/atypique.brunotarhan.fr\/index.php\/produit\/la-librairie-des-reves-ensevelis-grand-formatmadeline-martincharleston\/#webpage","url":"https:\/\/atypique.brunotarhan.fr\/index.php\/produit\/la-librairie-des-reves-ensevelis-grand-formatmadeline-martincharleston\/","name":"La librairie des r\u00eaves ensevelis - Grand Format Madeline Martin Charleston - Atypique Concept Store","isPartOf":{"@id":"https:\/\/atypique.brunotarhan.fr\/#website"},"primaryImageOfPage":{"@id":"https:\/\/atypique.brunotarhan.fr\/index.php\/produit\/la-librairie-des-reves-ensevelis-grand-formatmadeline-martincharleston\/#primaryimage"},"datePublished":"2022-04-25T22:31:36+00:00","dateModified":"2022-04-25T22:31:36+00:00","breadcrumb":{"@id":"https:\/\/atypique.brunotarhan.fr\/index.php\/produit\/la-librairie-des-reves-ensevelis-grand-formatmadeline-martincharleston\/#breadcrumb"},"inLanguage":"fr-FR","potentialAction":[{"@type":"ReadAction","target":["https:\/\/atypique.brunotarhan.fr\/index.php\/produit\/la-librairie-des-reves-ensevelis-grand-formatmadeline-martincharleston\/"]}]},{"@type":"BreadcrumbList","@id":"https:\/\/atypique.brunotarhan.fr\/index.php\/produit\/la-librairie-des-reves-ensevelis-grand-formatmadeline-martincharleston\/#breadcrumb","itemListElement":[{"@type":"ListItem","position":1,"name":"Accueil","item":"https:\/\/atypique.brunotarhan.fr\/"},{"@type":"ListItem","position":2,"name":""},{"@type":"ListItem","position":3,"name":"La librairie des r\u00eaves ensevelis &#8211; Grand Format Madeline Martin Charleston"}]}]}},"_links":{"self":[{"href":"https:\/\/atypique.brunotarhan.fr\/index.php\/wp-json\/wp\/v2\/product\/16054","targetHints":{"allow":["GET"]}}],"collection":[{"href":"https:\/\/atypique.brunotarhan.fr\/index.php\/wp-json\/wp\/v2\/product"}],"about":[{"href":"https:\/\/atypique.brunotarhan.fr\/index.php\/wp-json\/wp\/v2\/types\/product"}],"replies":[{"embeddable":true,"href":"https:\/\/atypique.brunotarhan.fr\/index.php\/wp-json\/wp\/v2\/comments?post=16054"}],"wp:featuredmedia":[{"embeddable":true,"href":"https:\/\/atypique.brunotarhan.fr\/index.php\/wp-json\/wp\/v2\/media\/15802"}],"wp:attachment":[{"href":"https:\/\/atypique.brunotarhan.fr\/index.php\/wp-json\/wp\/v2\/media?parent=16054"}],"wp:term":[{"taxonomy":"product_cat","embeddable":true,"href":"https:\/\/atypique.brunotarhan.fr\/index.php\/wp-json\/wp\/v2\/product_cat?post=16054"},{"taxonomy":"product_tag","embeddable":true,"href":"https:\/\/atypique.brunotarhan.fr\/index.php\/wp-json\/wp\/v2\/product_tag?post=16054"}],"curies":[{"name":"wp","href":"https:\/\/api.w.org\/{rel}","templated":true}]}}