{"id":16047,"date":"2022-04-25T22:31:34","date_gmt":"2022-04-25T22:31:34","guid":{"rendered":"https:\/\/atypique.brunotarhan.fr\/index.php\/produit\/la-disparition-de-stephanie-mailerjoel-dickerrosie-wolfe\/"},"modified":"2022-04-25T22:31:34","modified_gmt":"2022-04-25T22:31:34","slug":"la-disparition-de-stephanie-mailerjoel-dickerrosie-wolfe","status":"publish","type":"product","link":"https:\/\/atypique.brunotarhan.fr\/index.php\/produit\/la-disparition-de-stephanie-mailerjoel-dickerrosie-wolfe\/","title":{"rendered":"La disparition de Stephanie Mailer\nJo\u00ebl Dicker\nRosie &#038; Wolfe"},"content":{"rendered":"<p>Qui a tu\u00e9 Stephanie Mailer ? 30 juillet 1994. Orphea, petite station baln\u00e9aire tranquille des Hamptons dans l&#8217;Etat de New York, est boulevers\u00e9e par un effroyable fait divers : le maire de la ville et sa famille sont assassin\u00e9s chez eux, ainsi qu&#8217;une passante, t\u00e9moin des meurtres. L&#8217;enqu\u00eate, confi\u00e9e \u00e0 la police d&#8217;Etat, est men\u00e9e par un duo de jeunes policiers, Jesse Rosenberg et Derek Scott. Ambitieux et tenaces, ils parviendront \u00e0 confondre le meurtrier, solides preuves \u00e0 l&#8217;appui, ce qui leur vaudra les louanges de leur hi\u00e9rarchie et m\u00eame une d\u00e9coration.<br \/>\nMais vingt ans plus tard, au d\u00e9but de l&#8217;\u00e9t\u00e9 2014, une journaliste du nom de Stephanie Mailer affirme \u00e0 Jesse qu&#8217;il s&#8217;est tromp\u00e9 de coupable \u00e0 l&#8217;\u00e9poque. Avant de dispara\u00eetre \u00e0 son tour dans des conditions myst\u00e9rieuses.<\/p>\n","protected":false},"excerpt":{"rendered":"<p>Qui a tu\u00e9 Stephanie Mailer ? 30 juillet 1994. Orphea, petite station baln\u00e9aire tranquille des Hamptons dans l&#8217;Etat de New York, est boulevers\u00e9e par\u2026<\/p>\n","protected":false},"featured_media":15794,"comment_status":"open","ping_status":"closed","template":"","meta":[],"product_cat":[93,204],"product_tag":[379,378,263,380],"class_list":["post-16047","product","type-product","status-publish","has-post-thumbnail","hentry","product_cat-librairie","product_cat-polars-thrillers","product_tag-joel-dicker","product_tag-la-disparition-de-stephanie-mailer","product_tag-polar","product_tag-rosie-wolfe"],"yoast_head":"<!-- This site is optimized with the Yoast SEO plugin v18.0 - https:\/\/yoast.com\/wordpress\/plugins\/seo\/ -->\n<title>La disparition de Stephanie Mailer Jo\u00ebl Dicker Rosie &amp; Wolfe - Atypique Concept Store<\/title>\n<meta name=\"robots\" content=\"index, follow, max-snippet:-1, max-image-preview:large, max-video-preview:-1\" \/>\n<link rel=\"canonical\" href=\"https:\/\/atypique.brunotarhan.fr\/index.php\/produit\/la-disparition-de-stephanie-mailerjoel-dickerrosie-wolfe\/\" \/>\n<meta property=\"og:locale\" content=\"fr_FR\" \/>\n<meta property=\"og:type\" content=\"article\" \/>\n<meta property=\"og:title\" content=\"La disparition de Stephanie Mailer Jo\u00ebl Dicker Rosie &amp; Wolfe - Atypique Concept Store\" \/>\n<meta property=\"og:description\" content=\"Qui a tu\u00e9 Stephanie Mailer ? 30 juillet 1994. Orphea, petite station baln\u00e9aire tranquille des Hamptons dans l&#039;Etat de New York, est boulevers\u00e9e par\u2026\" \/>\n<meta property=\"og:url\" content=\"https:\/\/atypique.brunotarhan.fr\/index.php\/produit\/la-disparition-de-stephanie-mailerjoel-dickerrosie-wolfe\/\" \/>\n<meta property=\"og:site_name\" content=\"Atypique Concept Store\" \/>\n<meta name=\"twitter:card\" content=\"summary_large_image\" \/>\n<meta name=\"twitter:label1\" content=\"Dur\u00e9e de lecture estim\u00e9e\" \/>\n\t<meta name=\"twitter:data1\" content=\"1 minute\" \/>\n<script type=\"application\/ld+json\" class=\"yoast-schema-graph\">{\"@context\":\"https:\/\/schema.org\",\"@graph\":[{\"@type\":\"WebSite\",\"@id\":\"https:\/\/atypique.brunotarhan.fr\/#website\",\"url\":\"https:\/\/atypique.brunotarhan.fr\/\",\"name\":\"Atypique Concept Store\",\"description\":\"Just another WordPress site\",\"potentialAction\":[{\"@type\":\"SearchAction\",\"target\":{\"@type\":\"EntryPoint\",\"urlTemplate\":\"https:\/\/atypique.brunotarhan.fr\/?s={search_term_string}\"},\"query-input\":\"required name=search_term_string\"}],\"inLanguage\":\"fr-FR\"},{\"@type\":\"ImageObject\",\"@id\":\"https:\/\/atypique.brunotarhan.fr\/index.php\/produit\/la-disparition-de-stephanie-mailerjoel-dickerrosie-wolfe\/#primaryimage\",\"inLanguage\":\"fr-FR\",\"url\":\"https:\/\/atypique.brunotarhan.fr\/wp-content\/uploads\/2022\/04\/la-disparition-de-stephanie-mailer.webp\",\"contentUrl\":\"https:\/\/atypique.brunotarhan.fr\/wp-content\/uploads\/2022\/04\/la-disparition-de-stephanie-mailer.webp\",\"width\":305,\"height\":500},{\"@type\":\"WebPage\",\"@id\":\"https:\/\/atypique.brunotarhan.fr\/index.php\/produit\/la-disparition-de-stephanie-mailerjoel-dickerrosie-wolfe\/#webpage\",\"url\":\"https:\/\/atypique.brunotarhan.fr\/index.php\/produit\/la-disparition-de-stephanie-mailerjoel-dickerrosie-wolfe\/\",\"name\":\"La disparition de Stephanie Mailer Jo\u00ebl Dicker Rosie & Wolfe - Atypique Concept Store\",\"isPartOf\":{\"@id\":\"https:\/\/atypique.brunotarhan.fr\/#website\"},\"primaryImageOfPage\":{\"@id\":\"https:\/\/atypique.brunotarhan.fr\/index.php\/produit\/la-disparition-de-stephanie-mailerjoel-dickerrosie-wolfe\/#primaryimage\"},\"datePublished\":\"2022-04-25T22:31:34+00:00\",\"dateModified\":\"2022-04-25T22:31:34+00:00\",\"breadcrumb\":{\"@id\":\"https:\/\/atypique.brunotarhan.fr\/index.php\/produit\/la-disparition-de-stephanie-mailerjoel-dickerrosie-wolfe\/#breadcrumb\"},\"inLanguage\":\"fr-FR\",\"potentialAction\":[{\"@type\":\"ReadAction\",\"target\":[\"https:\/\/atypique.brunotarhan.fr\/index.php\/produit\/la-disparition-de-stephanie-mailerjoel-dickerrosie-wolfe\/\"]}]},{\"@type\":\"BreadcrumbList\",\"@id\":\"https:\/\/atypique.brunotarhan.fr\/index.php\/produit\/la-disparition-de-stephanie-mailerjoel-dickerrosie-wolfe\/#breadcrumb\",\"itemListElement\":[{\"@type\":\"ListItem\",\"position\":1,\"name\":\"Accueil\",\"item\":\"https:\/\/atypique.brunotarhan.fr\/\"},{\"@type\":\"ListItem\",\"position\":2,\"name\":\"\"},{\"@type\":\"ListItem\",\"position\":3,\"name\":\"La disparition de Stephanie Mailer Jo\u00ebl Dicker Rosie &#038; Wolfe\"}]}]}<\/script>\n<!-- \/ Yoast SEO plugin. -->","yoast_head_json":{"title":"La disparition de Stephanie Mailer Jo\u00ebl Dicker Rosie & Wolfe - Atypique Concept Store","robots":{"index":"index","follow":"follow","max-snippet":"max-snippet:-1","max-image-preview":"max-image-preview:large","max-video-preview":"max-video-preview:-1"},"canonical":"https:\/\/atypique.brunotarhan.fr\/index.php\/produit\/la-disparition-de-stephanie-mailerjoel-dickerrosie-wolfe\/","og_locale":"fr_FR","og_type":"article","og_title":"La disparition de Stephanie Mailer Jo\u00ebl Dicker Rosie & Wolfe - Atypique Concept Store","og_description":"Qui a tu\u00e9 Stephanie Mailer ? 30 juillet 1994. Orphea, petite station baln\u00e9aire tranquille des Hamptons dans l'Etat de New York, est boulevers\u00e9e par\u2026","og_url":"https:\/\/atypique.brunotarhan.fr\/index.php\/produit\/la-disparition-de-stephanie-mailerjoel-dickerrosie-wolfe\/","og_site_name":"Atypique Concept Store","twitter_card":"summary_large_image","twitter_misc":{"Dur\u00e9e de lecture estim\u00e9e":"1 minute"},"schema":{"@context":"https:\/\/schema.org","@graph":[{"@type":"WebSite","@id":"https:\/\/atypique.brunotarhan.fr\/#website","url":"https:\/\/atypique.brunotarhan.fr\/","name":"Atypique Concept Store","description":"Just another WordPress site","potentialAction":[{"@type":"SearchAction","target":{"@type":"EntryPoint","urlTemplate":"https:\/\/atypique.brunotarhan.fr\/?s={search_term_string}"},"query-input":"required name=search_term_string"}],"inLanguage":"fr-FR"},{"@type":"ImageObject","@id":"https:\/\/atypique.brunotarhan.fr\/index.php\/produit\/la-disparition-de-stephanie-mailerjoel-dickerrosie-wolfe\/#primaryimage","inLanguage":"fr-FR","url":"https:\/\/atypique.brunotarhan.fr\/wp-content\/uploads\/2022\/04\/la-disparition-de-stephanie-mailer.webp","contentUrl":"https:\/\/atypique.brunotarhan.fr\/wp-content\/uploads\/2022\/04\/la-disparition-de-stephanie-mailer.webp","width":305,"height":500},{"@type":"WebPage","@id":"https:\/\/atypique.brunotarhan.fr\/index.php\/produit\/la-disparition-de-stephanie-mailerjoel-dickerrosie-wolfe\/#webpage","url":"https:\/\/atypique.brunotarhan.fr\/index.php\/produit\/la-disparition-de-stephanie-mailerjoel-dickerrosie-wolfe\/","name":"La disparition de Stephanie Mailer Jo\u00ebl Dicker Rosie & Wolfe - Atypique Concept Store","isPartOf":{"@id":"https:\/\/atypique.brunotarhan.fr\/#website"},"primaryImageOfPage":{"@id":"https:\/\/atypique.brunotarhan.fr\/index.php\/produit\/la-disparition-de-stephanie-mailerjoel-dickerrosie-wolfe\/#primaryimage"},"datePublished":"2022-04-25T22:31:34+00:00","dateModified":"2022-04-25T22:31:34+00:00","breadcrumb":{"@id":"https:\/\/atypique.brunotarhan.fr\/index.php\/produit\/la-disparition-de-stephanie-mailerjoel-dickerrosie-wolfe\/#breadcrumb"},"inLanguage":"fr-FR","potentialAction":[{"@type":"ReadAction","target":["https:\/\/atypique.brunotarhan.fr\/index.php\/produit\/la-disparition-de-stephanie-mailerjoel-dickerrosie-wolfe\/"]}]},{"@type":"BreadcrumbList","@id":"https:\/\/atypique.brunotarhan.fr\/index.php\/produit\/la-disparition-de-stephanie-mailerjoel-dickerrosie-wolfe\/#breadcrumb","itemListElement":[{"@type":"ListItem","position":1,"name":"Accueil","item":"https:\/\/atypique.brunotarhan.fr\/"},{"@type":"ListItem","position":2,"name":""},{"@type":"ListItem","position":3,"name":"La disparition de Stephanie Mailer Jo\u00ebl Dicker Rosie &#038; Wolfe"}]}]}},"_links":{"self":[{"href":"https:\/\/atypique.brunotarhan.fr\/index.php\/wp-json\/wp\/v2\/product\/16047","targetHints":{"allow":["GET"]}}],"collection":[{"href":"https:\/\/atypique.brunotarhan.fr\/index.php\/wp-json\/wp\/v2\/product"}],"about":[{"href":"https:\/\/atypique.brunotarhan.fr\/index.php\/wp-json\/wp\/v2\/types\/product"}],"replies":[{"embeddable":true,"href":"https:\/\/atypique.brunotarhan.fr\/index.php\/wp-json\/wp\/v2\/comments?post=16047"}],"wp:featuredmedia":[{"embeddable":true,"href":"https:\/\/atypique.brunotarhan.fr\/index.php\/wp-json\/wp\/v2\/media\/15794"}],"wp:attachment":[{"href":"https:\/\/atypique.brunotarhan.fr\/index.php\/wp-json\/wp\/v2\/media?parent=16047"}],"wp:term":[{"taxonomy":"product_cat","embeddable":true,"href":"https:\/\/atypique.brunotarhan.fr\/index.php\/wp-json\/wp\/v2\/product_cat?post=16047"},{"taxonomy":"product_tag","embeddable":true,"href":"https:\/\/atypique.brunotarhan.fr\/index.php\/wp-json\/wp\/v2\/product_tag?post=16047"}],"curies":[{"name":"wp","href":"https:\/\/api.w.org\/{rel}","templated":true}]}}