{"id":16046,"date":"2022-04-25T22:31:34","date_gmt":"2022-04-25T22:31:34","guid":{"rendered":"https:\/\/atypique.brunotarhan.fr\/index.php\/produit\/la-decision-grand-formatkarine-tuilgallimard\/"},"modified":"2022-04-25T22:31:34","modified_gmt":"2022-04-25T22:31:34","slug":"la-decision-grand-formatkarine-tuilgallimard","status":"publish","type":"product","link":"https:\/\/atypique.brunotarhan.fr\/index.php\/produit\/la-decision-grand-formatkarine-tuilgallimard\/","title":{"rendered":"La d\u00e9cision &#8211; Grand Format\nKarine Tuil\nGallimard"},"content":{"rendered":"<p>Mai 2016. Dans une aile ultras\u00e9curis\u00e9e du Palais de justice, la juge Alma Revel doit se prononcer sur le sort d&#8217;un jeune homme suspect\u00e9 d&#8217;avoir rejoint l&#8217;Etat islamique en Syrie. A ce dilemme professionnel s&#8217;en ajoute un autre, plus intime : mari\u00e9e depuis plus de vingt ans \u00e0 un \u00e9crivain \u00e0 succ\u00e8s sur le d\u00e9clin, Alma entretient une liaison avec l&#8217;avocat qui repr\u00e9sente le mis en examen. Entre raison et d\u00e9raison, ses choix risquent de bouleverser sa vie et celle du pays&#8230;<\/p>\n","protected":false},"excerpt":{"rendered":"<p>Mai 2016. Dans une aile ultras\u00e9curis\u00e9e du Palais de justice, la juge Alma Revel doit se prononcer sur le sort d&#8217;un jeune homme suspect\u00e9 d&#8217;avoir rejoint\u2026<\/p>\n","protected":false},"featured_media":15793,"comment_status":"open","ping_status":"closed","template":"","meta":[],"product_cat":[93,186],"product_tag":[236,377,376,189],"class_list":["post-16046","product","type-product","status-publish","has-post-thumbnail","hentry","product_cat-librairie","product_cat-romans","product_tag-gallimard","product_tag-karine-tuil","product_tag-la-decision","product_tag-roman"],"yoast_head":"<!-- This site is optimized with the Yoast SEO plugin v18.0 - https:\/\/yoast.com\/wordpress\/plugins\/seo\/ -->\n<title>La d\u00e9cision - Grand Format Karine Tuil Gallimard - Atypique Concept Store<\/title>\n<meta name=\"robots\" content=\"index, follow, max-snippet:-1, max-image-preview:large, max-video-preview:-1\" \/>\n<link rel=\"canonical\" href=\"https:\/\/atypique.brunotarhan.fr\/index.php\/produit\/la-decision-grand-formatkarine-tuilgallimard\/\" \/>\n<meta property=\"og:locale\" content=\"fr_FR\" \/>\n<meta property=\"og:type\" content=\"article\" \/>\n<meta property=\"og:title\" content=\"La d\u00e9cision - Grand Format Karine Tuil Gallimard - Atypique Concept Store\" \/>\n<meta property=\"og:description\" content=\"Mai 2016. Dans une aile ultras\u00e9curis\u00e9e du Palais de justice, la juge Alma Revel doit se prononcer sur le sort d&#039;un jeune homme suspect\u00e9 d&#039;avoir rejoint\u2026\" \/>\n<meta property=\"og:url\" content=\"https:\/\/atypique.brunotarhan.fr\/index.php\/produit\/la-decision-grand-formatkarine-tuilgallimard\/\" \/>\n<meta property=\"og:site_name\" content=\"Atypique Concept Store\" \/>\n<meta name=\"twitter:card\" content=\"summary_large_image\" \/>\n<script type=\"application\/ld+json\" class=\"yoast-schema-graph\">{\"@context\":\"https:\/\/schema.org\",\"@graph\":[{\"@type\":\"WebSite\",\"@id\":\"https:\/\/atypique.brunotarhan.fr\/#website\",\"url\":\"https:\/\/atypique.brunotarhan.fr\/\",\"name\":\"Atypique Concept Store\",\"description\":\"Just another WordPress site\",\"potentialAction\":[{\"@type\":\"SearchAction\",\"target\":{\"@type\":\"EntryPoint\",\"urlTemplate\":\"https:\/\/atypique.brunotarhan.fr\/?s={search_term_string}\"},\"query-input\":\"required name=search_term_string\"}],\"inLanguage\":\"fr-FR\"},{\"@type\":\"ImageObject\",\"@id\":\"https:\/\/atypique.brunotarhan.fr\/index.php\/produit\/la-decision-grand-formatkarine-tuilgallimard\/#primaryimage\",\"inLanguage\":\"fr-FR\",\"url\":\"https:\/\/atypique.brunotarhan.fr\/wp-content\/uploads\/2022\/04\/la-decision.webp\",\"contentUrl\":\"https:\/\/atypique.brunotarhan.fr\/wp-content\/uploads\/2022\/04\/la-decision.webp\",\"width\":342,\"height\":500},{\"@type\":\"WebPage\",\"@id\":\"https:\/\/atypique.brunotarhan.fr\/index.php\/produit\/la-decision-grand-formatkarine-tuilgallimard\/#webpage\",\"url\":\"https:\/\/atypique.brunotarhan.fr\/index.php\/produit\/la-decision-grand-formatkarine-tuilgallimard\/\",\"name\":\"La d\u00e9cision - Grand Format Karine Tuil Gallimard - Atypique Concept Store\",\"isPartOf\":{\"@id\":\"https:\/\/atypique.brunotarhan.fr\/#website\"},\"primaryImageOfPage\":{\"@id\":\"https:\/\/atypique.brunotarhan.fr\/index.php\/produit\/la-decision-grand-formatkarine-tuilgallimard\/#primaryimage\"},\"datePublished\":\"2022-04-25T22:31:34+00:00\",\"dateModified\":\"2022-04-25T22:31:34+00:00\",\"breadcrumb\":{\"@id\":\"https:\/\/atypique.brunotarhan.fr\/index.php\/produit\/la-decision-grand-formatkarine-tuilgallimard\/#breadcrumb\"},\"inLanguage\":\"fr-FR\",\"potentialAction\":[{\"@type\":\"ReadAction\",\"target\":[\"https:\/\/atypique.brunotarhan.fr\/index.php\/produit\/la-decision-grand-formatkarine-tuilgallimard\/\"]}]},{\"@type\":\"BreadcrumbList\",\"@id\":\"https:\/\/atypique.brunotarhan.fr\/index.php\/produit\/la-decision-grand-formatkarine-tuilgallimard\/#breadcrumb\",\"itemListElement\":[{\"@type\":\"ListItem\",\"position\":1,\"name\":\"Accueil\",\"item\":\"https:\/\/atypique.brunotarhan.fr\/\"},{\"@type\":\"ListItem\",\"position\":2,\"name\":\"\"},{\"@type\":\"ListItem\",\"position\":3,\"name\":\"La d\u00e9cision &#8211; Grand Format Karine Tuil Gallimard\"}]}]}<\/script>\n<!-- \/ Yoast SEO plugin. -->","yoast_head_json":{"title":"La d\u00e9cision - Grand Format Karine Tuil Gallimard - Atypique Concept Store","robots":{"index":"index","follow":"follow","max-snippet":"max-snippet:-1","max-image-preview":"max-image-preview:large","max-video-preview":"max-video-preview:-1"},"canonical":"https:\/\/atypique.brunotarhan.fr\/index.php\/produit\/la-decision-grand-formatkarine-tuilgallimard\/","og_locale":"fr_FR","og_type":"article","og_title":"La d\u00e9cision - Grand Format Karine Tuil Gallimard - Atypique Concept Store","og_description":"Mai 2016. Dans une aile ultras\u00e9curis\u00e9e du Palais de justice, la juge Alma Revel doit se prononcer sur le sort d'un jeune homme suspect\u00e9 d'avoir rejoint\u2026","og_url":"https:\/\/atypique.brunotarhan.fr\/index.php\/produit\/la-decision-grand-formatkarine-tuilgallimard\/","og_site_name":"Atypique Concept Store","twitter_card":"summary_large_image","schema":{"@context":"https:\/\/schema.org","@graph":[{"@type":"WebSite","@id":"https:\/\/atypique.brunotarhan.fr\/#website","url":"https:\/\/atypique.brunotarhan.fr\/","name":"Atypique Concept Store","description":"Just another WordPress site","potentialAction":[{"@type":"SearchAction","target":{"@type":"EntryPoint","urlTemplate":"https:\/\/atypique.brunotarhan.fr\/?s={search_term_string}"},"query-input":"required name=search_term_string"}],"inLanguage":"fr-FR"},{"@type":"ImageObject","@id":"https:\/\/atypique.brunotarhan.fr\/index.php\/produit\/la-decision-grand-formatkarine-tuilgallimard\/#primaryimage","inLanguage":"fr-FR","url":"https:\/\/atypique.brunotarhan.fr\/wp-content\/uploads\/2022\/04\/la-decision.webp","contentUrl":"https:\/\/atypique.brunotarhan.fr\/wp-content\/uploads\/2022\/04\/la-decision.webp","width":342,"height":500},{"@type":"WebPage","@id":"https:\/\/atypique.brunotarhan.fr\/index.php\/produit\/la-decision-grand-formatkarine-tuilgallimard\/#webpage","url":"https:\/\/atypique.brunotarhan.fr\/index.php\/produit\/la-decision-grand-formatkarine-tuilgallimard\/","name":"La d\u00e9cision - Grand Format Karine Tuil Gallimard - Atypique Concept Store","isPartOf":{"@id":"https:\/\/atypique.brunotarhan.fr\/#website"},"primaryImageOfPage":{"@id":"https:\/\/atypique.brunotarhan.fr\/index.php\/produit\/la-decision-grand-formatkarine-tuilgallimard\/#primaryimage"},"datePublished":"2022-04-25T22:31:34+00:00","dateModified":"2022-04-25T22:31:34+00:00","breadcrumb":{"@id":"https:\/\/atypique.brunotarhan.fr\/index.php\/produit\/la-decision-grand-formatkarine-tuilgallimard\/#breadcrumb"},"inLanguage":"fr-FR","potentialAction":[{"@type":"ReadAction","target":["https:\/\/atypique.brunotarhan.fr\/index.php\/produit\/la-decision-grand-formatkarine-tuilgallimard\/"]}]},{"@type":"BreadcrumbList","@id":"https:\/\/atypique.brunotarhan.fr\/index.php\/produit\/la-decision-grand-formatkarine-tuilgallimard\/#breadcrumb","itemListElement":[{"@type":"ListItem","position":1,"name":"Accueil","item":"https:\/\/atypique.brunotarhan.fr\/"},{"@type":"ListItem","position":2,"name":""},{"@type":"ListItem","position":3,"name":"La d\u00e9cision &#8211; Grand Format Karine Tuil Gallimard"}]}]}},"_links":{"self":[{"href":"https:\/\/atypique.brunotarhan.fr\/index.php\/wp-json\/wp\/v2\/product\/16046","targetHints":{"allow":["GET"]}}],"collection":[{"href":"https:\/\/atypique.brunotarhan.fr\/index.php\/wp-json\/wp\/v2\/product"}],"about":[{"href":"https:\/\/atypique.brunotarhan.fr\/index.php\/wp-json\/wp\/v2\/types\/product"}],"replies":[{"embeddable":true,"href":"https:\/\/atypique.brunotarhan.fr\/index.php\/wp-json\/wp\/v2\/comments?post=16046"}],"wp:featuredmedia":[{"embeddable":true,"href":"https:\/\/atypique.brunotarhan.fr\/index.php\/wp-json\/wp\/v2\/media\/15793"}],"wp:attachment":[{"href":"https:\/\/atypique.brunotarhan.fr\/index.php\/wp-json\/wp\/v2\/media?parent=16046"}],"wp:term":[{"taxonomy":"product_cat","embeddable":true,"href":"https:\/\/atypique.brunotarhan.fr\/index.php\/wp-json\/wp\/v2\/product_cat?post=16046"},{"taxonomy":"product_tag","embeddable":true,"href":"https:\/\/atypique.brunotarhan.fr\/index.php\/wp-json\/wp\/v2\/product_tag?post=16046"}],"curies":[{"name":"wp","href":"https:\/\/api.w.org\/{rel}","templated":true}]}}