{"id":16038,"date":"2022-04-25T22:31:28","date_gmt":"2022-04-25T22:31:28","guid":{"rendered":"https:\/\/atypique.brunotarhan.fr\/index.php\/produit\/la-belle-au-bois-dormantcharles-perraultfolio-cadet-les-classiquesgallimard-jeunesse\/"},"modified":"2022-04-25T22:31:28","modified_gmt":"2022-04-25T22:31:28","slug":"la-belle-au-bois-dormantcharles-perraultfolio-cadet-les-classiquesgallimard-jeunesse","status":"publish","type":"product","link":"https:\/\/atypique.brunotarhan.fr\/index.php\/produit\/la-belle-au-bois-dormantcharles-perraultfolio-cadet-les-classiquesgallimard-jeunesse\/","title":{"rendered":"La Belle au Bois dormant\nCharles Perrault\nFolio Cadet. Les classiques\nGallimard jeunesse"},"content":{"rendered":"<p>Le roi et la reine ont organis\u00e9 une f\u00eate splendide au palais pour le bapt\u00eame de leur petite princesse. Et ils lui ont donn\u00e9 pour marraines toutes les f\u00e9es du royaume. Toutes ? H\u00e9las non ! Ils ont oubli\u00e9 d&#8217;inviter une vieille f\u00e9e qui vit recluse dans sa tour. Pour se venger de cet affront, elle pr\u00e9dit \u00e0 l&#8217;enfant qu&#8217;elle se percera la main d&#8217;un fuseau et qu&#8217;elle en mourra&#8230;<\/p>\n","protected":false},"excerpt":{"rendered":"<p>Le roi et la reine ont organis\u00e9 une f\u00eate splendide au palais pour le bapt\u00eame de leur petite princesse. Et ils lui ont donn\u00e9 pour marraines toutes\u2026<\/p>\n","protected":false},"featured_media":15784,"comment_status":"open","ping_status":"closed","template":"","meta":[],"product_cat":[93,220],"product_tag":[235,354,302,352,353],"class_list":["post-16038","product","type-product","status-publish","has-post-thumbnail","hentry","product_cat-librairie","product_cat-livres-enfants","product_tag-charles-perrault","product_tag-folio-cadet-les-classiques","product_tag-gallimard-jeunesse","product_tag-la-belle-au-bois-dormant","product_tag-livre-enfant"],"yoast_head":"<!-- This site is optimized with the Yoast SEO plugin v18.0 - https:\/\/yoast.com\/wordpress\/plugins\/seo\/ -->\n<title>La Belle au Bois dormant Charles Perrault Folio Cadet. Les classiques Gallimard jeunesse - Atypique Concept Store<\/title>\n<meta name=\"robots\" content=\"index, follow, max-snippet:-1, max-image-preview:large, max-video-preview:-1\" \/>\n<link rel=\"canonical\" href=\"https:\/\/atypique.brunotarhan.fr\/index.php\/produit\/la-belle-au-bois-dormantcharles-perraultfolio-cadet-les-classiquesgallimard-jeunesse\/\" \/>\n<meta property=\"og:locale\" content=\"fr_FR\" \/>\n<meta property=\"og:type\" content=\"article\" \/>\n<meta property=\"og:title\" content=\"La Belle au Bois dormant Charles Perrault Folio Cadet. Les classiques Gallimard jeunesse - Atypique Concept Store\" \/>\n<meta property=\"og:description\" content=\"Le roi et la reine ont organis\u00e9 une f\u00eate splendide au palais pour le bapt\u00eame de leur petite princesse. Et ils lui ont donn\u00e9 pour marraines toutes\u2026\" \/>\n<meta property=\"og:url\" content=\"https:\/\/atypique.brunotarhan.fr\/index.php\/produit\/la-belle-au-bois-dormantcharles-perraultfolio-cadet-les-classiquesgallimard-jeunesse\/\" \/>\n<meta property=\"og:site_name\" content=\"Atypique Concept Store\" \/>\n<meta name=\"twitter:card\" content=\"summary_large_image\" \/>\n<script type=\"application\/ld+json\" class=\"yoast-schema-graph\">{\"@context\":\"https:\/\/schema.org\",\"@graph\":[{\"@type\":\"WebSite\",\"@id\":\"https:\/\/atypique.brunotarhan.fr\/#website\",\"url\":\"https:\/\/atypique.brunotarhan.fr\/\",\"name\":\"Atypique Concept Store\",\"description\":\"Just another WordPress site\",\"potentialAction\":[{\"@type\":\"SearchAction\",\"target\":{\"@type\":\"EntryPoint\",\"urlTemplate\":\"https:\/\/atypique.brunotarhan.fr\/?s={search_term_string}\"},\"query-input\":\"required name=search_term_string\"}],\"inLanguage\":\"fr-FR\"},{\"@type\":\"ImageObject\",\"@id\":\"https:\/\/atypique.brunotarhan.fr\/index.php\/produit\/la-belle-au-bois-dormantcharles-perraultfolio-cadet-les-classiquesgallimard-jeunesse\/#primaryimage\",\"inLanguage\":\"fr-FR\",\"url\":\"https:\/\/atypique.brunotarhan.fr\/wp-content\/uploads\/2022\/04\/la-belle-au-bois-dormant.webp\",\"contentUrl\":\"https:\/\/atypique.brunotarhan.fr\/wp-content\/uploads\/2022\/04\/la-belle-au-bois-dormant.webp\",\"width\":325,\"height\":500},{\"@type\":\"WebPage\",\"@id\":\"https:\/\/atypique.brunotarhan.fr\/index.php\/produit\/la-belle-au-bois-dormantcharles-perraultfolio-cadet-les-classiquesgallimard-jeunesse\/#webpage\",\"url\":\"https:\/\/atypique.brunotarhan.fr\/index.php\/produit\/la-belle-au-bois-dormantcharles-perraultfolio-cadet-les-classiquesgallimard-jeunesse\/\",\"name\":\"La Belle au Bois dormant Charles Perrault Folio Cadet. Les classiques Gallimard jeunesse - Atypique Concept Store\",\"isPartOf\":{\"@id\":\"https:\/\/atypique.brunotarhan.fr\/#website\"},\"primaryImageOfPage\":{\"@id\":\"https:\/\/atypique.brunotarhan.fr\/index.php\/produit\/la-belle-au-bois-dormantcharles-perraultfolio-cadet-les-classiquesgallimard-jeunesse\/#primaryimage\"},\"datePublished\":\"2022-04-25T22:31:28+00:00\",\"dateModified\":\"2022-04-25T22:31:28+00:00\",\"breadcrumb\":{\"@id\":\"https:\/\/atypique.brunotarhan.fr\/index.php\/produit\/la-belle-au-bois-dormantcharles-perraultfolio-cadet-les-classiquesgallimard-jeunesse\/#breadcrumb\"},\"inLanguage\":\"fr-FR\",\"potentialAction\":[{\"@type\":\"ReadAction\",\"target\":[\"https:\/\/atypique.brunotarhan.fr\/index.php\/produit\/la-belle-au-bois-dormantcharles-perraultfolio-cadet-les-classiquesgallimard-jeunesse\/\"]}]},{\"@type\":\"BreadcrumbList\",\"@id\":\"https:\/\/atypique.brunotarhan.fr\/index.php\/produit\/la-belle-au-bois-dormantcharles-perraultfolio-cadet-les-classiquesgallimard-jeunesse\/#breadcrumb\",\"itemListElement\":[{\"@type\":\"ListItem\",\"position\":1,\"name\":\"Accueil\",\"item\":\"https:\/\/atypique.brunotarhan.fr\/\"},{\"@type\":\"ListItem\",\"position\":2,\"name\":\"\"},{\"@type\":\"ListItem\",\"position\":3,\"name\":\"La Belle au Bois dormant Charles Perrault Folio Cadet. Les classiques Gallimard jeunesse\"}]}]}<\/script>\n<!-- \/ Yoast SEO plugin. -->","yoast_head_json":{"title":"La Belle au Bois dormant Charles Perrault Folio Cadet. Les classiques Gallimard jeunesse - Atypique Concept Store","robots":{"index":"index","follow":"follow","max-snippet":"max-snippet:-1","max-image-preview":"max-image-preview:large","max-video-preview":"max-video-preview:-1"},"canonical":"https:\/\/atypique.brunotarhan.fr\/index.php\/produit\/la-belle-au-bois-dormantcharles-perraultfolio-cadet-les-classiquesgallimard-jeunesse\/","og_locale":"fr_FR","og_type":"article","og_title":"La Belle au Bois dormant Charles Perrault Folio Cadet. Les classiques Gallimard jeunesse - Atypique Concept Store","og_description":"Le roi et la reine ont organis\u00e9 une f\u00eate splendide au palais pour le bapt\u00eame de leur petite princesse. Et ils lui ont donn\u00e9 pour marraines toutes\u2026","og_url":"https:\/\/atypique.brunotarhan.fr\/index.php\/produit\/la-belle-au-bois-dormantcharles-perraultfolio-cadet-les-classiquesgallimard-jeunesse\/","og_site_name":"Atypique Concept Store","twitter_card":"summary_large_image","schema":{"@context":"https:\/\/schema.org","@graph":[{"@type":"WebSite","@id":"https:\/\/atypique.brunotarhan.fr\/#website","url":"https:\/\/atypique.brunotarhan.fr\/","name":"Atypique Concept Store","description":"Just another WordPress site","potentialAction":[{"@type":"SearchAction","target":{"@type":"EntryPoint","urlTemplate":"https:\/\/atypique.brunotarhan.fr\/?s={search_term_string}"},"query-input":"required name=search_term_string"}],"inLanguage":"fr-FR"},{"@type":"ImageObject","@id":"https:\/\/atypique.brunotarhan.fr\/index.php\/produit\/la-belle-au-bois-dormantcharles-perraultfolio-cadet-les-classiquesgallimard-jeunesse\/#primaryimage","inLanguage":"fr-FR","url":"https:\/\/atypique.brunotarhan.fr\/wp-content\/uploads\/2022\/04\/la-belle-au-bois-dormant.webp","contentUrl":"https:\/\/atypique.brunotarhan.fr\/wp-content\/uploads\/2022\/04\/la-belle-au-bois-dormant.webp","width":325,"height":500},{"@type":"WebPage","@id":"https:\/\/atypique.brunotarhan.fr\/index.php\/produit\/la-belle-au-bois-dormantcharles-perraultfolio-cadet-les-classiquesgallimard-jeunesse\/#webpage","url":"https:\/\/atypique.brunotarhan.fr\/index.php\/produit\/la-belle-au-bois-dormantcharles-perraultfolio-cadet-les-classiquesgallimard-jeunesse\/","name":"La Belle au Bois dormant Charles Perrault Folio Cadet. Les classiques Gallimard jeunesse - Atypique Concept Store","isPartOf":{"@id":"https:\/\/atypique.brunotarhan.fr\/#website"},"primaryImageOfPage":{"@id":"https:\/\/atypique.brunotarhan.fr\/index.php\/produit\/la-belle-au-bois-dormantcharles-perraultfolio-cadet-les-classiquesgallimard-jeunesse\/#primaryimage"},"datePublished":"2022-04-25T22:31:28+00:00","dateModified":"2022-04-25T22:31:28+00:00","breadcrumb":{"@id":"https:\/\/atypique.brunotarhan.fr\/index.php\/produit\/la-belle-au-bois-dormantcharles-perraultfolio-cadet-les-classiquesgallimard-jeunesse\/#breadcrumb"},"inLanguage":"fr-FR","potentialAction":[{"@type":"ReadAction","target":["https:\/\/atypique.brunotarhan.fr\/index.php\/produit\/la-belle-au-bois-dormantcharles-perraultfolio-cadet-les-classiquesgallimard-jeunesse\/"]}]},{"@type":"BreadcrumbList","@id":"https:\/\/atypique.brunotarhan.fr\/index.php\/produit\/la-belle-au-bois-dormantcharles-perraultfolio-cadet-les-classiquesgallimard-jeunesse\/#breadcrumb","itemListElement":[{"@type":"ListItem","position":1,"name":"Accueil","item":"https:\/\/atypique.brunotarhan.fr\/"},{"@type":"ListItem","position":2,"name":""},{"@type":"ListItem","position":3,"name":"La Belle au Bois dormant Charles Perrault Folio Cadet. Les classiques Gallimard jeunesse"}]}]}},"_links":{"self":[{"href":"https:\/\/atypique.brunotarhan.fr\/index.php\/wp-json\/wp\/v2\/product\/16038","targetHints":{"allow":["GET"]}}],"collection":[{"href":"https:\/\/atypique.brunotarhan.fr\/index.php\/wp-json\/wp\/v2\/product"}],"about":[{"href":"https:\/\/atypique.brunotarhan.fr\/index.php\/wp-json\/wp\/v2\/types\/product"}],"replies":[{"embeddable":true,"href":"https:\/\/atypique.brunotarhan.fr\/index.php\/wp-json\/wp\/v2\/comments?post=16038"}],"wp:featuredmedia":[{"embeddable":true,"href":"https:\/\/atypique.brunotarhan.fr\/index.php\/wp-json\/wp\/v2\/media\/15784"}],"wp:attachment":[{"href":"https:\/\/atypique.brunotarhan.fr\/index.php\/wp-json\/wp\/v2\/media?parent=16038"}],"wp:term":[{"taxonomy":"product_cat","embeddable":true,"href":"https:\/\/atypique.brunotarhan.fr\/index.php\/wp-json\/wp\/v2\/product_cat?post=16038"},{"taxonomy":"product_tag","embeddable":true,"href":"https:\/\/atypique.brunotarhan.fr\/index.php\/wp-json\/wp\/v2\/product_tag?post=16038"}],"curies":[{"name":"wp","href":"https:\/\/api.w.org\/{rel}","templated":true}]}}