{"id":16037,"date":"2022-04-25T22:31:27","date_gmt":"2022-04-25T22:31:27","guid":{"rendered":"https:\/\/atypique.brunotarhan.fr\/index.php\/produit\/kilometre-zero-le-chemin-du-bonheurmaud-ankaouajai-lu\/"},"modified":"2022-04-25T22:31:27","modified_gmt":"2022-04-25T22:31:27","slug":"kilometre-zero-le-chemin-du-bonheurmaud-ankaouajai-lu","status":"publish","type":"product","link":"https:\/\/atypique.brunotarhan.fr\/index.php\/produit\/kilometre-zero-le-chemin-du-bonheurmaud-ankaouajai-lu\/","title":{"rendered":"Kilom\u00e8tre z\u00e9ro &#8211; Le chemin du bonheur\nMaud Ankaoua\nJ&#8217;ai lu"},"content":{"rendered":"<p>Ma\u00eblle, directrice financi\u00e8re d&#8217;une start-up en pleine expansion, n&#8217;a tout simplement pas le temps pour les r\u00eaves. Mais quand sa meilleure amie, Romane, lui demande un immense service &#8211; question de vie ou de mort -, elle accepte malgr\u00e9 elle de rejoindre le N\u00e9pal. Elle ignore que l&#8217;ascension des Annapurnas qu&#8217;elle s&#8217;appr\u00eate \u00e0 faire sera aussi le d\u00e9but d&#8217;un v\u00e9ritable parcours initiatique. Au cours d&#8217;exp\u00e9riences et de rencontres bouleversantes, Ma\u00eblle va apprendre les secrets du bonheur profond et transformer sa vie.<br \/>\nMais r\u00e9ussira-t-elle \u00e0 sauver son amie ? Passionn\u00e9e par les relations humaines, Maud Ankaoua signe un premier roman riche d&#8217;enseignements et rempli d&#8217;espoir. Il changera pour toujours notre compr\u00e9hension des autres et nous rappelle l&#8217;essentiel de la vie.<\/p>\n","protected":false},"excerpt":{"rendered":"<p>Ma\u00eblle, directrice financi\u00e8re d&#8217;une start-up en pleine expansion, n&#8217;a tout simplement pas le temps pour les r\u00eaves. Mais quand sa meilleure amie, Romane,\u2026<\/p>\n","protected":false},"featured_media":15783,"comment_status":"open","ping_status":"closed","template":"","meta":[],"product_cat":[93,186],"product_tag":[249,350,351,189],"class_list":["post-16037","product","type-product","status-publish","has-post-thumbnail","hentry","product_cat-librairie","product_cat-romans","product_tag-jai-lu","product_tag-kilometre-zero","product_tag-maud-ankaoua","product_tag-roman"],"yoast_head":"<!-- This site is optimized with the Yoast SEO plugin v18.0 - https:\/\/yoast.com\/wordpress\/plugins\/seo\/ -->\n<title>Kilom\u00e8tre z\u00e9ro - Le chemin du bonheur Maud Ankaoua J&#039;ai lu - Atypique Concept Store<\/title>\n<meta name=\"robots\" content=\"index, follow, max-snippet:-1, max-image-preview:large, max-video-preview:-1\" \/>\n<link rel=\"canonical\" href=\"https:\/\/atypique.brunotarhan.fr\/index.php\/produit\/kilometre-zero-le-chemin-du-bonheurmaud-ankaouajai-lu\/\" \/>\n<meta property=\"og:locale\" content=\"fr_FR\" \/>\n<meta property=\"og:type\" content=\"article\" \/>\n<meta property=\"og:title\" content=\"Kilom\u00e8tre z\u00e9ro - Le chemin du bonheur Maud Ankaoua J&#039;ai lu - Atypique Concept Store\" \/>\n<meta property=\"og:description\" content=\"Ma\u00eblle, directrice financi\u00e8re d&#039;une start-up en pleine expansion, n&#039;a tout simplement pas le temps pour les r\u00eaves. Mais quand sa meilleure amie, Romane,\u2026\" \/>\n<meta property=\"og:url\" content=\"https:\/\/atypique.brunotarhan.fr\/index.php\/produit\/kilometre-zero-le-chemin-du-bonheurmaud-ankaouajai-lu\/\" \/>\n<meta property=\"og:site_name\" content=\"Atypique Concept Store\" \/>\n<meta name=\"twitter:card\" content=\"summary_large_image\" \/>\n<meta name=\"twitter:label1\" content=\"Dur\u00e9e de lecture estim\u00e9e\" \/>\n\t<meta name=\"twitter:data1\" content=\"1 minute\" \/>\n<script type=\"application\/ld+json\" class=\"yoast-schema-graph\">{\"@context\":\"https:\/\/schema.org\",\"@graph\":[{\"@type\":\"WebSite\",\"@id\":\"https:\/\/atypique.brunotarhan.fr\/#website\",\"url\":\"https:\/\/atypique.brunotarhan.fr\/\",\"name\":\"Atypique Concept Store\",\"description\":\"Just another WordPress site\",\"potentialAction\":[{\"@type\":\"SearchAction\",\"target\":{\"@type\":\"EntryPoint\",\"urlTemplate\":\"https:\/\/atypique.brunotarhan.fr\/?s={search_term_string}\"},\"query-input\":\"required name=search_term_string\"}],\"inLanguage\":\"fr-FR\"},{\"@type\":\"ImageObject\",\"@id\":\"https:\/\/atypique.brunotarhan.fr\/index.php\/produit\/kilometre-zero-le-chemin-du-bonheurmaud-ankaouajai-lu\/#primaryimage\",\"inLanguage\":\"fr-FR\",\"url\":\"https:\/\/atypique.brunotarhan.fr\/wp-content\/uploads\/2022\/04\/kilometre-zero.webp\",\"contentUrl\":\"https:\/\/atypique.brunotarhan.fr\/wp-content\/uploads\/2022\/04\/kilometre-zero.webp\",\"width\":309,\"height\":500},{\"@type\":\"WebPage\",\"@id\":\"https:\/\/atypique.brunotarhan.fr\/index.php\/produit\/kilometre-zero-le-chemin-du-bonheurmaud-ankaouajai-lu\/#webpage\",\"url\":\"https:\/\/atypique.brunotarhan.fr\/index.php\/produit\/kilometre-zero-le-chemin-du-bonheurmaud-ankaouajai-lu\/\",\"name\":\"Kilom\u00e8tre z\u00e9ro - Le chemin du bonheur Maud Ankaoua J'ai lu - Atypique Concept Store\",\"isPartOf\":{\"@id\":\"https:\/\/atypique.brunotarhan.fr\/#website\"},\"primaryImageOfPage\":{\"@id\":\"https:\/\/atypique.brunotarhan.fr\/index.php\/produit\/kilometre-zero-le-chemin-du-bonheurmaud-ankaouajai-lu\/#primaryimage\"},\"datePublished\":\"2022-04-25T22:31:27+00:00\",\"dateModified\":\"2022-04-25T22:31:27+00:00\",\"breadcrumb\":{\"@id\":\"https:\/\/atypique.brunotarhan.fr\/index.php\/produit\/kilometre-zero-le-chemin-du-bonheurmaud-ankaouajai-lu\/#breadcrumb\"},\"inLanguage\":\"fr-FR\",\"potentialAction\":[{\"@type\":\"ReadAction\",\"target\":[\"https:\/\/atypique.brunotarhan.fr\/index.php\/produit\/kilometre-zero-le-chemin-du-bonheurmaud-ankaouajai-lu\/\"]}]},{\"@type\":\"BreadcrumbList\",\"@id\":\"https:\/\/atypique.brunotarhan.fr\/index.php\/produit\/kilometre-zero-le-chemin-du-bonheurmaud-ankaouajai-lu\/#breadcrumb\",\"itemListElement\":[{\"@type\":\"ListItem\",\"position\":1,\"name\":\"Accueil\",\"item\":\"https:\/\/atypique.brunotarhan.fr\/\"},{\"@type\":\"ListItem\",\"position\":2,\"name\":\"\"},{\"@type\":\"ListItem\",\"position\":3,\"name\":\"Kilom\u00e8tre z\u00e9ro &#8211; Le chemin du bonheur Maud Ankaoua J&#8217;ai lu\"}]}]}<\/script>\n<!-- \/ Yoast SEO plugin. -->","yoast_head_json":{"title":"Kilom\u00e8tre z\u00e9ro - Le chemin du bonheur Maud Ankaoua J'ai lu - Atypique Concept Store","robots":{"index":"index","follow":"follow","max-snippet":"max-snippet:-1","max-image-preview":"max-image-preview:large","max-video-preview":"max-video-preview:-1"},"canonical":"https:\/\/atypique.brunotarhan.fr\/index.php\/produit\/kilometre-zero-le-chemin-du-bonheurmaud-ankaouajai-lu\/","og_locale":"fr_FR","og_type":"article","og_title":"Kilom\u00e8tre z\u00e9ro - Le chemin du bonheur Maud Ankaoua J'ai lu - Atypique Concept Store","og_description":"Ma\u00eblle, directrice financi\u00e8re d'une start-up en pleine expansion, n'a tout simplement pas le temps pour les r\u00eaves. Mais quand sa meilleure amie, Romane,\u2026","og_url":"https:\/\/atypique.brunotarhan.fr\/index.php\/produit\/kilometre-zero-le-chemin-du-bonheurmaud-ankaouajai-lu\/","og_site_name":"Atypique Concept Store","twitter_card":"summary_large_image","twitter_misc":{"Dur\u00e9e de lecture estim\u00e9e":"1 minute"},"schema":{"@context":"https:\/\/schema.org","@graph":[{"@type":"WebSite","@id":"https:\/\/atypique.brunotarhan.fr\/#website","url":"https:\/\/atypique.brunotarhan.fr\/","name":"Atypique Concept Store","description":"Just another WordPress site","potentialAction":[{"@type":"SearchAction","target":{"@type":"EntryPoint","urlTemplate":"https:\/\/atypique.brunotarhan.fr\/?s={search_term_string}"},"query-input":"required name=search_term_string"}],"inLanguage":"fr-FR"},{"@type":"ImageObject","@id":"https:\/\/atypique.brunotarhan.fr\/index.php\/produit\/kilometre-zero-le-chemin-du-bonheurmaud-ankaouajai-lu\/#primaryimage","inLanguage":"fr-FR","url":"https:\/\/atypique.brunotarhan.fr\/wp-content\/uploads\/2022\/04\/kilometre-zero.webp","contentUrl":"https:\/\/atypique.brunotarhan.fr\/wp-content\/uploads\/2022\/04\/kilometre-zero.webp","width":309,"height":500},{"@type":"WebPage","@id":"https:\/\/atypique.brunotarhan.fr\/index.php\/produit\/kilometre-zero-le-chemin-du-bonheurmaud-ankaouajai-lu\/#webpage","url":"https:\/\/atypique.brunotarhan.fr\/index.php\/produit\/kilometre-zero-le-chemin-du-bonheurmaud-ankaouajai-lu\/","name":"Kilom\u00e8tre z\u00e9ro - Le chemin du bonheur Maud Ankaoua J'ai lu - Atypique Concept Store","isPartOf":{"@id":"https:\/\/atypique.brunotarhan.fr\/#website"},"primaryImageOfPage":{"@id":"https:\/\/atypique.brunotarhan.fr\/index.php\/produit\/kilometre-zero-le-chemin-du-bonheurmaud-ankaouajai-lu\/#primaryimage"},"datePublished":"2022-04-25T22:31:27+00:00","dateModified":"2022-04-25T22:31:27+00:00","breadcrumb":{"@id":"https:\/\/atypique.brunotarhan.fr\/index.php\/produit\/kilometre-zero-le-chemin-du-bonheurmaud-ankaouajai-lu\/#breadcrumb"},"inLanguage":"fr-FR","potentialAction":[{"@type":"ReadAction","target":["https:\/\/atypique.brunotarhan.fr\/index.php\/produit\/kilometre-zero-le-chemin-du-bonheurmaud-ankaouajai-lu\/"]}]},{"@type":"BreadcrumbList","@id":"https:\/\/atypique.brunotarhan.fr\/index.php\/produit\/kilometre-zero-le-chemin-du-bonheurmaud-ankaouajai-lu\/#breadcrumb","itemListElement":[{"@type":"ListItem","position":1,"name":"Accueil","item":"https:\/\/atypique.brunotarhan.fr\/"},{"@type":"ListItem","position":2,"name":""},{"@type":"ListItem","position":3,"name":"Kilom\u00e8tre z\u00e9ro &#8211; Le chemin du bonheur Maud Ankaoua J&#8217;ai lu"}]}]}},"_links":{"self":[{"href":"https:\/\/atypique.brunotarhan.fr\/index.php\/wp-json\/wp\/v2\/product\/16037","targetHints":{"allow":["GET"]}}],"collection":[{"href":"https:\/\/atypique.brunotarhan.fr\/index.php\/wp-json\/wp\/v2\/product"}],"about":[{"href":"https:\/\/atypique.brunotarhan.fr\/index.php\/wp-json\/wp\/v2\/types\/product"}],"replies":[{"embeddable":true,"href":"https:\/\/atypique.brunotarhan.fr\/index.php\/wp-json\/wp\/v2\/comments?post=16037"}],"wp:featuredmedia":[{"embeddable":true,"href":"https:\/\/atypique.brunotarhan.fr\/index.php\/wp-json\/wp\/v2\/media\/15783"}],"wp:attachment":[{"href":"https:\/\/atypique.brunotarhan.fr\/index.php\/wp-json\/wp\/v2\/media?parent=16037"}],"wp:term":[{"taxonomy":"product_cat","embeddable":true,"href":"https:\/\/atypique.brunotarhan.fr\/index.php\/wp-json\/wp\/v2\/product_cat?post=16037"},{"taxonomy":"product_tag","embeddable":true,"href":"https:\/\/atypique.brunotarhan.fr\/index.php\/wp-json\/wp\/v2\/product_tag?post=16037"}],"curies":[{"name":"wp","href":"https:\/\/api.w.org\/{rel}","templated":true}]}}