{"id":16022,"date":"2022-04-25T22:31:24","date_gmt":"2022-04-25T22:31:24","guid":{"rendered":"https:\/\/atypique.brunotarhan.fr\/index.php\/produit\/le-cycle-de-fondation-integrale-tome-1fondation-fondation-et-empire-seconde-fondationisaac-asimovfolio\/"},"modified":"2022-04-25T22:31:24","modified_gmt":"2022-04-25T22:31:24","slug":"le-cycle-de-fondation-integrale-tome-1fondation-fondation-et-empire-seconde-fondationisaac-asimovfolio","status":"publish","type":"product","link":"https:\/\/atypique.brunotarhan.fr\/index.php\/produit\/le-cycle-de-fondation-integrale-tome-1fondation-fondation-et-empire-seconde-fondationisaac-asimovfolio\/","title":{"rendered":"Le cycle de Fondation Int\u00e9grale Tome 1\nFondation ; Fondation et empire ; Seconde fondation\nIsaac Asimov\nFolio"},"content":{"rendered":"<p>Gr\u00e2ce \u00e0 la psychohistoire qu&#8217;il a invent\u00e9e, Hari Seldon pr\u00e9voit l&#8217;effondrement de l&#8217;Empire galactique, suivi d&#8217;une \u00e8re de t\u00e9n\u00e8bres de trente mille ans. Seule solution pour r\u00e9duire cette p\u00e9riode \u00e0 mille ans : la Fondation. Mais celle-ci a de nombreux et puissants ennemis&#8230;<\/p>\n","protected":false},"excerpt":{"rendered":"<p>Gr\u00e2ce \u00e0 la psychohistoire qu&#8217;il a invent\u00e9e, Hari Seldon pr\u00e9voit l&#8217;effondrement de l&#8217;Empire galactique, suivi d&#8217;une \u00e8re de t\u00e9n\u00e8bres de trente mille&#8230; <\/p>\n","protected":false},"featured_media":15768,"comment_status":"open","ping_status":"closed","template":"","meta":[],"product_cat":[93,230],"product_tag":[313,311,236,312,233],"class_list":["post-16022","product","type-product","status-publish","has-post-thumbnail","hentry","product_cat-librairie","product_cat-science-fiction","product_tag-folio","product_tag-fondation","product_tag-gallimard","product_tag-isaac-asimov","product_tag-science-fiction"],"yoast_head":"<!-- This site is optimized with the Yoast SEO plugin v18.0 - https:\/\/yoast.com\/wordpress\/plugins\/seo\/ -->\n<title>Le cycle de Fondation Int\u00e9grale Tome 1 Fondation ; Fondation et empire ; Seconde fondation Isaac Asimov Folio - Atypique Concept Store<\/title>\n<meta name=\"robots\" content=\"index, follow, max-snippet:-1, max-image-preview:large, max-video-preview:-1\" \/>\n<link rel=\"canonical\" href=\"https:\/\/atypique.brunotarhan.fr\/index.php\/produit\/le-cycle-de-fondation-integrale-tome-1fondation-fondation-et-empire-seconde-fondationisaac-asimovfolio\/\" \/>\n<meta property=\"og:locale\" content=\"fr_FR\" \/>\n<meta property=\"og:type\" content=\"article\" \/>\n<meta property=\"og:title\" content=\"Le cycle de Fondation Int\u00e9grale Tome 1 Fondation ; Fondation et empire ; Seconde fondation Isaac Asimov Folio - Atypique Concept Store\" \/>\n<meta property=\"og:description\" content=\"Gr\u00e2ce \u00e0 la psychohistoire qu&#039;il a invent\u00e9e, Hari Seldon pr\u00e9voit l&#039;effondrement de l&#039;Empire galactique, suivi d&#039;une \u00e8re de t\u00e9n\u00e8bres de trente mille...\" \/>\n<meta property=\"og:url\" content=\"https:\/\/atypique.brunotarhan.fr\/index.php\/produit\/le-cycle-de-fondation-integrale-tome-1fondation-fondation-et-empire-seconde-fondationisaac-asimovfolio\/\" \/>\n<meta property=\"og:site_name\" content=\"Atypique Concept Store\" \/>\n<meta name=\"twitter:card\" content=\"summary_large_image\" \/>\n<script type=\"application\/ld+json\" class=\"yoast-schema-graph\">{\"@context\":\"https:\/\/schema.org\",\"@graph\":[{\"@type\":\"WebSite\",\"@id\":\"https:\/\/atypique.brunotarhan.fr\/#website\",\"url\":\"https:\/\/atypique.brunotarhan.fr\/\",\"name\":\"Atypique Concept Store\",\"description\":\"Just another WordPress site\",\"potentialAction\":[{\"@type\":\"SearchAction\",\"target\":{\"@type\":\"EntryPoint\",\"urlTemplate\":\"https:\/\/atypique.brunotarhan.fr\/?s={search_term_string}\"},\"query-input\":\"required name=search_term_string\"}],\"inLanguage\":\"fr-FR\"},{\"@type\":\"ImageObject\",\"@id\":\"https:\/\/atypique.brunotarhan.fr\/index.php\/produit\/le-cycle-de-fondation-integrale-tome-1fondation-fondation-et-empire-seconde-fondationisaac-asimovfolio\/#primaryimage\",\"inLanguage\":\"fr-FR\",\"url\":\"https:\/\/atypique.brunotarhan.fr\/wp-content\/uploads\/2022\/04\/fondation-1.webp\",\"contentUrl\":\"https:\/\/atypique.brunotarhan.fr\/wp-content\/uploads\/2022\/04\/fondation-1.webp\",\"width\":335,\"height\":500},{\"@type\":\"WebPage\",\"@id\":\"https:\/\/atypique.brunotarhan.fr\/index.php\/produit\/le-cycle-de-fondation-integrale-tome-1fondation-fondation-et-empire-seconde-fondationisaac-asimovfolio\/#webpage\",\"url\":\"https:\/\/atypique.brunotarhan.fr\/index.php\/produit\/le-cycle-de-fondation-integrale-tome-1fondation-fondation-et-empire-seconde-fondationisaac-asimovfolio\/\",\"name\":\"Le cycle de Fondation Int\u00e9grale Tome 1 Fondation ; Fondation et empire ; Seconde fondation Isaac Asimov Folio - Atypique Concept Store\",\"isPartOf\":{\"@id\":\"https:\/\/atypique.brunotarhan.fr\/#website\"},\"primaryImageOfPage\":{\"@id\":\"https:\/\/atypique.brunotarhan.fr\/index.php\/produit\/le-cycle-de-fondation-integrale-tome-1fondation-fondation-et-empire-seconde-fondationisaac-asimovfolio\/#primaryimage\"},\"datePublished\":\"2022-04-25T22:31:24+00:00\",\"dateModified\":\"2022-04-25T22:31:24+00:00\",\"breadcrumb\":{\"@id\":\"https:\/\/atypique.brunotarhan.fr\/index.php\/produit\/le-cycle-de-fondation-integrale-tome-1fondation-fondation-et-empire-seconde-fondationisaac-asimovfolio\/#breadcrumb\"},\"inLanguage\":\"fr-FR\",\"potentialAction\":[{\"@type\":\"ReadAction\",\"target\":[\"https:\/\/atypique.brunotarhan.fr\/index.php\/produit\/le-cycle-de-fondation-integrale-tome-1fondation-fondation-et-empire-seconde-fondationisaac-asimovfolio\/\"]}]},{\"@type\":\"BreadcrumbList\",\"@id\":\"https:\/\/atypique.brunotarhan.fr\/index.php\/produit\/le-cycle-de-fondation-integrale-tome-1fondation-fondation-et-empire-seconde-fondationisaac-asimovfolio\/#breadcrumb\",\"itemListElement\":[{\"@type\":\"ListItem\",\"position\":1,\"name\":\"Accueil\",\"item\":\"https:\/\/atypique.brunotarhan.fr\/\"},{\"@type\":\"ListItem\",\"position\":2,\"name\":\"\"},{\"@type\":\"ListItem\",\"position\":3,\"name\":\"Le cycle de Fondation Int\u00e9grale Tome 1 Fondation ; Fondation et empire ; Seconde fondation Isaac Asimov Folio\"}]}]}<\/script>\n<!-- \/ Yoast SEO plugin. -->","yoast_head_json":{"title":"Le cycle de Fondation Int\u00e9grale Tome 1 Fondation ; Fondation et empire ; Seconde fondation Isaac Asimov Folio - Atypique Concept Store","robots":{"index":"index","follow":"follow","max-snippet":"max-snippet:-1","max-image-preview":"max-image-preview:large","max-video-preview":"max-video-preview:-1"},"canonical":"https:\/\/atypique.brunotarhan.fr\/index.php\/produit\/le-cycle-de-fondation-integrale-tome-1fondation-fondation-et-empire-seconde-fondationisaac-asimovfolio\/","og_locale":"fr_FR","og_type":"article","og_title":"Le cycle de Fondation Int\u00e9grale Tome 1 Fondation ; Fondation et empire ; Seconde fondation Isaac Asimov Folio - Atypique Concept Store","og_description":"Gr\u00e2ce \u00e0 la psychohistoire qu'il a invent\u00e9e, Hari Seldon pr\u00e9voit l'effondrement de l'Empire galactique, suivi d'une \u00e8re de t\u00e9n\u00e8bres de trente mille...","og_url":"https:\/\/atypique.brunotarhan.fr\/index.php\/produit\/le-cycle-de-fondation-integrale-tome-1fondation-fondation-et-empire-seconde-fondationisaac-asimovfolio\/","og_site_name":"Atypique Concept Store","twitter_card":"summary_large_image","schema":{"@context":"https:\/\/schema.org","@graph":[{"@type":"WebSite","@id":"https:\/\/atypique.brunotarhan.fr\/#website","url":"https:\/\/atypique.brunotarhan.fr\/","name":"Atypique Concept Store","description":"Just another WordPress site","potentialAction":[{"@type":"SearchAction","target":{"@type":"EntryPoint","urlTemplate":"https:\/\/atypique.brunotarhan.fr\/?s={search_term_string}"},"query-input":"required name=search_term_string"}],"inLanguage":"fr-FR"},{"@type":"ImageObject","@id":"https:\/\/atypique.brunotarhan.fr\/index.php\/produit\/le-cycle-de-fondation-integrale-tome-1fondation-fondation-et-empire-seconde-fondationisaac-asimovfolio\/#primaryimage","inLanguage":"fr-FR","url":"https:\/\/atypique.brunotarhan.fr\/wp-content\/uploads\/2022\/04\/fondation-1.webp","contentUrl":"https:\/\/atypique.brunotarhan.fr\/wp-content\/uploads\/2022\/04\/fondation-1.webp","width":335,"height":500},{"@type":"WebPage","@id":"https:\/\/atypique.brunotarhan.fr\/index.php\/produit\/le-cycle-de-fondation-integrale-tome-1fondation-fondation-et-empire-seconde-fondationisaac-asimovfolio\/#webpage","url":"https:\/\/atypique.brunotarhan.fr\/index.php\/produit\/le-cycle-de-fondation-integrale-tome-1fondation-fondation-et-empire-seconde-fondationisaac-asimovfolio\/","name":"Le cycle de Fondation Int\u00e9grale Tome 1 Fondation ; Fondation et empire ; Seconde fondation Isaac Asimov Folio - Atypique Concept Store","isPartOf":{"@id":"https:\/\/atypique.brunotarhan.fr\/#website"},"primaryImageOfPage":{"@id":"https:\/\/atypique.brunotarhan.fr\/index.php\/produit\/le-cycle-de-fondation-integrale-tome-1fondation-fondation-et-empire-seconde-fondationisaac-asimovfolio\/#primaryimage"},"datePublished":"2022-04-25T22:31:24+00:00","dateModified":"2022-04-25T22:31:24+00:00","breadcrumb":{"@id":"https:\/\/atypique.brunotarhan.fr\/index.php\/produit\/le-cycle-de-fondation-integrale-tome-1fondation-fondation-et-empire-seconde-fondationisaac-asimovfolio\/#breadcrumb"},"inLanguage":"fr-FR","potentialAction":[{"@type":"ReadAction","target":["https:\/\/atypique.brunotarhan.fr\/index.php\/produit\/le-cycle-de-fondation-integrale-tome-1fondation-fondation-et-empire-seconde-fondationisaac-asimovfolio\/"]}]},{"@type":"BreadcrumbList","@id":"https:\/\/atypique.brunotarhan.fr\/index.php\/produit\/le-cycle-de-fondation-integrale-tome-1fondation-fondation-et-empire-seconde-fondationisaac-asimovfolio\/#breadcrumb","itemListElement":[{"@type":"ListItem","position":1,"name":"Accueil","item":"https:\/\/atypique.brunotarhan.fr\/"},{"@type":"ListItem","position":2,"name":""},{"@type":"ListItem","position":3,"name":"Le cycle de Fondation Int\u00e9grale Tome 1 Fondation ; Fondation et empire ; Seconde fondation Isaac Asimov Folio"}]}]}},"_links":{"self":[{"href":"https:\/\/atypique.brunotarhan.fr\/index.php\/wp-json\/wp\/v2\/product\/16022","targetHints":{"allow":["GET"]}}],"collection":[{"href":"https:\/\/atypique.brunotarhan.fr\/index.php\/wp-json\/wp\/v2\/product"}],"about":[{"href":"https:\/\/atypique.brunotarhan.fr\/index.php\/wp-json\/wp\/v2\/types\/product"}],"replies":[{"embeddable":true,"href":"https:\/\/atypique.brunotarhan.fr\/index.php\/wp-json\/wp\/v2\/comments?post=16022"}],"wp:featuredmedia":[{"embeddable":true,"href":"https:\/\/atypique.brunotarhan.fr\/index.php\/wp-json\/wp\/v2\/media\/15768"}],"wp:attachment":[{"href":"https:\/\/atypique.brunotarhan.fr\/index.php\/wp-json\/wp\/v2\/media?parent=16022"}],"wp:term":[{"taxonomy":"product_cat","embeddable":true,"href":"https:\/\/atypique.brunotarhan.fr\/index.php\/wp-json\/wp\/v2\/product_cat?post=16022"},{"taxonomy":"product_tag","embeddable":true,"href":"https:\/\/atypique.brunotarhan.fr\/index.php\/wp-json\/wp\/v2\/product_tag?post=16022"}],"curies":[{"name":"wp","href":"https:\/\/api.w.org\/{rel}","templated":true}]}}