{"id":16017,"date":"2022-04-25T22:31:23","date_gmt":"2022-04-25T22:31:23","guid":{"rendered":"https:\/\/atypique.brunotarhan.fr\/index.php\/produit\/face-a-la-mer-immenselorraine-fouchetlivre-de-poche\/"},"modified":"2022-04-25T22:31:23","modified_gmt":"2022-04-25T22:31:23","slug":"face-a-la-mer-immenselorraine-fouchetlivre-de-poche","status":"publish","type":"product","link":"https:\/\/atypique.brunotarhan.fr\/index.php\/produit\/face-a-la-mer-immenselorraine-fouchetlivre-de-poche\/","title":{"rendered":"Face \u00e0 la mer immense\nLorraine Fouchet\nLivre de poche"},"content":{"rendered":"<p>En devenant romanci\u00e8re, Prune ignorait qu\u2019elle serait aussi marieuse. Pourtant, gr\u00e2ce \u00e0 l\u2019un de ses livres, un couple va s\u2019unir \u00e0 Groix. Et elle est convi\u00e9e \u00e0 la noce. Elle qui s\u2019\u00e9tait jur\u00e9 de ne plus remettre les pieds sur l\u2019\u00eele accepte. Il est peut-\u00eatre temps de cesser de fuir. Sur place, fuir sera de toute fa\u00e7on impossible : une temp\u00eate retient les bateaux \u00e0 quai. Les invit\u00e9s vont devoir se supporter plus longtemps que pr\u00e9vu&#8230;<br \/>\nQue serait un mariage sans impr\u00e9vus, petites vengeances familiales et rencontres sentimentales ? Certains sont l\u00e0 par affection, par politesse, ou pour ne pas dormir seuls. Mais, cern\u00e9 par la mer immense, chacun repartira transform\u00e9.<\/p>\n","protected":false},"excerpt":{"rendered":"<p>En devenant romanci\u00e8re, Prune ignorait qu\u2019elle serait aussi marieuse. Pourtant, gr\u00e2ce \u00e0 l\u2019un de ses livres, un couple va s\u2019unir \u00e0 Groix. Et\u2026<\/p>\n","protected":false},"featured_media":15763,"comment_status":"open","ping_status":"closed","template":"","meta":[],"product_cat":[93,186],"product_tag":[292,242,293,189],"class_list":["post-16017","product","type-product","status-publish","has-post-thumbnail","hentry","product_cat-librairie","product_cat-romans","product_tag-face-a-la-mer","product_tag-livre-de-poche","product_tag-lorraine-fouchet","product_tag-roman"],"yoast_head":"<!-- This site is optimized with the Yoast SEO plugin v18.0 - https:\/\/yoast.com\/wordpress\/plugins\/seo\/ -->\n<title>Face \u00e0 la mer immense Lorraine Fouchet Livre de poche - Atypique Concept Store<\/title>\n<meta name=\"robots\" content=\"index, follow, max-snippet:-1, max-image-preview:large, max-video-preview:-1\" \/>\n<link rel=\"canonical\" href=\"https:\/\/atypique.brunotarhan.fr\/index.php\/produit\/face-a-la-mer-immenselorraine-fouchetlivre-de-poche\/\" \/>\n<meta property=\"og:locale\" content=\"fr_FR\" \/>\n<meta property=\"og:type\" content=\"article\" \/>\n<meta property=\"og:title\" content=\"Face \u00e0 la mer immense Lorraine Fouchet Livre de poche - Atypique Concept Store\" \/>\n<meta property=\"og:description\" content=\"En devenant romanci\u00e8re, Prune ignorait qu\u2019elle serait aussi marieuse. Pourtant, gr\u00e2ce \u00e0 l\u2019un de ses livres, un couple va s\u2019unir \u00e0 Groix. Et\u2026\" \/>\n<meta property=\"og:url\" content=\"https:\/\/atypique.brunotarhan.fr\/index.php\/produit\/face-a-la-mer-immenselorraine-fouchetlivre-de-poche\/\" \/>\n<meta property=\"og:site_name\" content=\"Atypique Concept Store\" \/>\n<meta name=\"twitter:card\" content=\"summary_large_image\" \/>\n<meta name=\"twitter:label1\" content=\"Dur\u00e9e de lecture estim\u00e9e\" \/>\n\t<meta name=\"twitter:data1\" content=\"1 minute\" \/>\n<script type=\"application\/ld+json\" class=\"yoast-schema-graph\">{\"@context\":\"https:\/\/schema.org\",\"@graph\":[{\"@type\":\"WebSite\",\"@id\":\"https:\/\/atypique.brunotarhan.fr\/#website\",\"url\":\"https:\/\/atypique.brunotarhan.fr\/\",\"name\":\"Atypique Concept Store\",\"description\":\"Just another WordPress site\",\"potentialAction\":[{\"@type\":\"SearchAction\",\"target\":{\"@type\":\"EntryPoint\",\"urlTemplate\":\"https:\/\/atypique.brunotarhan.fr\/?s={search_term_string}\"},\"query-input\":\"required name=search_term_string\"}],\"inLanguage\":\"fr-FR\"},{\"@type\":\"ImageObject\",\"@id\":\"https:\/\/atypique.brunotarhan.fr\/index.php\/produit\/face-a-la-mer-immenselorraine-fouchetlivre-de-poche\/#primaryimage\",\"inLanguage\":\"fr-FR\",\"url\":\"https:\/\/atypique.brunotarhan.fr\/wp-content\/uploads\/2022\/04\/face-a-la-mer-immense.webp\",\"contentUrl\":\"https:\/\/atypique.brunotarhan.fr\/wp-content\/uploads\/2022\/04\/face-a-la-mer-immense.webp\",\"width\":309,\"height\":500},{\"@type\":\"WebPage\",\"@id\":\"https:\/\/atypique.brunotarhan.fr\/index.php\/produit\/face-a-la-mer-immenselorraine-fouchetlivre-de-poche\/#webpage\",\"url\":\"https:\/\/atypique.brunotarhan.fr\/index.php\/produit\/face-a-la-mer-immenselorraine-fouchetlivre-de-poche\/\",\"name\":\"Face \u00e0 la mer immense Lorraine Fouchet Livre de poche - Atypique Concept Store\",\"isPartOf\":{\"@id\":\"https:\/\/atypique.brunotarhan.fr\/#website\"},\"primaryImageOfPage\":{\"@id\":\"https:\/\/atypique.brunotarhan.fr\/index.php\/produit\/face-a-la-mer-immenselorraine-fouchetlivre-de-poche\/#primaryimage\"},\"datePublished\":\"2022-04-25T22:31:23+00:00\",\"dateModified\":\"2022-04-25T22:31:23+00:00\",\"breadcrumb\":{\"@id\":\"https:\/\/atypique.brunotarhan.fr\/index.php\/produit\/face-a-la-mer-immenselorraine-fouchetlivre-de-poche\/#breadcrumb\"},\"inLanguage\":\"fr-FR\",\"potentialAction\":[{\"@type\":\"ReadAction\",\"target\":[\"https:\/\/atypique.brunotarhan.fr\/index.php\/produit\/face-a-la-mer-immenselorraine-fouchetlivre-de-poche\/\"]}]},{\"@type\":\"BreadcrumbList\",\"@id\":\"https:\/\/atypique.brunotarhan.fr\/index.php\/produit\/face-a-la-mer-immenselorraine-fouchetlivre-de-poche\/#breadcrumb\",\"itemListElement\":[{\"@type\":\"ListItem\",\"position\":1,\"name\":\"Accueil\",\"item\":\"https:\/\/atypique.brunotarhan.fr\/\"},{\"@type\":\"ListItem\",\"position\":2,\"name\":\"\"},{\"@type\":\"ListItem\",\"position\":3,\"name\":\"Face \u00e0 la mer immense Lorraine Fouchet Livre de poche\"}]}]}<\/script>\n<!-- \/ Yoast SEO plugin. -->","yoast_head_json":{"title":"Face \u00e0 la mer immense Lorraine Fouchet Livre de poche - Atypique Concept Store","robots":{"index":"index","follow":"follow","max-snippet":"max-snippet:-1","max-image-preview":"max-image-preview:large","max-video-preview":"max-video-preview:-1"},"canonical":"https:\/\/atypique.brunotarhan.fr\/index.php\/produit\/face-a-la-mer-immenselorraine-fouchetlivre-de-poche\/","og_locale":"fr_FR","og_type":"article","og_title":"Face \u00e0 la mer immense Lorraine Fouchet Livre de poche - Atypique Concept Store","og_description":"En devenant romanci\u00e8re, Prune ignorait qu\u2019elle serait aussi marieuse. Pourtant, gr\u00e2ce \u00e0 l\u2019un de ses livres, un couple va s\u2019unir \u00e0 Groix. Et\u2026","og_url":"https:\/\/atypique.brunotarhan.fr\/index.php\/produit\/face-a-la-mer-immenselorraine-fouchetlivre-de-poche\/","og_site_name":"Atypique Concept Store","twitter_card":"summary_large_image","twitter_misc":{"Dur\u00e9e de lecture estim\u00e9e":"1 minute"},"schema":{"@context":"https:\/\/schema.org","@graph":[{"@type":"WebSite","@id":"https:\/\/atypique.brunotarhan.fr\/#website","url":"https:\/\/atypique.brunotarhan.fr\/","name":"Atypique Concept Store","description":"Just another WordPress site","potentialAction":[{"@type":"SearchAction","target":{"@type":"EntryPoint","urlTemplate":"https:\/\/atypique.brunotarhan.fr\/?s={search_term_string}"},"query-input":"required name=search_term_string"}],"inLanguage":"fr-FR"},{"@type":"ImageObject","@id":"https:\/\/atypique.brunotarhan.fr\/index.php\/produit\/face-a-la-mer-immenselorraine-fouchetlivre-de-poche\/#primaryimage","inLanguage":"fr-FR","url":"https:\/\/atypique.brunotarhan.fr\/wp-content\/uploads\/2022\/04\/face-a-la-mer-immense.webp","contentUrl":"https:\/\/atypique.brunotarhan.fr\/wp-content\/uploads\/2022\/04\/face-a-la-mer-immense.webp","width":309,"height":500},{"@type":"WebPage","@id":"https:\/\/atypique.brunotarhan.fr\/index.php\/produit\/face-a-la-mer-immenselorraine-fouchetlivre-de-poche\/#webpage","url":"https:\/\/atypique.brunotarhan.fr\/index.php\/produit\/face-a-la-mer-immenselorraine-fouchetlivre-de-poche\/","name":"Face \u00e0 la mer immense Lorraine Fouchet Livre de poche - Atypique Concept Store","isPartOf":{"@id":"https:\/\/atypique.brunotarhan.fr\/#website"},"primaryImageOfPage":{"@id":"https:\/\/atypique.brunotarhan.fr\/index.php\/produit\/face-a-la-mer-immenselorraine-fouchetlivre-de-poche\/#primaryimage"},"datePublished":"2022-04-25T22:31:23+00:00","dateModified":"2022-04-25T22:31:23+00:00","breadcrumb":{"@id":"https:\/\/atypique.brunotarhan.fr\/index.php\/produit\/face-a-la-mer-immenselorraine-fouchetlivre-de-poche\/#breadcrumb"},"inLanguage":"fr-FR","potentialAction":[{"@type":"ReadAction","target":["https:\/\/atypique.brunotarhan.fr\/index.php\/produit\/face-a-la-mer-immenselorraine-fouchetlivre-de-poche\/"]}]},{"@type":"BreadcrumbList","@id":"https:\/\/atypique.brunotarhan.fr\/index.php\/produit\/face-a-la-mer-immenselorraine-fouchetlivre-de-poche\/#breadcrumb","itemListElement":[{"@type":"ListItem","position":1,"name":"Accueil","item":"https:\/\/atypique.brunotarhan.fr\/"},{"@type":"ListItem","position":2,"name":""},{"@type":"ListItem","position":3,"name":"Face \u00e0 la mer immense Lorraine Fouchet Livre de poche"}]}]}},"_links":{"self":[{"href":"https:\/\/atypique.brunotarhan.fr\/index.php\/wp-json\/wp\/v2\/product\/16017","targetHints":{"allow":["GET"]}}],"collection":[{"href":"https:\/\/atypique.brunotarhan.fr\/index.php\/wp-json\/wp\/v2\/product"}],"about":[{"href":"https:\/\/atypique.brunotarhan.fr\/index.php\/wp-json\/wp\/v2\/types\/product"}],"replies":[{"embeddable":true,"href":"https:\/\/atypique.brunotarhan.fr\/index.php\/wp-json\/wp\/v2\/comments?post=16017"}],"wp:featuredmedia":[{"embeddable":true,"href":"https:\/\/atypique.brunotarhan.fr\/index.php\/wp-json\/wp\/v2\/media\/15763"}],"wp:attachment":[{"href":"https:\/\/atypique.brunotarhan.fr\/index.php\/wp-json\/wp\/v2\/media?parent=16017"}],"wp:term":[{"taxonomy":"product_cat","embeddable":true,"href":"https:\/\/atypique.brunotarhan.fr\/index.php\/wp-json\/wp\/v2\/product_cat?post=16017"},{"taxonomy":"product_tag","embeddable":true,"href":"https:\/\/atypique.brunotarhan.fr\/index.php\/wp-json\/wp\/v2\/product_tag?post=16017"}],"curies":[{"name":"wp","href":"https:\/\/api.w.org\/{rel}","templated":true}]}}