{"id":16000,"date":"2022-04-25T22:31:15","date_gmt":"2022-04-25T22:31:15","guid":{"rendered":"https:\/\/atypique.brunotarhan.fr\/index.php\/produit\/changer-leau-des-fleursvalerie-perrinlivre-de-poche\/"},"modified":"2022-04-25T22:31:15","modified_gmt":"2022-04-25T22:31:15","slug":"changer-leau-des-fleursvalerie-perrinlivre-de-poche","status":"publish","type":"product","link":"https:\/\/atypique.brunotarhan.fr\/index.php\/produit\/changer-leau-des-fleursvalerie-perrinlivre-de-poche\/","title":{"rendered":"Changer l&#8217;eau des fleurs\nVal\u00e9rie Perrin\nLivre de poche"},"content":{"rendered":"<p>Violette Toussaint est garde-cimeti\u00e8re dans une petite ville de Bourgogne. Les gens de passage et les habitu\u00e9s viennent se confier et se r\u00e9chauffer dans sa loge. Avec la petite \u00e9quipe de fossoyeurs et le jeune cur\u00e9, elle forme une famille d\u00e9cal\u00e9e. Mais quels \u00e9v\u00e9nements ont men\u00e9 Violette dans cet univers o\u00f9 le tragique et le cocasse s&#8217;entrem\u00ealent ? Apr\u00e8s le succ\u00e8s des Oubli\u00e9s du dimanche, un nouvel hymne au merveilleux des choses simples.<br \/>\nGros, gros gros coup de coeur. Un livre splendide, bouleversant. Mon livre de l&#8217;ann\u00e9e 2018, une claque magistrale. Bulledop, C&#8217;est au programme. Un contraste entre rire et larmes qui fait mouche. Baptiste Liger, Lire. Tonnerre d&#8217;applaudissements. Et, croyez-nous, le mot &#8220;tonnerre&#8221; n&#8217;est pas trop fort. Anne-Marie Mitchell, La Marseillaise. A couper le souffle. Christophe Rivet-Maris, Unidivers. On nage en plein bonheur.<br \/>\nNathalie Dupuis, Elle. Prix Maison de la Presse 2018.<\/p>\n","protected":false},"excerpt":{"rendered":"<p>Violette Toussaint est garde-cimeti\u00e8re dans une petite ville de Bourgogne. Les gens de passage et les habitu\u00e9s viennent se confier et se r\u00e9chauffer\u2026<\/p>\n","protected":false},"featured_media":15746,"comment_status":"open","ping_status":"closed","template":"","meta":[],"product_cat":[93,186],"product_tag":[243,242,189,244],"class_list":["post-16000","product","type-product","status-publish","has-post-thumbnail","hentry","product_cat-librairie","product_cat-romans","product_tag-changer-leau-des-fleurs","product_tag-livre-de-poche","product_tag-roman","product_tag-valerie-perrin"],"yoast_head":"<!-- This site is optimized with the Yoast SEO plugin v18.0 - https:\/\/yoast.com\/wordpress\/plugins\/seo\/ -->\n<title>Changer l&#039;eau des fleurs Val\u00e9rie Perrin Livre de poche - Atypique Concept Store<\/title>\n<meta name=\"robots\" content=\"index, follow, max-snippet:-1, max-image-preview:large, max-video-preview:-1\" \/>\n<link rel=\"canonical\" href=\"https:\/\/atypique.brunotarhan.fr\/index.php\/produit\/changer-leau-des-fleursvalerie-perrinlivre-de-poche\/\" \/>\n<meta property=\"og:locale\" content=\"fr_FR\" \/>\n<meta property=\"og:type\" content=\"article\" \/>\n<meta property=\"og:title\" content=\"Changer l&#039;eau des fleurs Val\u00e9rie Perrin Livre de poche - Atypique Concept Store\" \/>\n<meta property=\"og:description\" content=\"Violette Toussaint est garde-cimeti\u00e8re dans une petite ville de Bourgogne. Les gens de passage et les habitu\u00e9s viennent se confier et se r\u00e9chauffer\u2026\" \/>\n<meta property=\"og:url\" content=\"https:\/\/atypique.brunotarhan.fr\/index.php\/produit\/changer-leau-des-fleursvalerie-perrinlivre-de-poche\/\" \/>\n<meta property=\"og:site_name\" content=\"Atypique Concept Store\" \/>\n<meta name=\"twitter:card\" content=\"summary_large_image\" \/>\n<meta name=\"twitter:label1\" content=\"Dur\u00e9e de lecture estim\u00e9e\" \/>\n\t<meta name=\"twitter:data1\" content=\"1 minute\" \/>\n<script type=\"application\/ld+json\" class=\"yoast-schema-graph\">{\"@context\":\"https:\/\/schema.org\",\"@graph\":[{\"@type\":\"WebSite\",\"@id\":\"https:\/\/atypique.brunotarhan.fr\/#website\",\"url\":\"https:\/\/atypique.brunotarhan.fr\/\",\"name\":\"Atypique Concept Store\",\"description\":\"Just another WordPress site\",\"potentialAction\":[{\"@type\":\"SearchAction\",\"target\":{\"@type\":\"EntryPoint\",\"urlTemplate\":\"https:\/\/atypique.brunotarhan.fr\/?s={search_term_string}\"},\"query-input\":\"required name=search_term_string\"}],\"inLanguage\":\"fr-FR\"},{\"@type\":\"ImageObject\",\"@id\":\"https:\/\/atypique.brunotarhan.fr\/index.php\/produit\/changer-leau-des-fleursvalerie-perrinlivre-de-poche\/#primaryimage\",\"inLanguage\":\"fr-FR\",\"url\":\"https:\/\/atypique.brunotarhan.fr\/wp-content\/uploads\/2022\/04\/changer-l-eau-des-fleurs.webp\",\"contentUrl\":\"https:\/\/atypique.brunotarhan.fr\/wp-content\/uploads\/2022\/04\/changer-l-eau-des-fleurs.webp\",\"width\":309,\"height\":500},{\"@type\":\"WebPage\",\"@id\":\"https:\/\/atypique.brunotarhan.fr\/index.php\/produit\/changer-leau-des-fleursvalerie-perrinlivre-de-poche\/#webpage\",\"url\":\"https:\/\/atypique.brunotarhan.fr\/index.php\/produit\/changer-leau-des-fleursvalerie-perrinlivre-de-poche\/\",\"name\":\"Changer l'eau des fleurs Val\u00e9rie Perrin Livre de poche - Atypique Concept Store\",\"isPartOf\":{\"@id\":\"https:\/\/atypique.brunotarhan.fr\/#website\"},\"primaryImageOfPage\":{\"@id\":\"https:\/\/atypique.brunotarhan.fr\/index.php\/produit\/changer-leau-des-fleursvalerie-perrinlivre-de-poche\/#primaryimage\"},\"datePublished\":\"2022-04-25T22:31:15+00:00\",\"dateModified\":\"2022-04-25T22:31:15+00:00\",\"breadcrumb\":{\"@id\":\"https:\/\/atypique.brunotarhan.fr\/index.php\/produit\/changer-leau-des-fleursvalerie-perrinlivre-de-poche\/#breadcrumb\"},\"inLanguage\":\"fr-FR\",\"potentialAction\":[{\"@type\":\"ReadAction\",\"target\":[\"https:\/\/atypique.brunotarhan.fr\/index.php\/produit\/changer-leau-des-fleursvalerie-perrinlivre-de-poche\/\"]}]},{\"@type\":\"BreadcrumbList\",\"@id\":\"https:\/\/atypique.brunotarhan.fr\/index.php\/produit\/changer-leau-des-fleursvalerie-perrinlivre-de-poche\/#breadcrumb\",\"itemListElement\":[{\"@type\":\"ListItem\",\"position\":1,\"name\":\"Accueil\",\"item\":\"https:\/\/atypique.brunotarhan.fr\/\"},{\"@type\":\"ListItem\",\"position\":2,\"name\":\"\"},{\"@type\":\"ListItem\",\"position\":3,\"name\":\"Changer l&#8217;eau des fleurs Val\u00e9rie Perrin Livre de poche\"}]}]}<\/script>\n<!-- \/ Yoast SEO plugin. -->","yoast_head_json":{"title":"Changer l'eau des fleurs Val\u00e9rie Perrin Livre de poche - Atypique Concept Store","robots":{"index":"index","follow":"follow","max-snippet":"max-snippet:-1","max-image-preview":"max-image-preview:large","max-video-preview":"max-video-preview:-1"},"canonical":"https:\/\/atypique.brunotarhan.fr\/index.php\/produit\/changer-leau-des-fleursvalerie-perrinlivre-de-poche\/","og_locale":"fr_FR","og_type":"article","og_title":"Changer l'eau des fleurs Val\u00e9rie Perrin Livre de poche - Atypique Concept Store","og_description":"Violette Toussaint est garde-cimeti\u00e8re dans une petite ville de Bourgogne. Les gens de passage et les habitu\u00e9s viennent se confier et se r\u00e9chauffer\u2026","og_url":"https:\/\/atypique.brunotarhan.fr\/index.php\/produit\/changer-leau-des-fleursvalerie-perrinlivre-de-poche\/","og_site_name":"Atypique Concept Store","twitter_card":"summary_large_image","twitter_misc":{"Dur\u00e9e de lecture estim\u00e9e":"1 minute"},"schema":{"@context":"https:\/\/schema.org","@graph":[{"@type":"WebSite","@id":"https:\/\/atypique.brunotarhan.fr\/#website","url":"https:\/\/atypique.brunotarhan.fr\/","name":"Atypique Concept Store","description":"Just another WordPress site","potentialAction":[{"@type":"SearchAction","target":{"@type":"EntryPoint","urlTemplate":"https:\/\/atypique.brunotarhan.fr\/?s={search_term_string}"},"query-input":"required name=search_term_string"}],"inLanguage":"fr-FR"},{"@type":"ImageObject","@id":"https:\/\/atypique.brunotarhan.fr\/index.php\/produit\/changer-leau-des-fleursvalerie-perrinlivre-de-poche\/#primaryimage","inLanguage":"fr-FR","url":"https:\/\/atypique.brunotarhan.fr\/wp-content\/uploads\/2022\/04\/changer-l-eau-des-fleurs.webp","contentUrl":"https:\/\/atypique.brunotarhan.fr\/wp-content\/uploads\/2022\/04\/changer-l-eau-des-fleurs.webp","width":309,"height":500},{"@type":"WebPage","@id":"https:\/\/atypique.brunotarhan.fr\/index.php\/produit\/changer-leau-des-fleursvalerie-perrinlivre-de-poche\/#webpage","url":"https:\/\/atypique.brunotarhan.fr\/index.php\/produit\/changer-leau-des-fleursvalerie-perrinlivre-de-poche\/","name":"Changer l'eau des fleurs Val\u00e9rie Perrin Livre de poche - Atypique Concept Store","isPartOf":{"@id":"https:\/\/atypique.brunotarhan.fr\/#website"},"primaryImageOfPage":{"@id":"https:\/\/atypique.brunotarhan.fr\/index.php\/produit\/changer-leau-des-fleursvalerie-perrinlivre-de-poche\/#primaryimage"},"datePublished":"2022-04-25T22:31:15+00:00","dateModified":"2022-04-25T22:31:15+00:00","breadcrumb":{"@id":"https:\/\/atypique.brunotarhan.fr\/index.php\/produit\/changer-leau-des-fleursvalerie-perrinlivre-de-poche\/#breadcrumb"},"inLanguage":"fr-FR","potentialAction":[{"@type":"ReadAction","target":["https:\/\/atypique.brunotarhan.fr\/index.php\/produit\/changer-leau-des-fleursvalerie-perrinlivre-de-poche\/"]}]},{"@type":"BreadcrumbList","@id":"https:\/\/atypique.brunotarhan.fr\/index.php\/produit\/changer-leau-des-fleursvalerie-perrinlivre-de-poche\/#breadcrumb","itemListElement":[{"@type":"ListItem","position":1,"name":"Accueil","item":"https:\/\/atypique.brunotarhan.fr\/"},{"@type":"ListItem","position":2,"name":""},{"@type":"ListItem","position":3,"name":"Changer l&#8217;eau des fleurs Val\u00e9rie Perrin Livre de poche"}]}]}},"_links":{"self":[{"href":"https:\/\/atypique.brunotarhan.fr\/index.php\/wp-json\/wp\/v2\/product\/16000","targetHints":{"allow":["GET"]}}],"collection":[{"href":"https:\/\/atypique.brunotarhan.fr\/index.php\/wp-json\/wp\/v2\/product"}],"about":[{"href":"https:\/\/atypique.brunotarhan.fr\/index.php\/wp-json\/wp\/v2\/types\/product"}],"replies":[{"embeddable":true,"href":"https:\/\/atypique.brunotarhan.fr\/index.php\/wp-json\/wp\/v2\/comments?post=16000"}],"wp:featuredmedia":[{"embeddable":true,"href":"https:\/\/atypique.brunotarhan.fr\/index.php\/wp-json\/wp\/v2\/media\/15746"}],"wp:attachment":[{"href":"https:\/\/atypique.brunotarhan.fr\/index.php\/wp-json\/wp\/v2\/media?parent=16000"}],"wp:term":[{"taxonomy":"product_cat","embeddable":true,"href":"https:\/\/atypique.brunotarhan.fr\/index.php\/wp-json\/wp\/v2\/product_cat?post=16000"},{"taxonomy":"product_tag","embeddable":true,"href":"https:\/\/atypique.brunotarhan.fr\/index.php\/wp-json\/wp\/v2\/product_tag?post=16000"}],"curies":[{"name":"wp","href":"https:\/\/api.w.org\/{rel}","templated":true}]}}