{"id":15673,"date":"2022-04-18T15:13:14","date_gmt":"2022-04-18T15:13:14","guid":{"rendered":"https:\/\/atypique.brunotarhan.fr\/?post_type=product&#038;p=15673"},"modified":"2022-04-18T15:14:49","modified_gmt":"2022-04-18T15:14:49","slug":"tisane-cbd-sieste-occitane","status":"publish","type":"product","link":"https:\/\/atypique.brunotarhan.fr\/index.php\/produit\/tisane-cbd-sieste-occitane\/","title":{"rendered":"Tisane CBD \u2013 Sieste Occitane"},"content":{"rendered":"<p>Nos tisanes au CBD sont issues de longues ann\u00e9es de recherche et d\u00e9veloppement \u00e0 partir de diff\u00e9rents ingr\u00e9dients naturels afin d\u2019obtenir les meilleurs m\u00e9langes de saveurs.<\/p>\n<p>Mais ce n\u2019est pas tout, nos tisanes CBD ont surtout \u00e9t\u00e9 confectionn\u00e9es de mani\u00e8re \u00e0 vous apporter un accompagnement journalier de par les diff\u00e9rentes plantes pr\u00e9sentes. En effet, chaque tisane a \u00e9t\u00e9 soigneusement concoct\u00e9e en prenant en compte les bienfaits et apports de chaque ingr\u00e9dient la composant.<\/p>\n<p>Il \u00e9tait tr\u00e8s important pour nous de vous proposer un produit 100% naturel mais aussi, certifi\u00e9 Agriculture Biologique (FR-BIO-10). Toutes les plantes ainsi que le chanvre pr\u00e9sent dans nos m\u00e9langes sont 100% BIO afin de vous assurer les saveurs les plus pures et naturelles ainsi que les meilleurs bienfaits.<\/p>\n<p>La sieste est appr\u00e9ci\u00e9e de tous, elle permet de se ressourcer et se reposer au milieu ou \u00e0 la fin d\u2019une journ\u00e9e. Avec notre tisane CBD \u201cLa Sieste Occitane\u201d, vous pourrez profiter d\u2019une pause dans de meilleures conditions gr\u00e2ce \u00e0 son effet relaxant et le confort digestif qu\u2019elle vous apportera.<\/p>\n<p>En dehors de ces bienfaits, notre infusion au CBD est une boisson d\u00e9licieuse qui est tr\u00e8s plaisante \u00e0 consommer.<\/p>\n<p>Vous retrouverez dans ce m\u00e9lange :<\/p>\n<p>Chanvre (30%) : Le chanvre va venir compl\u00e9ter les propri\u00e9t\u00e9s des autres plantes et amener une action d\u00e9toxifiante et antioxydante pour une d\u00e9tox en toute tranquillit\u00e9.<br \/>\nLavande (19,6%) : Excellente plante qui offre des effets antispasmodiques et une relaxation pour le corps humain.<br \/>\nSauge (19,6%) : La sauge facilite la digestion, elle facilitera la digestion et aidera \u00e0 soulager les crampes et maux d\u2019estomac.<br \/>\nCitronnelle (19,6%) : Antispasmodique et antibact\u00e9rienne, la citronnelle \u00e0 de multiples bienfaits. Elle joue notamment un r\u00f4le pour les troubles digestifs.<br \/>\nCoriandre (11,2%) : Anti-infectieuse et antibact\u00e9riennes, la coriandre a de grands effets sur le syst\u00e8me digestif et jouera un r\u00f4le crucial dans les bienfaits apport\u00e9s par cette tisane CBD.<\/p>\n<p>Cette tisane CBD saura vous apaiser et vous d\u00e9tendre tout au long de la journ\u00e9e ou pour passer une soir\u00e9e plus agr\u00e9able. \u201cSieste Occitane\u201d.<\/p>\n<p>Comment consommer notre tisane CBD ?<\/p>\n<p>Environs une cuill\u00e8re \u00e0 caf\u00e9 pour une tasse<br \/>\nFaire bouillir de l\u2019eau \u00e0 100\u00b0C<br \/>\nLaisser infuser 5 \u00e0 10 minutes selon vos go\u00fbts<\/p>\n<p>Pour que vous ayez une meilleure biodisponibilit\u00e9 du cannabidiol contenu dans votre tisane CBD, nous vous recommandons d\u2019ajouter un corps gras avant de la consommer (beurre, lait\u2026). En effet, le CBD sera mieux ing\u00e9r\u00e9 par le corps s\u2019il est assimil\u00e9 \u00e0 des corps gras.<\/p>\n<p>Il ne vous reste plus qu\u2019\u00e0 appr\u00e9cier votre tisane !<\/p>\n","protected":false},"excerpt":{"rendered":"<p>Quoi de mieux que cette tisane CBD pour vous reposer en toute s\u00e9r\u00e9nit\u00e9 ?<\/p>\n","protected":false},"featured_media":14783,"comment_status":"open","ping_status":"closed","template":"","meta":[],"product_cat":[59,172],"product_tag":[171,75,70,77,78,170,165,164,76,173],"class_list":["post-15673","product","type-product","status-publish","has-post-thumbnail","hentry","product_cat-cbd","product_cat-tisanes","product_tag-bonbon","product_tag-cannabidiol","product_tag-cbd","product_tag-chanvre","product_tag-huiles","product_tag-pastilles","product_tag-resine","product_tag-solide","product_tag-terpenes","product_tag-tisanes","berocket_brand-cbde"],"yoast_head":"<!-- This site is optimized with the Yoast SEO plugin v18.0 - https:\/\/yoast.com\/wordpress\/plugins\/seo\/ -->\n<title>Tisane CBD \u2013 Sieste Occitane - Atypique Concept Store<\/title>\n<meta name=\"robots\" content=\"index, follow, max-snippet:-1, max-image-preview:large, max-video-preview:-1\" \/>\n<link rel=\"canonical\" href=\"https:\/\/atypique.brunotarhan.fr\/index.php\/produit\/tisane-cbd-sieste-occitane\/\" \/>\n<meta property=\"og:locale\" content=\"fr_FR\" \/>\n<meta property=\"og:type\" content=\"article\" \/>\n<meta property=\"og:title\" content=\"Tisane CBD \u2013 Sieste Occitane - Atypique Concept Store\" \/>\n<meta property=\"og:description\" content=\"Quoi de mieux que cette tisane CBD pour vous reposer en toute s\u00e9r\u00e9nit\u00e9 ?\" \/>\n<meta property=\"og:url\" content=\"https:\/\/atypique.brunotarhan.fr\/index.php\/produit\/tisane-cbd-sieste-occitane\/\" \/>\n<meta property=\"og:site_name\" content=\"Atypique Concept Store\" \/>\n<meta property=\"article:modified_time\" content=\"2022-04-18T15:14:49+00:00\" \/>\n<meta name=\"twitter:card\" content=\"summary_large_image\" \/>\n<meta name=\"twitter:label1\" content=\"Dur\u00e9e de lecture estim\u00e9e\" \/>\n\t<meta name=\"twitter:data1\" content=\"2 minutes\" \/>\n<script type=\"application\/ld+json\" class=\"yoast-schema-graph\">{\"@context\":\"https:\/\/schema.org\",\"@graph\":[{\"@type\":\"WebSite\",\"@id\":\"https:\/\/atypique.brunotarhan.fr\/#website\",\"url\":\"https:\/\/atypique.brunotarhan.fr\/\",\"name\":\"Atypique Concept Store\",\"description\":\"Just another WordPress site\",\"potentialAction\":[{\"@type\":\"SearchAction\",\"target\":{\"@type\":\"EntryPoint\",\"urlTemplate\":\"https:\/\/atypique.brunotarhan.fr\/?s={search_term_string}\"},\"query-input\":\"required name=search_term_string\"}],\"inLanguage\":\"fr-FR\"},{\"@type\":\"ImageObject\",\"@id\":\"https:\/\/atypique.brunotarhan.fr\/index.php\/produit\/tisane-cbd-sieste-occitane\/#primaryimage\",\"inLanguage\":\"fr-FR\",\"url\":\"https:\/\/atypique.brunotarhan.fr\/wp-content\/uploads\/2022\/04\/Tisane-CBD-Sieste-Occitane.jpeg\",\"contentUrl\":\"https:\/\/atypique.brunotarhan.fr\/wp-content\/uploads\/2022\/04\/Tisane-CBD-Sieste-Occitane.jpeg\",\"width\":1400,\"height\":1400},{\"@type\":\"WebPage\",\"@id\":\"https:\/\/atypique.brunotarhan.fr\/index.php\/produit\/tisane-cbd-sieste-occitane\/#webpage\",\"url\":\"https:\/\/atypique.brunotarhan.fr\/index.php\/produit\/tisane-cbd-sieste-occitane\/\",\"name\":\"Tisane CBD \u2013 Sieste Occitane - Atypique Concept Store\",\"isPartOf\":{\"@id\":\"https:\/\/atypique.brunotarhan.fr\/#website\"},\"primaryImageOfPage\":{\"@id\":\"https:\/\/atypique.brunotarhan.fr\/index.php\/produit\/tisane-cbd-sieste-occitane\/#primaryimage\"},\"datePublished\":\"2022-04-18T15:13:14+00:00\",\"dateModified\":\"2022-04-18T15:14:49+00:00\",\"breadcrumb\":{\"@id\":\"https:\/\/atypique.brunotarhan.fr\/index.php\/produit\/tisane-cbd-sieste-occitane\/#breadcrumb\"},\"inLanguage\":\"fr-FR\",\"potentialAction\":[{\"@type\":\"ReadAction\",\"target\":[\"https:\/\/atypique.brunotarhan.fr\/index.php\/produit\/tisane-cbd-sieste-occitane\/\"]}]},{\"@type\":\"BreadcrumbList\",\"@id\":\"https:\/\/atypique.brunotarhan.fr\/index.php\/produit\/tisane-cbd-sieste-occitane\/#breadcrumb\",\"itemListElement\":[{\"@type\":\"ListItem\",\"position\":1,\"name\":\"Accueil\",\"item\":\"https:\/\/atypique.brunotarhan.fr\/\"},{\"@type\":\"ListItem\",\"position\":2,\"name\":\"\"},{\"@type\":\"ListItem\",\"position\":3,\"name\":\"Tisane CBD \u2013 Sieste Occitane\"}]}]}<\/script>\n<!-- \/ Yoast SEO plugin. -->","yoast_head_json":{"title":"Tisane CBD \u2013 Sieste Occitane - Atypique Concept Store","robots":{"index":"index","follow":"follow","max-snippet":"max-snippet:-1","max-image-preview":"max-image-preview:large","max-video-preview":"max-video-preview:-1"},"canonical":"https:\/\/atypique.brunotarhan.fr\/index.php\/produit\/tisane-cbd-sieste-occitane\/","og_locale":"fr_FR","og_type":"article","og_title":"Tisane CBD \u2013 Sieste Occitane - Atypique Concept Store","og_description":"Quoi de mieux que cette tisane CBD pour vous reposer en toute s\u00e9r\u00e9nit\u00e9 ?","og_url":"https:\/\/atypique.brunotarhan.fr\/index.php\/produit\/tisane-cbd-sieste-occitane\/","og_site_name":"Atypique Concept Store","article_modified_time":"2022-04-18T15:14:49+00:00","twitter_card":"summary_large_image","twitter_misc":{"Dur\u00e9e de lecture estim\u00e9e":"2 minutes"},"schema":{"@context":"https:\/\/schema.org","@graph":[{"@type":"WebSite","@id":"https:\/\/atypique.brunotarhan.fr\/#website","url":"https:\/\/atypique.brunotarhan.fr\/","name":"Atypique Concept Store","description":"Just another WordPress site","potentialAction":[{"@type":"SearchAction","target":{"@type":"EntryPoint","urlTemplate":"https:\/\/atypique.brunotarhan.fr\/?s={search_term_string}"},"query-input":"required name=search_term_string"}],"inLanguage":"fr-FR"},{"@type":"ImageObject","@id":"https:\/\/atypique.brunotarhan.fr\/index.php\/produit\/tisane-cbd-sieste-occitane\/#primaryimage","inLanguage":"fr-FR","url":"https:\/\/atypique.brunotarhan.fr\/wp-content\/uploads\/2022\/04\/Tisane-CBD-Sieste-Occitane.jpeg","contentUrl":"https:\/\/atypique.brunotarhan.fr\/wp-content\/uploads\/2022\/04\/Tisane-CBD-Sieste-Occitane.jpeg","width":1400,"height":1400},{"@type":"WebPage","@id":"https:\/\/atypique.brunotarhan.fr\/index.php\/produit\/tisane-cbd-sieste-occitane\/#webpage","url":"https:\/\/atypique.brunotarhan.fr\/index.php\/produit\/tisane-cbd-sieste-occitane\/","name":"Tisane CBD \u2013 Sieste Occitane - Atypique Concept Store","isPartOf":{"@id":"https:\/\/atypique.brunotarhan.fr\/#website"},"primaryImageOfPage":{"@id":"https:\/\/atypique.brunotarhan.fr\/index.php\/produit\/tisane-cbd-sieste-occitane\/#primaryimage"},"datePublished":"2022-04-18T15:13:14+00:00","dateModified":"2022-04-18T15:14:49+00:00","breadcrumb":{"@id":"https:\/\/atypique.brunotarhan.fr\/index.php\/produit\/tisane-cbd-sieste-occitane\/#breadcrumb"},"inLanguage":"fr-FR","potentialAction":[{"@type":"ReadAction","target":["https:\/\/atypique.brunotarhan.fr\/index.php\/produit\/tisane-cbd-sieste-occitane\/"]}]},{"@type":"BreadcrumbList","@id":"https:\/\/atypique.brunotarhan.fr\/index.php\/produit\/tisane-cbd-sieste-occitane\/#breadcrumb","itemListElement":[{"@type":"ListItem","position":1,"name":"Accueil","item":"https:\/\/atypique.brunotarhan.fr\/"},{"@type":"ListItem","position":2,"name":""},{"@type":"ListItem","position":3,"name":"Tisane CBD \u2013 Sieste Occitane"}]}]}},"_links":{"self":[{"href":"https:\/\/atypique.brunotarhan.fr\/index.php\/wp-json\/wp\/v2\/product\/15673","targetHints":{"allow":["GET"]}}],"collection":[{"href":"https:\/\/atypique.brunotarhan.fr\/index.php\/wp-json\/wp\/v2\/product"}],"about":[{"href":"https:\/\/atypique.brunotarhan.fr\/index.php\/wp-json\/wp\/v2\/types\/product"}],"replies":[{"embeddable":true,"href":"https:\/\/atypique.brunotarhan.fr\/index.php\/wp-json\/wp\/v2\/comments?post=15673"}],"wp:featuredmedia":[{"embeddable":true,"href":"https:\/\/atypique.brunotarhan.fr\/index.php\/wp-json\/wp\/v2\/media\/14783"}],"wp:attachment":[{"href":"https:\/\/atypique.brunotarhan.fr\/index.php\/wp-json\/wp\/v2\/media?parent=15673"}],"wp:term":[{"taxonomy":"product_cat","embeddable":true,"href":"https:\/\/atypique.brunotarhan.fr\/index.php\/wp-json\/wp\/v2\/product_cat?post=15673"},{"taxonomy":"product_tag","embeddable":true,"href":"https:\/\/atypique.brunotarhan.fr\/index.php\/wp-json\/wp\/v2\/product_tag?post=15673"}],"curies":[{"name":"wp","href":"https:\/\/api.w.org\/{rel}","templated":true}]}}