{"id":15650,"date":"2022-04-18T15:11:51","date_gmt":"2022-04-18T15:11:51","guid":{"rendered":"https:\/\/atypique.brunotarhan.fr\/?post_type=product&#038;p=15650"},"modified":"2022-04-18T15:13:40","modified_gmt":"2022-04-18T15:13:40","slug":"fleur-cbd-moonrock-36-2g","status":"publish","type":"product","link":"https:\/\/atypique.brunotarhan.fr\/index.php\/produit\/fleur-cbd-moonrock-36-2g\/","title":{"rendered":"Fleur CBD \u2013 MoonRock 36% &#8211; 2g"},"content":{"rendered":"<p>Nous produisons notre chanvre en Aveyron sur notre exploitation agricole. Nous avons renforc\u00e9 notre efficacit\u00e9 par la conception de nos propres machines de transformation dans un respect total de la mati\u00e8re premi\u00e8re.<\/p>\n<p>Notre croissance nous a pouss\u00e9 \u00e0 la cr\u00e9ation d\u2019un laboratoire enti\u00e8rement d\u00e9di\u00e9 \u00e0 notre production nous permettant de r\u00e9aliser des r\u00e9f\u00e9rences CBD et CBG qualitatives et \u00e9videmment 100% Fran\u00e7aises ! \u00bb<\/p>\n<p>R.  Co-fondateur<\/p>\n<p>Notre Moon rock sont 100% naturelles et sont r\u00e9alis\u00e9es \u00e0 la main sans produit de coupe ou adjuvants, elles sont compos\u00e9es de fleurs de CBD enrob\u00e9es dans de l&#8217;extrait concentr\u00e9 de CBD \u00e0 spectre complet et sont ensuite roul\u00e9es dans du skuff CBD. Cette m\u00e9thode artisanale leur permet d&#8217;atteindre un taux d&#8217;actifs particuli\u00e8rement \u00e9lev\u00e9 de 36% de CBD.<\/p>\n<p>CARACT\u00c9RISTIQUES<br \/>\nCannabino\u00efde majeur : CBD Total 36,67 %<br \/>\nCannabino\u00efde mineur : CBN Total 0,29 %<br \/>\nAspect : Pierre lunaire<br \/>\nTexture : Moelleuses \/ Grasses<br \/>\nVari\u00e9t\u00e9 de base : Dio\u00efca 88<br \/>\nLaboratoire d&#8217;analyse Fran\u00e7aises : Test-CBD<\/p>\n<p>\u2013 SAVEURS \u2013<br \/>\nPr\u00e9sente des notes bois\u00e9es, rappelant le pin.<\/p>\n<p>\u2013 ASPECT \u2013<br \/>\nTendres et moelleuse, les fleurs s\u2019ouvrent facilement et les effriter est simple.<\/p>\n<p>\u2013 EFFETS ET PROFIL DES CANNABINO\u00cfDES \u2013<br \/>\nCannabinoide majeur : CBD total 43,2%<br \/>\nCannabinoide mineur : CBN total 0,29%<br \/>\nTHC < 0,2%\n<\/p>\n","protected":false},"excerpt":{"rendered":"<p>La fleur de CBD Moonrock est une fleur \u00e0 base de chanvre relativement puissante. En effet, celle-ci s\u2019adresse plut\u00f4t aux consommateurs exp\u00e9riment\u00e9s et aguerris. Tendre, moelleuse, elle est assez simple \u00e0 effriter et pr\u00e9sente des notes bois\u00e9es, rappelant le pin. Des saveurs auxquelles s\u2019associent quelques ar\u00f4mes citronn\u00e9s, acidul\u00e9s.<\/p>\n<p>Connue et lou\u00e9e pour sa puissance, la fleur CBD Moonrock pr\u00e9sentant un taux de 36% de CBD, est aussi une vari\u00e9t\u00e9 de hash qui a su se faire une place sur la liste des produits le plus souvent achet\u00e9s. Il faut dire que cette solution d\u00e9tonne et n\u2019a rien \u00e0 voir avec ce qui se fait habituellement. Authentique et surprenante<\/p>\n","protected":false},"featured_media":14856,"comment_status":"open","ping_status":"closed","template":"","meta":[],"product_cat":[59,61],"product_tag":[75,70,77,78,165,164,76],"class_list":["post-15650","product","type-product","status-publish","has-post-thumbnail","hentry","product_cat-cbd","product_cat-solides","product_tag-cannabidiol","product_tag-cbd","product_tag-chanvre","product_tag-huiles","product_tag-resine","product_tag-solide","product_tag-terpenes","berocket_brand-swiss-bud"],"yoast_head":"<!-- This site is optimized with the Yoast SEO plugin v18.0 - https:\/\/yoast.com\/wordpress\/plugins\/seo\/ -->\n<title>Fleur CBD \u2013 MoonRock 36% - 2g - Atypique Concept Store<\/title>\n<meta name=\"robots\" content=\"index, follow, max-snippet:-1, max-image-preview:large, max-video-preview:-1\" \/>\n<link rel=\"canonical\" href=\"https:\/\/atypique.brunotarhan.fr\/index.php\/produit\/fleur-cbd-moonrock-36-2g\/\" \/>\n<meta property=\"og:locale\" content=\"fr_FR\" \/>\n<meta property=\"og:type\" content=\"article\" \/>\n<meta property=\"og:title\" content=\"Fleur CBD \u2013 MoonRock 36% - 2g - Atypique Concept Store\" \/>\n<meta property=\"og:description\" content=\"La fleur de CBD Moonrock est une fleur \u00e0 base de chanvre relativement puissante. En effet, celle-ci s\u2019adresse plut\u00f4t aux consommateurs exp\u00e9riment\u00e9s et aguerris. Tendre, moelleuse, elle est assez simple \u00e0 effriter et pr\u00e9sente des notes bois\u00e9es, rappelant le pin. Des saveurs auxquelles s\u2019associent quelques ar\u00f4mes citronn\u00e9s, acidul\u00e9s. Connue et lou\u00e9e pour sa puissance, la fleur CBD Moonrock pr\u00e9sentant un taux de 36% de CBD, est aussi une vari\u00e9t\u00e9 de hash qui a su se faire une place sur la liste des produits le plus souvent achet\u00e9s. Il faut dire que cette solution d\u00e9tonne et n\u2019a rien \u00e0 voir avec ce qui se fait habituellement. Authentique et surprenante\" \/>\n<meta property=\"og:url\" content=\"https:\/\/atypique.brunotarhan.fr\/index.php\/produit\/fleur-cbd-moonrock-36-2g\/\" \/>\n<meta property=\"og:site_name\" content=\"Atypique Concept Store\" \/>\n<meta property=\"article:modified_time\" content=\"2022-04-18T15:13:40+00:00\" \/>\n<meta name=\"twitter:card\" content=\"summary_large_image\" \/>\n<meta name=\"twitter:label1\" content=\"Dur\u00e9e de lecture estim\u00e9e\" \/>\n\t<meta name=\"twitter:data1\" content=\"1 minute\" \/>\n<script type=\"application\/ld+json\" class=\"yoast-schema-graph\">{\"@context\":\"https:\/\/schema.org\",\"@graph\":[{\"@type\":\"WebSite\",\"@id\":\"https:\/\/atypique.brunotarhan.fr\/#website\",\"url\":\"https:\/\/atypique.brunotarhan.fr\/\",\"name\":\"Atypique Concept Store\",\"description\":\"Just another WordPress site\",\"potentialAction\":[{\"@type\":\"SearchAction\",\"target\":{\"@type\":\"EntryPoint\",\"urlTemplate\":\"https:\/\/atypique.brunotarhan.fr\/?s={search_term_string}\"},\"query-input\":\"required name=search_term_string\"}],\"inLanguage\":\"fr-FR\"},{\"@type\":\"ImageObject\",\"@id\":\"https:\/\/atypique.brunotarhan.fr\/index.php\/produit\/fleur-cbd-moonrock-36-2g\/#primaryimage\",\"inLanguage\":\"fr-FR\",\"url\":\"https:\/\/atypique.brunotarhan.fr\/wp-content\/uploads\/2022\/04\/moon-rock.jpeg\",\"contentUrl\":\"https:\/\/atypique.brunotarhan.fr\/wp-content\/uploads\/2022\/04\/moon-rock.jpeg\",\"width\":1920,\"height\":2560},{\"@type\":\"WebPage\",\"@id\":\"https:\/\/atypique.brunotarhan.fr\/index.php\/produit\/fleur-cbd-moonrock-36-2g\/#webpage\",\"url\":\"https:\/\/atypique.brunotarhan.fr\/index.php\/produit\/fleur-cbd-moonrock-36-2g\/\",\"name\":\"Fleur CBD \u2013 MoonRock 36% - 2g - Atypique Concept Store\",\"isPartOf\":{\"@id\":\"https:\/\/atypique.brunotarhan.fr\/#website\"},\"primaryImageOfPage\":{\"@id\":\"https:\/\/atypique.brunotarhan.fr\/index.php\/produit\/fleur-cbd-moonrock-36-2g\/#primaryimage\"},\"datePublished\":\"2022-04-18T15:11:51+00:00\",\"dateModified\":\"2022-04-18T15:13:40+00:00\",\"breadcrumb\":{\"@id\":\"https:\/\/atypique.brunotarhan.fr\/index.php\/produit\/fleur-cbd-moonrock-36-2g\/#breadcrumb\"},\"inLanguage\":\"fr-FR\",\"potentialAction\":[{\"@type\":\"ReadAction\",\"target\":[\"https:\/\/atypique.brunotarhan.fr\/index.php\/produit\/fleur-cbd-moonrock-36-2g\/\"]}]},{\"@type\":\"BreadcrumbList\",\"@id\":\"https:\/\/atypique.brunotarhan.fr\/index.php\/produit\/fleur-cbd-moonrock-36-2g\/#breadcrumb\",\"itemListElement\":[{\"@type\":\"ListItem\",\"position\":1,\"name\":\"Accueil\",\"item\":\"https:\/\/atypique.brunotarhan.fr\/\"},{\"@type\":\"ListItem\",\"position\":2,\"name\":\"\"},{\"@type\":\"ListItem\",\"position\":3,\"name\":\"Fleur CBD \u2013 MoonRock 36% &#8211; 2g\"}]}]}<\/script>\n<!-- \/ Yoast SEO plugin. -->","yoast_head_json":{"title":"Fleur CBD \u2013 MoonRock 36% - 2g - Atypique Concept Store","robots":{"index":"index","follow":"follow","max-snippet":"max-snippet:-1","max-image-preview":"max-image-preview:large","max-video-preview":"max-video-preview:-1"},"canonical":"https:\/\/atypique.brunotarhan.fr\/index.php\/produit\/fleur-cbd-moonrock-36-2g\/","og_locale":"fr_FR","og_type":"article","og_title":"Fleur CBD \u2013 MoonRock 36% - 2g - Atypique Concept Store","og_description":"La fleur de CBD Moonrock est une fleur \u00e0 base de chanvre relativement puissante. En effet, celle-ci s\u2019adresse plut\u00f4t aux consommateurs exp\u00e9riment\u00e9s et aguerris. Tendre, moelleuse, elle est assez simple \u00e0 effriter et pr\u00e9sente des notes bois\u00e9es, rappelant le pin. Des saveurs auxquelles s\u2019associent quelques ar\u00f4mes citronn\u00e9s, acidul\u00e9s. Connue et lou\u00e9e pour sa puissance, la fleur CBD Moonrock pr\u00e9sentant un taux de 36% de CBD, est aussi une vari\u00e9t\u00e9 de hash qui a su se faire une place sur la liste des produits le plus souvent achet\u00e9s. Il faut dire que cette solution d\u00e9tonne et n\u2019a rien \u00e0 voir avec ce qui se fait habituellement. Authentique et surprenante","og_url":"https:\/\/atypique.brunotarhan.fr\/index.php\/produit\/fleur-cbd-moonrock-36-2g\/","og_site_name":"Atypique Concept Store","article_modified_time":"2022-04-18T15:13:40+00:00","twitter_card":"summary_large_image","twitter_misc":{"Dur\u00e9e de lecture estim\u00e9e":"1 minute"},"schema":{"@context":"https:\/\/schema.org","@graph":[{"@type":"WebSite","@id":"https:\/\/atypique.brunotarhan.fr\/#website","url":"https:\/\/atypique.brunotarhan.fr\/","name":"Atypique Concept Store","description":"Just another WordPress site","potentialAction":[{"@type":"SearchAction","target":{"@type":"EntryPoint","urlTemplate":"https:\/\/atypique.brunotarhan.fr\/?s={search_term_string}"},"query-input":"required name=search_term_string"}],"inLanguage":"fr-FR"},{"@type":"ImageObject","@id":"https:\/\/atypique.brunotarhan.fr\/index.php\/produit\/fleur-cbd-moonrock-36-2g\/#primaryimage","inLanguage":"fr-FR","url":"https:\/\/atypique.brunotarhan.fr\/wp-content\/uploads\/2022\/04\/moon-rock.jpeg","contentUrl":"https:\/\/atypique.brunotarhan.fr\/wp-content\/uploads\/2022\/04\/moon-rock.jpeg","width":1920,"height":2560},{"@type":"WebPage","@id":"https:\/\/atypique.brunotarhan.fr\/index.php\/produit\/fleur-cbd-moonrock-36-2g\/#webpage","url":"https:\/\/atypique.brunotarhan.fr\/index.php\/produit\/fleur-cbd-moonrock-36-2g\/","name":"Fleur CBD \u2013 MoonRock 36% - 2g - Atypique Concept Store","isPartOf":{"@id":"https:\/\/atypique.brunotarhan.fr\/#website"},"primaryImageOfPage":{"@id":"https:\/\/atypique.brunotarhan.fr\/index.php\/produit\/fleur-cbd-moonrock-36-2g\/#primaryimage"},"datePublished":"2022-04-18T15:11:51+00:00","dateModified":"2022-04-18T15:13:40+00:00","breadcrumb":{"@id":"https:\/\/atypique.brunotarhan.fr\/index.php\/produit\/fleur-cbd-moonrock-36-2g\/#breadcrumb"},"inLanguage":"fr-FR","potentialAction":[{"@type":"ReadAction","target":["https:\/\/atypique.brunotarhan.fr\/index.php\/produit\/fleur-cbd-moonrock-36-2g\/"]}]},{"@type":"BreadcrumbList","@id":"https:\/\/atypique.brunotarhan.fr\/index.php\/produit\/fleur-cbd-moonrock-36-2g\/#breadcrumb","itemListElement":[{"@type":"ListItem","position":1,"name":"Accueil","item":"https:\/\/atypique.brunotarhan.fr\/"},{"@type":"ListItem","position":2,"name":""},{"@type":"ListItem","position":3,"name":"Fleur CBD \u2013 MoonRock 36% &#8211; 2g"}]}]}},"_links":{"self":[{"href":"https:\/\/atypique.brunotarhan.fr\/index.php\/wp-json\/wp\/v2\/product\/15650","targetHints":{"allow":["GET"]}}],"collection":[{"href":"https:\/\/atypique.brunotarhan.fr\/index.php\/wp-json\/wp\/v2\/product"}],"about":[{"href":"https:\/\/atypique.brunotarhan.fr\/index.php\/wp-json\/wp\/v2\/types\/product"}],"replies":[{"embeddable":true,"href":"https:\/\/atypique.brunotarhan.fr\/index.php\/wp-json\/wp\/v2\/comments?post=15650"}],"wp:featuredmedia":[{"embeddable":true,"href":"https:\/\/atypique.brunotarhan.fr\/index.php\/wp-json\/wp\/v2\/media\/14856"}],"wp:attachment":[{"href":"https:\/\/atypique.brunotarhan.fr\/index.php\/wp-json\/wp\/v2\/media?parent=15650"}],"wp:term":[{"taxonomy":"product_cat","embeddable":true,"href":"https:\/\/atypique.brunotarhan.fr\/index.php\/wp-json\/wp\/v2\/product_cat?post=15650"},{"taxonomy":"product_tag","embeddable":true,"href":"https:\/\/atypique.brunotarhan.fr\/index.php\/wp-json\/wp\/v2\/product_tag?post=15650"}],"curies":[{"name":"wp","href":"https:\/\/api.w.org\/{rel}","templated":true}]}}