{"id":14767,"date":"2022-03-28T07:43:19","date_gmt":"2022-03-28T07:43:19","guid":{"rendered":"https:\/\/atypique.brunotarhan.fr\/?post_type=product&#038;p=14767"},"modified":"2022-04-08T11:24:34","modified_gmt":"2022-04-08T11:24:34","slug":"lumieres","status":"publish","type":"product","link":"https:\/\/atypique.brunotarhan.fr\/index.php\/produit\/lumieres\/","title":{"rendered":"Lumieres"},"content":{"rendered":"","protected":false},"excerpt":{"rendered":"<p>C\u00e9page : 100% syrah<\/p>\n<p>Une id\u00e9e simple, comme une \u00e9vidence tant le jus \u00e9tait lumineux&#8230;..<br \/>\nCette ann\u00e9e \u00ab La Lui\u00e8re \u00bb est un 100 % syrah, mac\u00e9ration courte pour garder un vin l\u00e9ger.<br \/>\nUn jus \u00e0 la fois simple donc, vraiment fluide, l&#8217;envie de faire de ce 3eme \u00ab canon \u00bb un vin<br \/>\nl\u00e9ger, mais plus sur l&#8217;\u00e9pice et le c\u00f4t\u00e9 floral que sur le fruit. Lumineux!<\/p>\n","protected":false},"featured_media":0,"comment_status":"open","ping_status":"closed","template":"","meta":[],"product_cat":[87],"product_tag":[],"class_list":["post-14767","product","type-product","status-publish","hentry","product_cat-vins","berocket_brand-val-de-combres"],"yoast_head":"<!-- This site is optimized with the Yoast SEO plugin v18.0 - https:\/\/yoast.com\/wordpress\/plugins\/seo\/ -->\n<title>Lumieres - Atypique Concept Store<\/title>\n<meta name=\"robots\" content=\"index, follow, max-snippet:-1, max-image-preview:large, max-video-preview:-1\" \/>\n<link rel=\"canonical\" href=\"https:\/\/atypique.brunotarhan.fr\/index.php\/produit\/lumieres\/\" \/>\n<meta property=\"og:locale\" content=\"fr_FR\" \/>\n<meta property=\"og:type\" content=\"article\" \/>\n<meta property=\"og:title\" content=\"Lumieres - Atypique Concept Store\" \/>\n<meta property=\"og:description\" content=\"C\u00e9page : 100% syrah Une id\u00e9e simple, comme une \u00e9vidence tant le jus \u00e9tait lumineux..... Cette ann\u00e9e \u00ab La Lui\u00e8re \u00bb est un 100 % syrah, mac\u00e9ration courte pour garder un vin l\u00e9ger. Un jus \u00e0 la fois simple donc, vraiment fluide, l&#039;envie de faire de ce 3eme \u00ab canon \u00bb un vin l\u00e9ger, mais plus sur l&#039;\u00e9pice et le c\u00f4t\u00e9 floral que sur le fruit. Lumineux!\" \/>\n<meta property=\"og:url\" content=\"https:\/\/atypique.brunotarhan.fr\/index.php\/produit\/lumieres\/\" \/>\n<meta property=\"og:site_name\" content=\"Atypique Concept Store\" \/>\n<meta property=\"article:modified_time\" content=\"2022-04-08T11:24:34+00:00\" \/>\n<meta name=\"twitter:card\" content=\"summary_large_image\" \/>\n<script type=\"application\/ld+json\" class=\"yoast-schema-graph\">{\"@context\":\"https:\/\/schema.org\",\"@graph\":[{\"@type\":\"WebSite\",\"@id\":\"https:\/\/atypique.brunotarhan.fr\/#website\",\"url\":\"https:\/\/atypique.brunotarhan.fr\/\",\"name\":\"Atypique Concept Store\",\"description\":\"Just another WordPress site\",\"potentialAction\":[{\"@type\":\"SearchAction\",\"target\":{\"@type\":\"EntryPoint\",\"urlTemplate\":\"https:\/\/atypique.brunotarhan.fr\/?s={search_term_string}\"},\"query-input\":\"required name=search_term_string\"}],\"inLanguage\":\"fr-FR\"},{\"@type\":\"WebPage\",\"@id\":\"https:\/\/atypique.brunotarhan.fr\/index.php\/produit\/lumieres\/#webpage\",\"url\":\"https:\/\/atypique.brunotarhan.fr\/index.php\/produit\/lumieres\/\",\"name\":\"Lumieres - Atypique Concept Store\",\"isPartOf\":{\"@id\":\"https:\/\/atypique.brunotarhan.fr\/#website\"},\"datePublished\":\"2022-03-28T07:43:19+00:00\",\"dateModified\":\"2022-04-08T11:24:34+00:00\",\"breadcrumb\":{\"@id\":\"https:\/\/atypique.brunotarhan.fr\/index.php\/produit\/lumieres\/#breadcrumb\"},\"inLanguage\":\"fr-FR\",\"potentialAction\":[{\"@type\":\"ReadAction\",\"target\":[\"https:\/\/atypique.brunotarhan.fr\/index.php\/produit\/lumieres\/\"]}]},{\"@type\":\"BreadcrumbList\",\"@id\":\"https:\/\/atypique.brunotarhan.fr\/index.php\/produit\/lumieres\/#breadcrumb\",\"itemListElement\":[{\"@type\":\"ListItem\",\"position\":1,\"name\":\"Accueil\",\"item\":\"https:\/\/atypique.brunotarhan.fr\/\"},{\"@type\":\"ListItem\",\"position\":2,\"name\":\"\"},{\"@type\":\"ListItem\",\"position\":3,\"name\":\"Lumieres\"}]}]}<\/script>\n<!-- \/ Yoast SEO plugin. -->","yoast_head_json":{"title":"Lumieres - Atypique Concept Store","robots":{"index":"index","follow":"follow","max-snippet":"max-snippet:-1","max-image-preview":"max-image-preview:large","max-video-preview":"max-video-preview:-1"},"canonical":"https:\/\/atypique.brunotarhan.fr\/index.php\/produit\/lumieres\/","og_locale":"fr_FR","og_type":"article","og_title":"Lumieres - Atypique Concept Store","og_description":"C\u00e9page : 100% syrah Une id\u00e9e simple, comme une \u00e9vidence tant le jus \u00e9tait lumineux..... Cette ann\u00e9e \u00ab La Lui\u00e8re \u00bb est un 100 % syrah, mac\u00e9ration courte pour garder un vin l\u00e9ger. Un jus \u00e0 la fois simple donc, vraiment fluide, l'envie de faire de ce 3eme \u00ab canon \u00bb un vin l\u00e9ger, mais plus sur l'\u00e9pice et le c\u00f4t\u00e9 floral que sur le fruit. Lumineux!","og_url":"https:\/\/atypique.brunotarhan.fr\/index.php\/produit\/lumieres\/","og_site_name":"Atypique Concept Store","article_modified_time":"2022-04-08T11:24:34+00:00","twitter_card":"summary_large_image","schema":{"@context":"https:\/\/schema.org","@graph":[{"@type":"WebSite","@id":"https:\/\/atypique.brunotarhan.fr\/#website","url":"https:\/\/atypique.brunotarhan.fr\/","name":"Atypique Concept Store","description":"Just another WordPress site","potentialAction":[{"@type":"SearchAction","target":{"@type":"EntryPoint","urlTemplate":"https:\/\/atypique.brunotarhan.fr\/?s={search_term_string}"},"query-input":"required name=search_term_string"}],"inLanguage":"fr-FR"},{"@type":"WebPage","@id":"https:\/\/atypique.brunotarhan.fr\/index.php\/produit\/lumieres\/#webpage","url":"https:\/\/atypique.brunotarhan.fr\/index.php\/produit\/lumieres\/","name":"Lumieres - Atypique Concept Store","isPartOf":{"@id":"https:\/\/atypique.brunotarhan.fr\/#website"},"datePublished":"2022-03-28T07:43:19+00:00","dateModified":"2022-04-08T11:24:34+00:00","breadcrumb":{"@id":"https:\/\/atypique.brunotarhan.fr\/index.php\/produit\/lumieres\/#breadcrumb"},"inLanguage":"fr-FR","potentialAction":[{"@type":"ReadAction","target":["https:\/\/atypique.brunotarhan.fr\/index.php\/produit\/lumieres\/"]}]},{"@type":"BreadcrumbList","@id":"https:\/\/atypique.brunotarhan.fr\/index.php\/produit\/lumieres\/#breadcrumb","itemListElement":[{"@type":"ListItem","position":1,"name":"Accueil","item":"https:\/\/atypique.brunotarhan.fr\/"},{"@type":"ListItem","position":2,"name":""},{"@type":"ListItem","position":3,"name":"Lumieres"}]}]}},"_links":{"self":[{"href":"https:\/\/atypique.brunotarhan.fr\/index.php\/wp-json\/wp\/v2\/product\/14767","targetHints":{"allow":["GET"]}}],"collection":[{"href":"https:\/\/atypique.brunotarhan.fr\/index.php\/wp-json\/wp\/v2\/product"}],"about":[{"href":"https:\/\/atypique.brunotarhan.fr\/index.php\/wp-json\/wp\/v2\/types\/product"}],"replies":[{"embeddable":true,"href":"https:\/\/atypique.brunotarhan.fr\/index.php\/wp-json\/wp\/v2\/comments?post=14767"}],"wp:attachment":[{"href":"https:\/\/atypique.brunotarhan.fr\/index.php\/wp-json\/wp\/v2\/media?parent=14767"}],"wp:term":[{"taxonomy":"product_cat","embeddable":true,"href":"https:\/\/atypique.brunotarhan.fr\/index.php\/wp-json\/wp\/v2\/product_cat?post=14767"},{"taxonomy":"product_tag","embeddable":true,"href":"https:\/\/atypique.brunotarhan.fr\/index.php\/wp-json\/wp\/v2\/product_tag?post=14767"}],"curies":[{"name":"wp","href":"https:\/\/api.w.org\/{rel}","templated":true}]}}