{"id":14764,"date":"2022-03-28T07:43:09","date_gmt":"2022-03-28T07:43:09","guid":{"rendered":"https:\/\/atypique.brunotarhan.fr\/?post_type=product&#038;p=14764"},"modified":"2022-04-08T11:24:28","modified_gmt":"2022-04-08T11:24:28","slug":"ghost-in-ze-bottle","status":"publish","type":"product","link":"https:\/\/atypique.brunotarhan.fr\/index.php\/produit\/ghost-in-ze-bottle\/","title":{"rendered":"Ghost in ze bottle"},"content":{"rendered":"<p>Le Luberon\u2026 Espace aussi convoit\u00e9 qu\u2019il sait \u00eatre secret, animal rocheux, refuge de cailloux, \u00eelot de falaises pos\u00e9 au bon endroit\u2026<br \/>\nQuelques pieds de vigne ici sous le vieux village d\u2019Opp\u00e8de, \u00e0 la sortie du vallon de Combr\u00e8s, majestueuse bouche min\u00e9rale.<br \/>\nUn peu de grenache, de syrah et de carignan, des pieds de 40 ans, qui prennent tout leur temps, voil\u00e0 \u00e0 quoi ressemble mon bonheur.<br \/>\nUne joie simple \u00e0 partager, des bouteilles autour desquelles se retrouver, ou se rencontrer&#8230;<br \/>\nUne culture peu m\u00e9canis\u00e9e, sans produits chimiques, o\u00f9 l\u2019essentiel du travail est manuel, et o\u00f9 l\u2019on ne pr\u00e9tend pas \u00ab travailler \u00bb le sol mais plut\u00f4t l\u2019\u00e9couter, et parfois s\u2019y allonger \u2026<br \/>\nUne vinification sans aucun intrant, avec les levures du raisin uniquement, parce que c\u2019est \u00e7a qu\u2019on veut boire pardi, des vins simples comme une \u00e9vidence, uniques, des vins qui \u00e9tonnent et font leurs vies pour notre plus grand \u00e9merveillement ! Bref, pas des b\u00eates de concours, potions d\u2019oenologues qui finissent par faire se ressembler tous les vins !<\/p>\n<p>Alors oui, j&#8217;en suis convaincu, malgr\u00e9 les apparences parfois trompeuses, ici chaque chose est \u00e0 sa place. Des choses simples. Les \u00e9toiles brillent dans le ciel, la vigne pousse sous le soleil, la bouteille est pos\u00e9e sur la table&#8230; Le vin est dans le verre, le sourire aux l\u00e8vres,  et surtout, surtout, la joie comme une main chaude sur le coeur des copains qui sont l\u00e0 pour partager ce moment.<\/p>\n","protected":false},"excerpt":{"rendered":"<p>C\u00e9pages :  50% Grenache noir et 50% Gros vert<\/p>\n<p>Belles sensations<br \/>\nsur cette bulle, le grenache se sent bien \u00e0 l&#8217;attaque, qui est ample et ronde, g\u00e9n\u00e9reuse, une bulle<br \/>\nensoleill\u00e9e. Le gros-vert, vieux c\u00e9page de table embl\u00e9matique de Provence prend le relais<br \/>\nensuite sur le milieu de bouche avec une vivacit\u00e9 qui r\u00e9\u00e9quilibre l&#8217;ensemble et son jus tendu vient<br \/>\ntenir la finale tout en dynamisme<\/p>\n","protected":false},"featured_media":0,"comment_status":"open","ping_status":"closed","template":"","meta":[],"product_cat":[87],"product_tag":[142,143],"class_list":["post-14764","product","type-product","status-publish","hentry","product_cat-vins","product_tag-pet-nat","product_tag-petillant-naturel","berocket_brand-val-de-combres"],"yoast_head":"<!-- This site is optimized with the Yoast SEO plugin v18.0 - https:\/\/yoast.com\/wordpress\/plugins\/seo\/ -->\n<title>Ghost in ze bottle - Atypique Concept Store<\/title>\n<meta name=\"robots\" content=\"index, follow, max-snippet:-1, max-image-preview:large, max-video-preview:-1\" \/>\n<link rel=\"canonical\" href=\"https:\/\/atypique.brunotarhan.fr\/index.php\/produit\/ghost-in-ze-bottle\/\" \/>\n<meta property=\"og:locale\" content=\"fr_FR\" \/>\n<meta property=\"og:type\" content=\"article\" \/>\n<meta property=\"og:title\" content=\"Ghost in ze bottle - Atypique Concept Store\" \/>\n<meta property=\"og:description\" content=\"C\u00e9pages : 50% Grenache noir et 50% Gros vert Belles sensations sur cette bulle, le grenache se sent bien \u00e0 l&#039;attaque, qui est ample et ronde, g\u00e9n\u00e9reuse, une bulle ensoleill\u00e9e. Le gros-vert, vieux c\u00e9page de table embl\u00e9matique de Provence prend le relais ensuite sur le milieu de bouche avec une vivacit\u00e9 qui r\u00e9\u00e9quilibre l&#039;ensemble et son jus tendu vient tenir la finale tout en dynamisme\" \/>\n<meta property=\"og:url\" content=\"https:\/\/atypique.brunotarhan.fr\/index.php\/produit\/ghost-in-ze-bottle\/\" \/>\n<meta property=\"og:site_name\" content=\"Atypique Concept Store\" \/>\n<meta property=\"article:modified_time\" content=\"2022-04-08T11:24:28+00:00\" \/>\n<meta name=\"twitter:card\" content=\"summary_large_image\" \/>\n<meta name=\"twitter:label1\" content=\"Dur\u00e9e de lecture estim\u00e9e\" \/>\n\t<meta name=\"twitter:data1\" content=\"1 minute\" \/>\n<script type=\"application\/ld+json\" class=\"yoast-schema-graph\">{\"@context\":\"https:\/\/schema.org\",\"@graph\":[{\"@type\":\"WebSite\",\"@id\":\"https:\/\/atypique.brunotarhan.fr\/#website\",\"url\":\"https:\/\/atypique.brunotarhan.fr\/\",\"name\":\"Atypique Concept Store\",\"description\":\"Just another WordPress site\",\"potentialAction\":[{\"@type\":\"SearchAction\",\"target\":{\"@type\":\"EntryPoint\",\"urlTemplate\":\"https:\/\/atypique.brunotarhan.fr\/?s={search_term_string}\"},\"query-input\":\"required name=search_term_string\"}],\"inLanguage\":\"fr-FR\"},{\"@type\":\"WebPage\",\"@id\":\"https:\/\/atypique.brunotarhan.fr\/index.php\/produit\/ghost-in-ze-bottle\/#webpage\",\"url\":\"https:\/\/atypique.brunotarhan.fr\/index.php\/produit\/ghost-in-ze-bottle\/\",\"name\":\"Ghost in ze bottle - Atypique Concept Store\",\"isPartOf\":{\"@id\":\"https:\/\/atypique.brunotarhan.fr\/#website\"},\"datePublished\":\"2022-03-28T07:43:09+00:00\",\"dateModified\":\"2022-04-08T11:24:28+00:00\",\"breadcrumb\":{\"@id\":\"https:\/\/atypique.brunotarhan.fr\/index.php\/produit\/ghost-in-ze-bottle\/#breadcrumb\"},\"inLanguage\":\"fr-FR\",\"potentialAction\":[{\"@type\":\"ReadAction\",\"target\":[\"https:\/\/atypique.brunotarhan.fr\/index.php\/produit\/ghost-in-ze-bottle\/\"]}]},{\"@type\":\"BreadcrumbList\",\"@id\":\"https:\/\/atypique.brunotarhan.fr\/index.php\/produit\/ghost-in-ze-bottle\/#breadcrumb\",\"itemListElement\":[{\"@type\":\"ListItem\",\"position\":1,\"name\":\"Accueil\",\"item\":\"https:\/\/atypique.brunotarhan.fr\/\"},{\"@type\":\"ListItem\",\"position\":2,\"name\":\"\"},{\"@type\":\"ListItem\",\"position\":3,\"name\":\"Ghost in ze bottle\"}]}]}<\/script>\n<!-- \/ Yoast SEO plugin. -->","yoast_head_json":{"title":"Ghost in ze bottle - Atypique Concept Store","robots":{"index":"index","follow":"follow","max-snippet":"max-snippet:-1","max-image-preview":"max-image-preview:large","max-video-preview":"max-video-preview:-1"},"canonical":"https:\/\/atypique.brunotarhan.fr\/index.php\/produit\/ghost-in-ze-bottle\/","og_locale":"fr_FR","og_type":"article","og_title":"Ghost in ze bottle - Atypique Concept Store","og_description":"C\u00e9pages : 50% Grenache noir et 50% Gros vert Belles sensations sur cette bulle, le grenache se sent bien \u00e0 l'attaque, qui est ample et ronde, g\u00e9n\u00e9reuse, une bulle ensoleill\u00e9e. Le gros-vert, vieux c\u00e9page de table embl\u00e9matique de Provence prend le relais ensuite sur le milieu de bouche avec une vivacit\u00e9 qui r\u00e9\u00e9quilibre l'ensemble et son jus tendu vient tenir la finale tout en dynamisme","og_url":"https:\/\/atypique.brunotarhan.fr\/index.php\/produit\/ghost-in-ze-bottle\/","og_site_name":"Atypique Concept Store","article_modified_time":"2022-04-08T11:24:28+00:00","twitter_card":"summary_large_image","twitter_misc":{"Dur\u00e9e de lecture estim\u00e9e":"1 minute"},"schema":{"@context":"https:\/\/schema.org","@graph":[{"@type":"WebSite","@id":"https:\/\/atypique.brunotarhan.fr\/#website","url":"https:\/\/atypique.brunotarhan.fr\/","name":"Atypique Concept Store","description":"Just another WordPress site","potentialAction":[{"@type":"SearchAction","target":{"@type":"EntryPoint","urlTemplate":"https:\/\/atypique.brunotarhan.fr\/?s={search_term_string}"},"query-input":"required name=search_term_string"}],"inLanguage":"fr-FR"},{"@type":"WebPage","@id":"https:\/\/atypique.brunotarhan.fr\/index.php\/produit\/ghost-in-ze-bottle\/#webpage","url":"https:\/\/atypique.brunotarhan.fr\/index.php\/produit\/ghost-in-ze-bottle\/","name":"Ghost in ze bottle - Atypique Concept Store","isPartOf":{"@id":"https:\/\/atypique.brunotarhan.fr\/#website"},"datePublished":"2022-03-28T07:43:09+00:00","dateModified":"2022-04-08T11:24:28+00:00","breadcrumb":{"@id":"https:\/\/atypique.brunotarhan.fr\/index.php\/produit\/ghost-in-ze-bottle\/#breadcrumb"},"inLanguage":"fr-FR","potentialAction":[{"@type":"ReadAction","target":["https:\/\/atypique.brunotarhan.fr\/index.php\/produit\/ghost-in-ze-bottle\/"]}]},{"@type":"BreadcrumbList","@id":"https:\/\/atypique.brunotarhan.fr\/index.php\/produit\/ghost-in-ze-bottle\/#breadcrumb","itemListElement":[{"@type":"ListItem","position":1,"name":"Accueil","item":"https:\/\/atypique.brunotarhan.fr\/"},{"@type":"ListItem","position":2,"name":""},{"@type":"ListItem","position":3,"name":"Ghost in ze bottle"}]}]}},"_links":{"self":[{"href":"https:\/\/atypique.brunotarhan.fr\/index.php\/wp-json\/wp\/v2\/product\/14764","targetHints":{"allow":["GET"]}}],"collection":[{"href":"https:\/\/atypique.brunotarhan.fr\/index.php\/wp-json\/wp\/v2\/product"}],"about":[{"href":"https:\/\/atypique.brunotarhan.fr\/index.php\/wp-json\/wp\/v2\/types\/product"}],"replies":[{"embeddable":true,"href":"https:\/\/atypique.brunotarhan.fr\/index.php\/wp-json\/wp\/v2\/comments?post=14764"}],"wp:attachment":[{"href":"https:\/\/atypique.brunotarhan.fr\/index.php\/wp-json\/wp\/v2\/media?parent=14764"}],"wp:term":[{"taxonomy":"product_cat","embeddable":true,"href":"https:\/\/atypique.brunotarhan.fr\/index.php\/wp-json\/wp\/v2\/product_cat?post=14764"},{"taxonomy":"product_tag","embeddable":true,"href":"https:\/\/atypique.brunotarhan.fr\/index.php\/wp-json\/wp\/v2\/product_tag?post=14764"}],"curies":[{"name":"wp","href":"https:\/\/api.w.org\/{rel}","templated":true}]}}