{"id":14681,"date":"2022-03-28T07:38:55","date_gmt":"2022-03-28T07:38:55","guid":{"rendered":"https:\/\/atypique.brunotarhan.fr\/?post_type=product&#038;p=14681"},"modified":"2022-04-08T11:21:26","modified_gmt":"2022-04-08T11:21:26","slug":"carbo-culte","status":"publish","type":"product","link":"https:\/\/atypique.brunotarhan.fr\/index.php\/produit\/carbo-culte\/","title":{"rendered":"Carbo culte"},"content":{"rendered":"<p>les vins des deux acolytes de La Cave Apicole \u00e0 Latour de France , Sylvain Respaut et Olivier Cros se sont associ\u00e9s pour le meilleur et pour le meilleur, d\u00e9cidant de mettre leurs talents en commun au service du vin naturel. ces deux l\u00e0 produisent des canons incroyablement joyeux, tout frais et vibrants. c&#8217;est bien simple; ici tout est bon, de la petite cuv\u00e9e Java \u00e0 la superbe bouteille Carbo Culte &#8230; Un petit domaine d\u00e9sormais incontournable !<\/p>\n<p>La Cave Apicole est tout d&#8217;abord un domaine viticole o\u00f9 la culture de la vigne se fait depuis 2011 en agriculture biologique. Le sol, l&#8217;environnement, mais aussi les femmes, les lombrics et les hommes qui y travaillent, sont respect\u00e9s : pas de d\u00e9sherbants, ni pesticides, pas d&#8217;engrais ou autres produits de synth\u00e8se. On privil\u00e9gie le compost, les apports de mati\u00e8re organique v\u00e9g\u00e9tale. Le raisin de qualit\u00e9 est cueilli m\u00fbr \u00e0 la main. La vinification fait appel \u00e0 des proc\u00e9d\u00e9s naturels avec un minimum d&#8217;interventions et d&#8217;intrants possibles : la fermentation du jus s&#8217;obtient gr\u00e2ce aux levures et bact\u00e9ries indig\u00e8nes pr\u00e9sentes naturellement dans les raisins, le mat\u00e9riel ou l\u2019environnement du chai. Pas d&#8217;ajouts de pharmacop\u00e9es oenologiques, pas de collage, pas de filtration et pas ou peu de sulfite (dioxyde de souffre ou SO\u00b2). Les breuvages obtenus sont des petits tr\u00e9sors de go\u00fbt et de fra\u00eecheur que vous devez consommer avec&#8230; qui vous voulez.<\/p>\n","protected":false},"excerpt":{"rendered":"<p>C\u00e9pages : Lledoner pelut, Grenache noir, Carignan, Mourv\u00e8dre et Syrah en mac\u00e9ration carbonique.<\/p>\n<p>un jus vibrant et l\u00e0 aussi tr\u00e8s frais. Une gourmandise !<br \/>\nC\u2019est un vin rouge de soif \u00e0 glouglouter entre copains et copines, superbement r\u00e9ussi !<\/p>\n","protected":false},"featured_media":0,"comment_status":"open","ping_status":"closed","template":"","meta":[],"product_cat":[87],"product_tag":[],"class_list":["post-14681","product","type-product","status-publish","hentry","product_cat-vins","berocket_brand-la-cave-apicole"],"yoast_head":"<!-- This site is optimized with the Yoast SEO plugin v18.0 - https:\/\/yoast.com\/wordpress\/plugins\/seo\/ -->\n<title>Carbo culte - Atypique Concept Store<\/title>\n<meta name=\"robots\" content=\"index, follow, max-snippet:-1, max-image-preview:large, max-video-preview:-1\" \/>\n<link rel=\"canonical\" href=\"https:\/\/atypique.brunotarhan.fr\/index.php\/produit\/carbo-culte\/\" \/>\n<meta property=\"og:locale\" content=\"fr_FR\" \/>\n<meta property=\"og:type\" content=\"article\" \/>\n<meta property=\"og:title\" content=\"Carbo culte - Atypique Concept Store\" \/>\n<meta property=\"og:description\" content=\"C\u00e9pages : Lledoner pelut, Grenache noir, Carignan, Mourv\u00e8dre et Syrah en mac\u00e9ration carbonique. un jus vibrant et l\u00e0 aussi tr\u00e8s frais. Une gourmandise ! C\u2019est un vin rouge de soif \u00e0 glouglouter entre copains et copines, superbement r\u00e9ussi !\" \/>\n<meta property=\"og:url\" content=\"https:\/\/atypique.brunotarhan.fr\/index.php\/produit\/carbo-culte\/\" \/>\n<meta property=\"og:site_name\" content=\"Atypique Concept Store\" \/>\n<meta property=\"article:modified_time\" content=\"2022-04-08T11:21:26+00:00\" \/>\n<meta name=\"twitter:card\" content=\"summary_large_image\" \/>\n<meta name=\"twitter:label1\" content=\"Dur\u00e9e de lecture estim\u00e9e\" \/>\n\t<meta name=\"twitter:data1\" content=\"1 minute\" \/>\n<script type=\"application\/ld+json\" class=\"yoast-schema-graph\">{\"@context\":\"https:\/\/schema.org\",\"@graph\":[{\"@type\":\"WebSite\",\"@id\":\"https:\/\/atypique.brunotarhan.fr\/#website\",\"url\":\"https:\/\/atypique.brunotarhan.fr\/\",\"name\":\"Atypique Concept Store\",\"description\":\"Just another WordPress site\",\"potentialAction\":[{\"@type\":\"SearchAction\",\"target\":{\"@type\":\"EntryPoint\",\"urlTemplate\":\"https:\/\/atypique.brunotarhan.fr\/?s={search_term_string}\"},\"query-input\":\"required name=search_term_string\"}],\"inLanguage\":\"fr-FR\"},{\"@type\":\"WebPage\",\"@id\":\"https:\/\/atypique.brunotarhan.fr\/index.php\/produit\/carbo-culte\/#webpage\",\"url\":\"https:\/\/atypique.brunotarhan.fr\/index.php\/produit\/carbo-culte\/\",\"name\":\"Carbo culte - Atypique Concept Store\",\"isPartOf\":{\"@id\":\"https:\/\/atypique.brunotarhan.fr\/#website\"},\"datePublished\":\"2022-03-28T07:38:55+00:00\",\"dateModified\":\"2022-04-08T11:21:26+00:00\",\"breadcrumb\":{\"@id\":\"https:\/\/atypique.brunotarhan.fr\/index.php\/produit\/carbo-culte\/#breadcrumb\"},\"inLanguage\":\"fr-FR\",\"potentialAction\":[{\"@type\":\"ReadAction\",\"target\":[\"https:\/\/atypique.brunotarhan.fr\/index.php\/produit\/carbo-culte\/\"]}]},{\"@type\":\"BreadcrumbList\",\"@id\":\"https:\/\/atypique.brunotarhan.fr\/index.php\/produit\/carbo-culte\/#breadcrumb\",\"itemListElement\":[{\"@type\":\"ListItem\",\"position\":1,\"name\":\"Accueil\",\"item\":\"https:\/\/atypique.brunotarhan.fr\/\"},{\"@type\":\"ListItem\",\"position\":2,\"name\":\"\"},{\"@type\":\"ListItem\",\"position\":3,\"name\":\"Carbo culte\"}]}]}<\/script>\n<!-- \/ Yoast SEO plugin. -->","yoast_head_json":{"title":"Carbo culte - Atypique Concept Store","robots":{"index":"index","follow":"follow","max-snippet":"max-snippet:-1","max-image-preview":"max-image-preview:large","max-video-preview":"max-video-preview:-1"},"canonical":"https:\/\/atypique.brunotarhan.fr\/index.php\/produit\/carbo-culte\/","og_locale":"fr_FR","og_type":"article","og_title":"Carbo culte - Atypique Concept Store","og_description":"C\u00e9pages : Lledoner pelut, Grenache noir, Carignan, Mourv\u00e8dre et Syrah en mac\u00e9ration carbonique. un jus vibrant et l\u00e0 aussi tr\u00e8s frais. Une gourmandise ! C\u2019est un vin rouge de soif \u00e0 glouglouter entre copains et copines, superbement r\u00e9ussi !","og_url":"https:\/\/atypique.brunotarhan.fr\/index.php\/produit\/carbo-culte\/","og_site_name":"Atypique Concept Store","article_modified_time":"2022-04-08T11:21:26+00:00","twitter_card":"summary_large_image","twitter_misc":{"Dur\u00e9e de lecture estim\u00e9e":"1 minute"},"schema":{"@context":"https:\/\/schema.org","@graph":[{"@type":"WebSite","@id":"https:\/\/atypique.brunotarhan.fr\/#website","url":"https:\/\/atypique.brunotarhan.fr\/","name":"Atypique Concept Store","description":"Just another WordPress site","potentialAction":[{"@type":"SearchAction","target":{"@type":"EntryPoint","urlTemplate":"https:\/\/atypique.brunotarhan.fr\/?s={search_term_string}"},"query-input":"required name=search_term_string"}],"inLanguage":"fr-FR"},{"@type":"WebPage","@id":"https:\/\/atypique.brunotarhan.fr\/index.php\/produit\/carbo-culte\/#webpage","url":"https:\/\/atypique.brunotarhan.fr\/index.php\/produit\/carbo-culte\/","name":"Carbo culte - Atypique Concept Store","isPartOf":{"@id":"https:\/\/atypique.brunotarhan.fr\/#website"},"datePublished":"2022-03-28T07:38:55+00:00","dateModified":"2022-04-08T11:21:26+00:00","breadcrumb":{"@id":"https:\/\/atypique.brunotarhan.fr\/index.php\/produit\/carbo-culte\/#breadcrumb"},"inLanguage":"fr-FR","potentialAction":[{"@type":"ReadAction","target":["https:\/\/atypique.brunotarhan.fr\/index.php\/produit\/carbo-culte\/"]}]},{"@type":"BreadcrumbList","@id":"https:\/\/atypique.brunotarhan.fr\/index.php\/produit\/carbo-culte\/#breadcrumb","itemListElement":[{"@type":"ListItem","position":1,"name":"Accueil","item":"https:\/\/atypique.brunotarhan.fr\/"},{"@type":"ListItem","position":2,"name":""},{"@type":"ListItem","position":3,"name":"Carbo culte"}]}]}},"_links":{"self":[{"href":"https:\/\/atypique.brunotarhan.fr\/index.php\/wp-json\/wp\/v2\/product\/14681","targetHints":{"allow":["GET"]}}],"collection":[{"href":"https:\/\/atypique.brunotarhan.fr\/index.php\/wp-json\/wp\/v2\/product"}],"about":[{"href":"https:\/\/atypique.brunotarhan.fr\/index.php\/wp-json\/wp\/v2\/types\/product"}],"replies":[{"embeddable":true,"href":"https:\/\/atypique.brunotarhan.fr\/index.php\/wp-json\/wp\/v2\/comments?post=14681"}],"wp:attachment":[{"href":"https:\/\/atypique.brunotarhan.fr\/index.php\/wp-json\/wp\/v2\/media?parent=14681"}],"wp:term":[{"taxonomy":"product_cat","embeddable":true,"href":"https:\/\/atypique.brunotarhan.fr\/index.php\/wp-json\/wp\/v2\/product_cat?post=14681"},{"taxonomy":"product_tag","embeddable":true,"href":"https:\/\/atypique.brunotarhan.fr\/index.php\/wp-json\/wp\/v2\/product_tag?post=14681"}],"curies":[{"name":"wp","href":"https:\/\/api.w.org\/{rel}","templated":true}]}}