{"id":14666,"date":"2022-03-28T07:38:18","date_gmt":"2022-03-28T07:38:18","guid":{"rendered":"https:\/\/atypique.brunotarhan.fr\/?post_type=product&#038;p=14666"},"modified":"2022-04-08T11:20:58","modified_gmt":"2022-04-08T11:20:58","slug":"ranci-est","status":"publish","type":"product","link":"https:\/\/atypique.brunotarhan.fr\/index.php\/produit\/ranci-est\/","title":{"rendered":"Ranci est"},"content":{"rendered":"","protected":false},"excerpt":{"rendered":"<p>C\u00e9page : Macabeu<\/p>\n<p>Ranci eSt! est une cuv\u00e9e de rancio blanc, \u00e9labor\u00e9e \u00e0 partir du c\u00e9page Macabeu. C\u2019est une solera (pas au sens strict du terme mais la philosophie est l\u00e0\u2026), que Gilles a demarr\u00e9 en 2002. La dur\u00e9e d\u2019\u00e9levage oxydatif est au minimum de 8 ans (m\u00eame si une partie du vin a donc pratiquement 20 ans). Seulement 100 bouteilles sont pr\u00e9lev\u00e9es chaque ann\u00e9e dans la \u201csolera\u201d. Une cuv\u00e9e extr\u00eamement rare donc, exclusivement pour les amateurs de rancio sec. Pour un morceau de parmesan, une mimolette vieille, ou encore mieux, un cigare.<\/p>\n","protected":false},"featured_media":0,"comment_status":"open","ping_status":"closed","template":"","meta":[],"product_cat":[87],"product_tag":[],"class_list":["post-14666","product","type-product","status-publish","hentry","product_cat-vins","berocket_brand-gilles-troullier"],"yoast_head":"<!-- This site is optimized with the Yoast SEO plugin v18.0 - https:\/\/yoast.com\/wordpress\/plugins\/seo\/ -->\n<title>Ranci est - Atypique Concept Store<\/title>\n<meta name=\"robots\" content=\"index, follow, max-snippet:-1, max-image-preview:large, max-video-preview:-1\" \/>\n<link rel=\"canonical\" href=\"https:\/\/atypique.brunotarhan.fr\/index.php\/produit\/ranci-est\/\" \/>\n<meta property=\"og:locale\" content=\"fr_FR\" \/>\n<meta property=\"og:type\" content=\"article\" \/>\n<meta property=\"og:title\" content=\"Ranci est - Atypique Concept Store\" \/>\n<meta property=\"og:description\" content=\"C\u00e9page : Macabeu Ranci eSt! est une cuv\u00e9e de rancio blanc, \u00e9labor\u00e9e \u00e0 partir du c\u00e9page Macabeu. C\u2019est une solera (pas au sens strict du terme mais la philosophie est l\u00e0\u2026), que Gilles a demarr\u00e9 en 2002. La dur\u00e9e d\u2019\u00e9levage oxydatif est au minimum de 8 ans (m\u00eame si une partie du vin a donc pratiquement 20 ans). Seulement 100 bouteilles sont pr\u00e9lev\u00e9es chaque ann\u00e9e dans la \u201csolera\u201d. Une cuv\u00e9e extr\u00eamement rare donc, exclusivement pour les amateurs de rancio sec. Pour un morceau de parmesan, une mimolette vieille, ou encore mieux, un cigare.\" \/>\n<meta property=\"og:url\" content=\"https:\/\/atypique.brunotarhan.fr\/index.php\/produit\/ranci-est\/\" \/>\n<meta property=\"og:site_name\" content=\"Atypique Concept Store\" \/>\n<meta property=\"article:modified_time\" content=\"2022-04-08T11:20:58+00:00\" \/>\n<meta name=\"twitter:card\" content=\"summary_large_image\" \/>\n<script type=\"application\/ld+json\" class=\"yoast-schema-graph\">{\"@context\":\"https:\/\/schema.org\",\"@graph\":[{\"@type\":\"WebSite\",\"@id\":\"https:\/\/atypique.brunotarhan.fr\/#website\",\"url\":\"https:\/\/atypique.brunotarhan.fr\/\",\"name\":\"Atypique Concept Store\",\"description\":\"Just another WordPress site\",\"potentialAction\":[{\"@type\":\"SearchAction\",\"target\":{\"@type\":\"EntryPoint\",\"urlTemplate\":\"https:\/\/atypique.brunotarhan.fr\/?s={search_term_string}\"},\"query-input\":\"required name=search_term_string\"}],\"inLanguage\":\"fr-FR\"},{\"@type\":\"WebPage\",\"@id\":\"https:\/\/atypique.brunotarhan.fr\/index.php\/produit\/ranci-est\/#webpage\",\"url\":\"https:\/\/atypique.brunotarhan.fr\/index.php\/produit\/ranci-est\/\",\"name\":\"Ranci est - Atypique Concept Store\",\"isPartOf\":{\"@id\":\"https:\/\/atypique.brunotarhan.fr\/#website\"},\"datePublished\":\"2022-03-28T07:38:18+00:00\",\"dateModified\":\"2022-04-08T11:20:58+00:00\",\"breadcrumb\":{\"@id\":\"https:\/\/atypique.brunotarhan.fr\/index.php\/produit\/ranci-est\/#breadcrumb\"},\"inLanguage\":\"fr-FR\",\"potentialAction\":[{\"@type\":\"ReadAction\",\"target\":[\"https:\/\/atypique.brunotarhan.fr\/index.php\/produit\/ranci-est\/\"]}]},{\"@type\":\"BreadcrumbList\",\"@id\":\"https:\/\/atypique.brunotarhan.fr\/index.php\/produit\/ranci-est\/#breadcrumb\",\"itemListElement\":[{\"@type\":\"ListItem\",\"position\":1,\"name\":\"Accueil\",\"item\":\"https:\/\/atypique.brunotarhan.fr\/\"},{\"@type\":\"ListItem\",\"position\":2,\"name\":\"\"},{\"@type\":\"ListItem\",\"position\":3,\"name\":\"Ranci est\"}]}]}<\/script>\n<!-- \/ Yoast SEO plugin. -->","yoast_head_json":{"title":"Ranci est - Atypique Concept Store","robots":{"index":"index","follow":"follow","max-snippet":"max-snippet:-1","max-image-preview":"max-image-preview:large","max-video-preview":"max-video-preview:-1"},"canonical":"https:\/\/atypique.brunotarhan.fr\/index.php\/produit\/ranci-est\/","og_locale":"fr_FR","og_type":"article","og_title":"Ranci est - Atypique Concept Store","og_description":"C\u00e9page : Macabeu Ranci eSt! est une cuv\u00e9e de rancio blanc, \u00e9labor\u00e9e \u00e0 partir du c\u00e9page Macabeu. C\u2019est une solera (pas au sens strict du terme mais la philosophie est l\u00e0\u2026), que Gilles a demarr\u00e9 en 2002. La dur\u00e9e d\u2019\u00e9levage oxydatif est au minimum de 8 ans (m\u00eame si une partie du vin a donc pratiquement 20 ans). Seulement 100 bouteilles sont pr\u00e9lev\u00e9es chaque ann\u00e9e dans la \u201csolera\u201d. Une cuv\u00e9e extr\u00eamement rare donc, exclusivement pour les amateurs de rancio sec. Pour un morceau de parmesan, une mimolette vieille, ou encore mieux, un cigare.","og_url":"https:\/\/atypique.brunotarhan.fr\/index.php\/produit\/ranci-est\/","og_site_name":"Atypique Concept Store","article_modified_time":"2022-04-08T11:20:58+00:00","twitter_card":"summary_large_image","schema":{"@context":"https:\/\/schema.org","@graph":[{"@type":"WebSite","@id":"https:\/\/atypique.brunotarhan.fr\/#website","url":"https:\/\/atypique.brunotarhan.fr\/","name":"Atypique Concept Store","description":"Just another WordPress site","potentialAction":[{"@type":"SearchAction","target":{"@type":"EntryPoint","urlTemplate":"https:\/\/atypique.brunotarhan.fr\/?s={search_term_string}"},"query-input":"required name=search_term_string"}],"inLanguage":"fr-FR"},{"@type":"WebPage","@id":"https:\/\/atypique.brunotarhan.fr\/index.php\/produit\/ranci-est\/#webpage","url":"https:\/\/atypique.brunotarhan.fr\/index.php\/produit\/ranci-est\/","name":"Ranci est - Atypique Concept Store","isPartOf":{"@id":"https:\/\/atypique.brunotarhan.fr\/#website"},"datePublished":"2022-03-28T07:38:18+00:00","dateModified":"2022-04-08T11:20:58+00:00","breadcrumb":{"@id":"https:\/\/atypique.brunotarhan.fr\/index.php\/produit\/ranci-est\/#breadcrumb"},"inLanguage":"fr-FR","potentialAction":[{"@type":"ReadAction","target":["https:\/\/atypique.brunotarhan.fr\/index.php\/produit\/ranci-est\/"]}]},{"@type":"BreadcrumbList","@id":"https:\/\/atypique.brunotarhan.fr\/index.php\/produit\/ranci-est\/#breadcrumb","itemListElement":[{"@type":"ListItem","position":1,"name":"Accueil","item":"https:\/\/atypique.brunotarhan.fr\/"},{"@type":"ListItem","position":2,"name":""},{"@type":"ListItem","position":3,"name":"Ranci est"}]}]}},"_links":{"self":[{"href":"https:\/\/atypique.brunotarhan.fr\/index.php\/wp-json\/wp\/v2\/product\/14666","targetHints":{"allow":["GET"]}}],"collection":[{"href":"https:\/\/atypique.brunotarhan.fr\/index.php\/wp-json\/wp\/v2\/product"}],"about":[{"href":"https:\/\/atypique.brunotarhan.fr\/index.php\/wp-json\/wp\/v2\/types\/product"}],"replies":[{"embeddable":true,"href":"https:\/\/atypique.brunotarhan.fr\/index.php\/wp-json\/wp\/v2\/comments?post=14666"}],"wp:attachment":[{"href":"https:\/\/atypique.brunotarhan.fr\/index.php\/wp-json\/wp\/v2\/media?parent=14666"}],"wp:term":[{"taxonomy":"product_cat","embeddable":true,"href":"https:\/\/atypique.brunotarhan.fr\/index.php\/wp-json\/wp\/v2\/product_cat?post=14666"},{"taxonomy":"product_tag","embeddable":true,"href":"https:\/\/atypique.brunotarhan.fr\/index.php\/wp-json\/wp\/v2\/product_tag?post=14666"}],"curies":[{"name":"wp","href":"https:\/\/api.w.org\/{rel}","templated":true}]}}