{"id":14658,"date":"2022-03-28T07:37:57","date_gmt":"2022-03-28T07:37:57","guid":{"rendered":"https:\/\/atypique.brunotarhan.fr\/?post_type=product&#038;p=14658"},"modified":"2022-04-08T11:20:44","modified_gmt":"2022-04-08T11:20:44","slug":"boreal","status":"publish","type":"product","link":"https:\/\/atypique.brunotarhan.fr\/index.php\/produit\/boreal\/","title":{"rendered":"Boreal"},"content":{"rendered":"<p>Cela fait maintenant plus de 20 ans que Gilles Troullier travaille dans le domaine du vin. Peu de temps apr\u00e8s l&#8217;arriv\u00e9e de Gilles dans les c\u00f4tes du Rh\u00f4ne, Michel Chapoutier d\u00e9cide de s&#8217;implanter dans le Roussillon et propose \u00e0 gilles la direction des op\u00e9rations au Domaine Bila Haut. Caressant le r\u00eave de devenir son propre patron, Gilles Troullier go\u00fbte un jour une cuv\u00e9e de Laou Bize-Leroy et c&#8217;est le d\u00e9clic. Il ach\u00e8te donc ou prend en fermage quelques parcelles de vigne et commence \u00e0 vinifier pour son compte en parall\u00e8le de son travail chez Bila Haut durant 15 ans.<br \/>\nDe nos jours, Gilles Troullier chouchoute 6 hectares avec une tr\u00e8s grosse majorit\u00e9 de Syrah, mais travaille \u00e9galement grenache noir et gris, un peu de carignan et du lledoner pelut (principalement sur des sols de granit et un peu sur des schistes). Bien que ses plus belles parcelles soient sur Saint Paul de Fenouillet, la majorit\u00e9 d&#8217;entre elles se situent \u00e0 Tarerach et Tr\u00e9villach o\u00f9 il produit des appellations Vin de France, IGP cotes catalanes et Rancio sec. Dans l&#8217;id\u00e9e de b\u00e2tir un vignoble d&#8217;altitude, Gilles n&#8217;ach\u00e8te que des vignes \u00e0 plus de 350m. Voil\u00e0 pourquoi ses Syrahs comptent parmi les plus hautes de la r\u00e9gion \u00e0 pr\u00e8s de 600m. Selon Gilles Troullier, c\u2019est le secret pour fa\u00e7onner des vins frais et m\u00fbrs, sans trop d&#8217;alcool.<br \/>\nLa biodynamie (mais sans certification) s&#8217;est impos\u00e9e d&#8217;elle m\u00eame : rien d&#8217;autre que du souffre et du cuivre dans les vignes depuis 20 ans ! C&#8217;est dans un tout petit chai de 40m\u00b2 sur Estagel qu&#8217;il cr\u00e9e ses merveilles. Cela lui permet avec seulement quelques cuves inox et b\u00e9ton de vinifier en parcellaire. Les levures indig\u00e8nes se font la part belle pour les fermentations. Barrique et demi-muids de provenances diverses constituent la majorit\u00e9 de ses \u00e9levages.<\/p>\n<p>Toutes ses cuv\u00e9es sont \u00e0 son image : du caract\u00e8re, de la gourmandise et de la fra\u00eecheur. Des vins droits, d&#8217;artisan, authentiques avec un vrai parti pris et une puret\u00e9 aromatique impressionnante! Gilles Troullier est un vrai coup de coeur! <\/p>\n","protected":false},"excerpt":{"rendered":"<p>Bor\u00e9al est une cuv\u00e9e parcellaire de syrah issue d\u2019une vigne situ\u00e9e \u00e0 la sortie de Trevillach situ\u00e9 \u00e0 une altitude sup\u00e9rieure \u00e0 l\u2019aire d\u2019appellation C\u00f4tes du Roussillon .<br \/>\nD\u2019une surface inf\u00e9rieure \u00e0 un hectare, la parcelle est implant\u00e9e sur un terroir de pur granite et regarde l\u2019Est. Vinifi\u00e9e en cuve b\u00e9ton sous levures indig\u00e8nes, Bor\u00e9al est \u00e9lev\u00e9e pendant 18 mois en barriques.<br \/>\nContrairement \u00e0 beaucoup de vignerons, chez Gilles Troullier, plus on \u201cmonte en gamme\u201d (et en tarif\u2026), plus les vins gagnent en \u00e9l\u00e9gance et en d\u00e9li\u00e9. Bor\u00e9al repr\u00e9sente l\u2019id\u00e9al de ce que recherche Gilles sur ces terroirs de granit d\u2019altitude : fraicheur, fruits m\u00fbrs mais frais, un c\u00f4t\u00e9 juteux voire sanguin, une trame tannique tr\u00e8s fine et une belle complexit\u00e9 aromatique (fruits rouges et noirs, herbes aromatiques, bacon grill\u00e9\u2026). <\/p>\n","protected":false},"featured_media":0,"comment_status":"open","ping_status":"closed","template":"","meta":[],"product_cat":[87],"product_tag":[],"class_list":["post-14658","product","type-product","status-publish","hentry","product_cat-vins","berocket_brand-gilles-troullier"],"yoast_head":"<!-- This site is optimized with the Yoast SEO plugin v18.0 - https:\/\/yoast.com\/wordpress\/plugins\/seo\/ -->\n<title>Boreal - Atypique Concept Store<\/title>\n<meta name=\"robots\" content=\"index, follow, max-snippet:-1, max-image-preview:large, max-video-preview:-1\" \/>\n<link rel=\"canonical\" href=\"https:\/\/atypique.brunotarhan.fr\/index.php\/produit\/boreal\/\" \/>\n<meta property=\"og:locale\" content=\"fr_FR\" \/>\n<meta property=\"og:type\" content=\"article\" \/>\n<meta property=\"og:title\" content=\"Boreal - Atypique Concept Store\" \/>\n<meta property=\"og:description\" content=\"Bor\u00e9al est une cuv\u00e9e parcellaire de syrah issue d\u2019une vigne situ\u00e9e \u00e0 la sortie de Trevillach situ\u00e9 \u00e0 une altitude sup\u00e9rieure \u00e0 l\u2019aire d\u2019appellation C\u00f4tes du Roussillon . D\u2019une surface inf\u00e9rieure \u00e0 un hectare, la parcelle est implant\u00e9e sur un terroir de pur granite et regarde l\u2019Est. Vinifi\u00e9e en cuve b\u00e9ton sous levures indig\u00e8nes, Bor\u00e9al est \u00e9lev\u00e9e pendant 18 mois en barriques. Contrairement \u00e0 beaucoup de vignerons, chez Gilles Troullier, plus on \u201cmonte en gamme\u201d (et en tarif\u2026), plus les vins gagnent en \u00e9l\u00e9gance et en d\u00e9li\u00e9. Bor\u00e9al repr\u00e9sente l\u2019id\u00e9al de ce que recherche Gilles sur ces terroirs de granit d\u2019altitude : fraicheur, fruits m\u00fbrs mais frais, un c\u00f4t\u00e9 juteux voire sanguin, une trame tannique tr\u00e8s fine et une belle complexit\u00e9 aromatique (fruits rouges et noirs, herbes aromatiques, bacon grill\u00e9\u2026).\" \/>\n<meta property=\"og:url\" content=\"https:\/\/atypique.brunotarhan.fr\/index.php\/produit\/boreal\/\" \/>\n<meta property=\"og:site_name\" content=\"Atypique Concept Store\" \/>\n<meta property=\"article:modified_time\" content=\"2022-04-08T11:20:44+00:00\" \/>\n<meta name=\"twitter:card\" content=\"summary_large_image\" \/>\n<meta name=\"twitter:label1\" content=\"Dur\u00e9e de lecture estim\u00e9e\" \/>\n\t<meta name=\"twitter:data1\" content=\"2 minutes\" \/>\n<script type=\"application\/ld+json\" class=\"yoast-schema-graph\">{\"@context\":\"https:\/\/schema.org\",\"@graph\":[{\"@type\":\"WebSite\",\"@id\":\"https:\/\/atypique.brunotarhan.fr\/#website\",\"url\":\"https:\/\/atypique.brunotarhan.fr\/\",\"name\":\"Atypique Concept Store\",\"description\":\"Just another WordPress site\",\"potentialAction\":[{\"@type\":\"SearchAction\",\"target\":{\"@type\":\"EntryPoint\",\"urlTemplate\":\"https:\/\/atypique.brunotarhan.fr\/?s={search_term_string}\"},\"query-input\":\"required name=search_term_string\"}],\"inLanguage\":\"fr-FR\"},{\"@type\":\"WebPage\",\"@id\":\"https:\/\/atypique.brunotarhan.fr\/index.php\/produit\/boreal\/#webpage\",\"url\":\"https:\/\/atypique.brunotarhan.fr\/index.php\/produit\/boreal\/\",\"name\":\"Boreal - Atypique Concept Store\",\"isPartOf\":{\"@id\":\"https:\/\/atypique.brunotarhan.fr\/#website\"},\"datePublished\":\"2022-03-28T07:37:57+00:00\",\"dateModified\":\"2022-04-08T11:20:44+00:00\",\"breadcrumb\":{\"@id\":\"https:\/\/atypique.brunotarhan.fr\/index.php\/produit\/boreal\/#breadcrumb\"},\"inLanguage\":\"fr-FR\",\"potentialAction\":[{\"@type\":\"ReadAction\",\"target\":[\"https:\/\/atypique.brunotarhan.fr\/index.php\/produit\/boreal\/\"]}]},{\"@type\":\"BreadcrumbList\",\"@id\":\"https:\/\/atypique.brunotarhan.fr\/index.php\/produit\/boreal\/#breadcrumb\",\"itemListElement\":[{\"@type\":\"ListItem\",\"position\":1,\"name\":\"Accueil\",\"item\":\"https:\/\/atypique.brunotarhan.fr\/\"},{\"@type\":\"ListItem\",\"position\":2,\"name\":\"\"},{\"@type\":\"ListItem\",\"position\":3,\"name\":\"Boreal\"}]}]}<\/script>\n<!-- \/ Yoast SEO plugin. -->","yoast_head_json":{"title":"Boreal - Atypique Concept Store","robots":{"index":"index","follow":"follow","max-snippet":"max-snippet:-1","max-image-preview":"max-image-preview:large","max-video-preview":"max-video-preview:-1"},"canonical":"https:\/\/atypique.brunotarhan.fr\/index.php\/produit\/boreal\/","og_locale":"fr_FR","og_type":"article","og_title":"Boreal - Atypique Concept Store","og_description":"Bor\u00e9al est une cuv\u00e9e parcellaire de syrah issue d\u2019une vigne situ\u00e9e \u00e0 la sortie de Trevillach situ\u00e9 \u00e0 une altitude sup\u00e9rieure \u00e0 l\u2019aire d\u2019appellation C\u00f4tes du Roussillon . D\u2019une surface inf\u00e9rieure \u00e0 un hectare, la parcelle est implant\u00e9e sur un terroir de pur granite et regarde l\u2019Est. Vinifi\u00e9e en cuve b\u00e9ton sous levures indig\u00e8nes, Bor\u00e9al est \u00e9lev\u00e9e pendant 18 mois en barriques. Contrairement \u00e0 beaucoup de vignerons, chez Gilles Troullier, plus on \u201cmonte en gamme\u201d (et en tarif\u2026), plus les vins gagnent en \u00e9l\u00e9gance et en d\u00e9li\u00e9. Bor\u00e9al repr\u00e9sente l\u2019id\u00e9al de ce que recherche Gilles sur ces terroirs de granit d\u2019altitude : fraicheur, fruits m\u00fbrs mais frais, un c\u00f4t\u00e9 juteux voire sanguin, une trame tannique tr\u00e8s fine et une belle complexit\u00e9 aromatique (fruits rouges et noirs, herbes aromatiques, bacon grill\u00e9\u2026).","og_url":"https:\/\/atypique.brunotarhan.fr\/index.php\/produit\/boreal\/","og_site_name":"Atypique Concept Store","article_modified_time":"2022-04-08T11:20:44+00:00","twitter_card":"summary_large_image","twitter_misc":{"Dur\u00e9e de lecture estim\u00e9e":"2 minutes"},"schema":{"@context":"https:\/\/schema.org","@graph":[{"@type":"WebSite","@id":"https:\/\/atypique.brunotarhan.fr\/#website","url":"https:\/\/atypique.brunotarhan.fr\/","name":"Atypique Concept Store","description":"Just another WordPress site","potentialAction":[{"@type":"SearchAction","target":{"@type":"EntryPoint","urlTemplate":"https:\/\/atypique.brunotarhan.fr\/?s={search_term_string}"},"query-input":"required name=search_term_string"}],"inLanguage":"fr-FR"},{"@type":"WebPage","@id":"https:\/\/atypique.brunotarhan.fr\/index.php\/produit\/boreal\/#webpage","url":"https:\/\/atypique.brunotarhan.fr\/index.php\/produit\/boreal\/","name":"Boreal - Atypique Concept Store","isPartOf":{"@id":"https:\/\/atypique.brunotarhan.fr\/#website"},"datePublished":"2022-03-28T07:37:57+00:00","dateModified":"2022-04-08T11:20:44+00:00","breadcrumb":{"@id":"https:\/\/atypique.brunotarhan.fr\/index.php\/produit\/boreal\/#breadcrumb"},"inLanguage":"fr-FR","potentialAction":[{"@type":"ReadAction","target":["https:\/\/atypique.brunotarhan.fr\/index.php\/produit\/boreal\/"]}]},{"@type":"BreadcrumbList","@id":"https:\/\/atypique.brunotarhan.fr\/index.php\/produit\/boreal\/#breadcrumb","itemListElement":[{"@type":"ListItem","position":1,"name":"Accueil","item":"https:\/\/atypique.brunotarhan.fr\/"},{"@type":"ListItem","position":2,"name":""},{"@type":"ListItem","position":3,"name":"Boreal"}]}]}},"_links":{"self":[{"href":"https:\/\/atypique.brunotarhan.fr\/index.php\/wp-json\/wp\/v2\/product\/14658","targetHints":{"allow":["GET"]}}],"collection":[{"href":"https:\/\/atypique.brunotarhan.fr\/index.php\/wp-json\/wp\/v2\/product"}],"about":[{"href":"https:\/\/atypique.brunotarhan.fr\/index.php\/wp-json\/wp\/v2\/types\/product"}],"replies":[{"embeddable":true,"href":"https:\/\/atypique.brunotarhan.fr\/index.php\/wp-json\/wp\/v2\/comments?post=14658"}],"wp:attachment":[{"href":"https:\/\/atypique.brunotarhan.fr\/index.php\/wp-json\/wp\/v2\/media?parent=14658"}],"wp:term":[{"taxonomy":"product_cat","embeddable":true,"href":"https:\/\/atypique.brunotarhan.fr\/index.php\/wp-json\/wp\/v2\/product_cat?post=14658"},{"taxonomy":"product_tag","embeddable":true,"href":"https:\/\/atypique.brunotarhan.fr\/index.php\/wp-json\/wp\/v2\/product_tag?post=14658"}],"curies":[{"name":"wp","href":"https:\/\/api.w.org\/{rel}","templated":true}]}}