{"id":14649,"date":"2022-03-28T07:37:31","date_gmt":"2022-03-28T07:37:31","guid":{"rendered":"https:\/\/atypique.brunotarhan.fr\/?post_type=product&#038;p=14649"},"modified":"2022-04-08T11:20:25","modified_gmt":"2022-04-08T11:20:25","slug":"les-tilles","status":"publish","type":"product","link":"https:\/\/atypique.brunotarhan.fr\/index.php\/produit\/les-tilles\/","title":{"rendered":"Les tilles"},"content":{"rendered":"<p>Notre Domaine s\u2019\u00e9tend actuellement sur 9.5 Ha r\u00e9partis en 23 parcelles sur trois communes, Vir\u00e9, Montbellet et Burgy et 4 appellations d\u2019origine:<\/p>\n<p>Mon grand-p\u00e8re Victor Chaland commen\u00e7a \u00e0 cultiver la vigne dans les ann\u00e9es 30, mon p\u00e8re Jean-No\u00ebl pris la suite en 1967 avec sa premi\u00e8re cuv\u00e9e vinifi\u00e9e au Domaine. C\u2019est en l\u2019an 2000 que je cr\u00e9\u00e9e le Domaine Sainte Barbe avec une surface de 4 Ha.<\/p>\n<p>Notre vignoble a toujours \u00e9t\u00e9 entretenu et labour\u00e9 sans utilisation d\u2019herbicides de synth\u00e8se, c\u2019est dans cette optique de respect des sols et d\u2019expression de nos terroirs que le Domaine a obtenu une certification en Agriculture Biologique en 2003.<\/p>\n<p>La r\u00e9colte est 100% manuelle.<\/p>\n<p>Notre vinification avec levures indig\u00e8nes souligne nos terroirs et s\u2019inscrit<br \/>\ndans la pure tradition Bourguignonne.<\/p>\n<p>Nous recherchons l\u2019expression min\u00e9rale dans nos vins, avec de l\u2019\u00e9quilibre, de la structure, de la puret\u00e9, de la salinit\u00e9, une touche de gras, une pointe sapide, du soyeux et encore beaucoup !<\/p>\n<p>Nos vins ont des gardes vari\u00e9es, un M\u00e2con se boit dans la jeunesse tandis que nos Vir\u00e9-Cless\u00e9 parcellaires peuvent \u00eatre encav\u00e9s quelques ann\u00e9es.<\/p>\n","protected":false},"excerpt":{"rendered":"<p>C\u00e9page : Chardonnay<\/p>\n<p>Avec des ar\u00f4mes de pamplemousse, de citron et de p\u00eache blanche, le nez est expressif. La bouche est bien \u00e9quilibr\u00e9e, gourmande, facile \u00e0 boire avec une touche saline en finale.<\/p>\n","protected":false},"featured_media":0,"comment_status":"open","ping_status":"closed","template":"","meta":[],"product_cat":[87],"product_tag":[],"class_list":["post-14649","product","type-product","status-publish","hentry","product_cat-vins","berocket_brand-domaine-sainte-barbe"],"yoast_head":"<!-- This site is optimized with the Yoast SEO plugin v18.0 - https:\/\/yoast.com\/wordpress\/plugins\/seo\/ -->\n<title>Les tilles - Atypique Concept Store<\/title>\n<meta name=\"robots\" content=\"index, follow, max-snippet:-1, max-image-preview:large, max-video-preview:-1\" \/>\n<link rel=\"canonical\" href=\"https:\/\/atypique.brunotarhan.fr\/index.php\/produit\/les-tilles\/\" \/>\n<meta property=\"og:locale\" content=\"fr_FR\" \/>\n<meta property=\"og:type\" content=\"article\" \/>\n<meta property=\"og:title\" content=\"Les tilles - Atypique Concept Store\" \/>\n<meta property=\"og:description\" content=\"C\u00e9page : Chardonnay Avec des ar\u00f4mes de pamplemousse, de citron et de p\u00eache blanche, le nez est expressif. La bouche est bien \u00e9quilibr\u00e9e, gourmande, facile \u00e0 boire avec une touche saline en finale.\" \/>\n<meta property=\"og:url\" content=\"https:\/\/atypique.brunotarhan.fr\/index.php\/produit\/les-tilles\/\" \/>\n<meta property=\"og:site_name\" content=\"Atypique Concept Store\" \/>\n<meta property=\"article:modified_time\" content=\"2022-04-08T11:20:25+00:00\" \/>\n<meta name=\"twitter:card\" content=\"summary_large_image\" \/>\n<meta name=\"twitter:label1\" content=\"Dur\u00e9e de lecture estim\u00e9e\" \/>\n\t<meta name=\"twitter:data1\" content=\"1 minute\" \/>\n<script type=\"application\/ld+json\" class=\"yoast-schema-graph\">{\"@context\":\"https:\/\/schema.org\",\"@graph\":[{\"@type\":\"WebSite\",\"@id\":\"https:\/\/atypique.brunotarhan.fr\/#website\",\"url\":\"https:\/\/atypique.brunotarhan.fr\/\",\"name\":\"Atypique Concept Store\",\"description\":\"Just another WordPress site\",\"potentialAction\":[{\"@type\":\"SearchAction\",\"target\":{\"@type\":\"EntryPoint\",\"urlTemplate\":\"https:\/\/atypique.brunotarhan.fr\/?s={search_term_string}\"},\"query-input\":\"required name=search_term_string\"}],\"inLanguage\":\"fr-FR\"},{\"@type\":\"WebPage\",\"@id\":\"https:\/\/atypique.brunotarhan.fr\/index.php\/produit\/les-tilles\/#webpage\",\"url\":\"https:\/\/atypique.brunotarhan.fr\/index.php\/produit\/les-tilles\/\",\"name\":\"Les tilles - Atypique Concept Store\",\"isPartOf\":{\"@id\":\"https:\/\/atypique.brunotarhan.fr\/#website\"},\"datePublished\":\"2022-03-28T07:37:31+00:00\",\"dateModified\":\"2022-04-08T11:20:25+00:00\",\"breadcrumb\":{\"@id\":\"https:\/\/atypique.brunotarhan.fr\/index.php\/produit\/les-tilles\/#breadcrumb\"},\"inLanguage\":\"fr-FR\",\"potentialAction\":[{\"@type\":\"ReadAction\",\"target\":[\"https:\/\/atypique.brunotarhan.fr\/index.php\/produit\/les-tilles\/\"]}]},{\"@type\":\"BreadcrumbList\",\"@id\":\"https:\/\/atypique.brunotarhan.fr\/index.php\/produit\/les-tilles\/#breadcrumb\",\"itemListElement\":[{\"@type\":\"ListItem\",\"position\":1,\"name\":\"Accueil\",\"item\":\"https:\/\/atypique.brunotarhan.fr\/\"},{\"@type\":\"ListItem\",\"position\":2,\"name\":\"\"},{\"@type\":\"ListItem\",\"position\":3,\"name\":\"Les tilles\"}]}]}<\/script>\n<!-- \/ Yoast SEO plugin. -->","yoast_head_json":{"title":"Les tilles - Atypique Concept Store","robots":{"index":"index","follow":"follow","max-snippet":"max-snippet:-1","max-image-preview":"max-image-preview:large","max-video-preview":"max-video-preview:-1"},"canonical":"https:\/\/atypique.brunotarhan.fr\/index.php\/produit\/les-tilles\/","og_locale":"fr_FR","og_type":"article","og_title":"Les tilles - Atypique Concept Store","og_description":"C\u00e9page : Chardonnay Avec des ar\u00f4mes de pamplemousse, de citron et de p\u00eache blanche, le nez est expressif. La bouche est bien \u00e9quilibr\u00e9e, gourmande, facile \u00e0 boire avec une touche saline en finale.","og_url":"https:\/\/atypique.brunotarhan.fr\/index.php\/produit\/les-tilles\/","og_site_name":"Atypique Concept Store","article_modified_time":"2022-04-08T11:20:25+00:00","twitter_card":"summary_large_image","twitter_misc":{"Dur\u00e9e de lecture estim\u00e9e":"1 minute"},"schema":{"@context":"https:\/\/schema.org","@graph":[{"@type":"WebSite","@id":"https:\/\/atypique.brunotarhan.fr\/#website","url":"https:\/\/atypique.brunotarhan.fr\/","name":"Atypique Concept Store","description":"Just another WordPress site","potentialAction":[{"@type":"SearchAction","target":{"@type":"EntryPoint","urlTemplate":"https:\/\/atypique.brunotarhan.fr\/?s={search_term_string}"},"query-input":"required name=search_term_string"}],"inLanguage":"fr-FR"},{"@type":"WebPage","@id":"https:\/\/atypique.brunotarhan.fr\/index.php\/produit\/les-tilles\/#webpage","url":"https:\/\/atypique.brunotarhan.fr\/index.php\/produit\/les-tilles\/","name":"Les tilles - Atypique Concept Store","isPartOf":{"@id":"https:\/\/atypique.brunotarhan.fr\/#website"},"datePublished":"2022-03-28T07:37:31+00:00","dateModified":"2022-04-08T11:20:25+00:00","breadcrumb":{"@id":"https:\/\/atypique.brunotarhan.fr\/index.php\/produit\/les-tilles\/#breadcrumb"},"inLanguage":"fr-FR","potentialAction":[{"@type":"ReadAction","target":["https:\/\/atypique.brunotarhan.fr\/index.php\/produit\/les-tilles\/"]}]},{"@type":"BreadcrumbList","@id":"https:\/\/atypique.brunotarhan.fr\/index.php\/produit\/les-tilles\/#breadcrumb","itemListElement":[{"@type":"ListItem","position":1,"name":"Accueil","item":"https:\/\/atypique.brunotarhan.fr\/"},{"@type":"ListItem","position":2,"name":""},{"@type":"ListItem","position":3,"name":"Les tilles"}]}]}},"_links":{"self":[{"href":"https:\/\/atypique.brunotarhan.fr\/index.php\/wp-json\/wp\/v2\/product\/14649","targetHints":{"allow":["GET"]}}],"collection":[{"href":"https:\/\/atypique.brunotarhan.fr\/index.php\/wp-json\/wp\/v2\/product"}],"about":[{"href":"https:\/\/atypique.brunotarhan.fr\/index.php\/wp-json\/wp\/v2\/types\/product"}],"replies":[{"embeddable":true,"href":"https:\/\/atypique.brunotarhan.fr\/index.php\/wp-json\/wp\/v2\/comments?post=14649"}],"wp:attachment":[{"href":"https:\/\/atypique.brunotarhan.fr\/index.php\/wp-json\/wp\/v2\/media?parent=14649"}],"wp:term":[{"taxonomy":"product_cat","embeddable":true,"href":"https:\/\/atypique.brunotarhan.fr\/index.php\/wp-json\/wp\/v2\/product_cat?post=14649"},{"taxonomy":"product_tag","embeddable":true,"href":"https:\/\/atypique.brunotarhan.fr\/index.php\/wp-json\/wp\/v2\/product_tag?post=14649"}],"curies":[{"name":"wp","href":"https:\/\/api.w.org\/{rel}","templated":true}]}}