{"id":14618,"date":"2022-03-28T07:35:47","date_gmt":"2022-03-28T07:35:47","guid":{"rendered":"https:\/\/atypique.brunotarhan.fr\/?post_type=product&#038;p=14618"},"modified":"2022-04-08T11:19:21","modified_gmt":"2022-04-08T11:19:21","slug":"riesling-muehlforst","status":"publish","type":"product","link":"https:\/\/atypique.brunotarhan.fr\/index.php\/produit\/riesling-muehlforst\/","title":{"rendered":"Riesling muehlforst"},"content":{"rendered":"","protected":false},"excerpt":{"rendered":"<p>C\u00e9page : 100%riesling<\/p>\n<p>Jean  nous proposent sur ce mill\u00e9sime une cuv\u00e9e moins tranchante et min\u00e9rale que sur le mill\u00e9sime 2013, mais plus ample et plus puissante. On est imm\u00e9diatement s\u00e9duit par sa robe aux reflets dor\u00e9s, son nez l\u00e9g\u00e8rement fleuri sur des notes de fruits blancs et exotiques.<\/p>\n<p>Dot\u00e9 d\u2019un parfait \u00e9quilibre et d\u2019une grande ampleur, c\u2019est un vin nature d\u2019Alsace qui offre une belle pr\u00e9sence en bouche et une finale longue sur une acidit\u00e9 retenue.<\/p>\n","protected":false},"featured_media":0,"comment_status":"open","ping_status":"closed","template":"","meta":[],"product_cat":[87],"product_tag":[],"class_list":["post-14618","product","type-product","status-publish","hentry","product_cat-vins","berocket_brand-domaine-cle-de-sol"],"yoast_head":"<!-- This site is optimized with the Yoast SEO plugin v18.0 - https:\/\/yoast.com\/wordpress\/plugins\/seo\/ -->\n<title>Riesling muehlforst - Atypique Concept Store<\/title>\n<meta name=\"robots\" content=\"index, follow, max-snippet:-1, max-image-preview:large, max-video-preview:-1\" \/>\n<link rel=\"canonical\" href=\"https:\/\/atypique.brunotarhan.fr\/index.php\/produit\/riesling-muehlforst\/\" \/>\n<meta property=\"og:locale\" content=\"fr_FR\" \/>\n<meta property=\"og:type\" content=\"article\" \/>\n<meta property=\"og:title\" content=\"Riesling muehlforst - Atypique Concept Store\" \/>\n<meta property=\"og:description\" content=\"C\u00e9page : 100%riesling Jean nous proposent sur ce mill\u00e9sime une cuv\u00e9e moins tranchante et min\u00e9rale que sur le mill\u00e9sime 2013, mais plus ample et plus puissante. On est imm\u00e9diatement s\u00e9duit par sa robe aux reflets dor\u00e9s, son nez l\u00e9g\u00e8rement fleuri sur des notes de fruits blancs et exotiques. Dot\u00e9 d\u2019un parfait \u00e9quilibre et d\u2019une grande ampleur, c\u2019est un vin nature d\u2019Alsace qui offre une belle pr\u00e9sence en bouche et une finale longue sur une acidit\u00e9 retenue.\" \/>\n<meta property=\"og:url\" content=\"https:\/\/atypique.brunotarhan.fr\/index.php\/produit\/riesling-muehlforst\/\" \/>\n<meta property=\"og:site_name\" content=\"Atypique Concept Store\" \/>\n<meta property=\"article:modified_time\" content=\"2022-04-08T11:19:21+00:00\" \/>\n<meta name=\"twitter:card\" content=\"summary_large_image\" \/>\n<script type=\"application\/ld+json\" class=\"yoast-schema-graph\">{\"@context\":\"https:\/\/schema.org\",\"@graph\":[{\"@type\":\"WebSite\",\"@id\":\"https:\/\/atypique.brunotarhan.fr\/#website\",\"url\":\"https:\/\/atypique.brunotarhan.fr\/\",\"name\":\"Atypique Concept Store\",\"description\":\"Just another WordPress site\",\"potentialAction\":[{\"@type\":\"SearchAction\",\"target\":{\"@type\":\"EntryPoint\",\"urlTemplate\":\"https:\/\/atypique.brunotarhan.fr\/?s={search_term_string}\"},\"query-input\":\"required name=search_term_string\"}],\"inLanguage\":\"fr-FR\"},{\"@type\":\"WebPage\",\"@id\":\"https:\/\/atypique.brunotarhan.fr\/index.php\/produit\/riesling-muehlforst\/#webpage\",\"url\":\"https:\/\/atypique.brunotarhan.fr\/index.php\/produit\/riesling-muehlforst\/\",\"name\":\"Riesling muehlforst - Atypique Concept Store\",\"isPartOf\":{\"@id\":\"https:\/\/atypique.brunotarhan.fr\/#website\"},\"datePublished\":\"2022-03-28T07:35:47+00:00\",\"dateModified\":\"2022-04-08T11:19:21+00:00\",\"breadcrumb\":{\"@id\":\"https:\/\/atypique.brunotarhan.fr\/index.php\/produit\/riesling-muehlforst\/#breadcrumb\"},\"inLanguage\":\"fr-FR\",\"potentialAction\":[{\"@type\":\"ReadAction\",\"target\":[\"https:\/\/atypique.brunotarhan.fr\/index.php\/produit\/riesling-muehlforst\/\"]}]},{\"@type\":\"BreadcrumbList\",\"@id\":\"https:\/\/atypique.brunotarhan.fr\/index.php\/produit\/riesling-muehlforst\/#breadcrumb\",\"itemListElement\":[{\"@type\":\"ListItem\",\"position\":1,\"name\":\"Accueil\",\"item\":\"https:\/\/atypique.brunotarhan.fr\/\"},{\"@type\":\"ListItem\",\"position\":2,\"name\":\"\"},{\"@type\":\"ListItem\",\"position\":3,\"name\":\"Riesling muehlforst\"}]}]}<\/script>\n<!-- \/ Yoast SEO plugin. -->","yoast_head_json":{"title":"Riesling muehlforst - Atypique Concept Store","robots":{"index":"index","follow":"follow","max-snippet":"max-snippet:-1","max-image-preview":"max-image-preview:large","max-video-preview":"max-video-preview:-1"},"canonical":"https:\/\/atypique.brunotarhan.fr\/index.php\/produit\/riesling-muehlforst\/","og_locale":"fr_FR","og_type":"article","og_title":"Riesling muehlforst - Atypique Concept Store","og_description":"C\u00e9page : 100%riesling Jean nous proposent sur ce mill\u00e9sime une cuv\u00e9e moins tranchante et min\u00e9rale que sur le mill\u00e9sime 2013, mais plus ample et plus puissante. On est imm\u00e9diatement s\u00e9duit par sa robe aux reflets dor\u00e9s, son nez l\u00e9g\u00e8rement fleuri sur des notes de fruits blancs et exotiques. Dot\u00e9 d\u2019un parfait \u00e9quilibre et d\u2019une grande ampleur, c\u2019est un vin nature d\u2019Alsace qui offre une belle pr\u00e9sence en bouche et une finale longue sur une acidit\u00e9 retenue.","og_url":"https:\/\/atypique.brunotarhan.fr\/index.php\/produit\/riesling-muehlforst\/","og_site_name":"Atypique Concept Store","article_modified_time":"2022-04-08T11:19:21+00:00","twitter_card":"summary_large_image","schema":{"@context":"https:\/\/schema.org","@graph":[{"@type":"WebSite","@id":"https:\/\/atypique.brunotarhan.fr\/#website","url":"https:\/\/atypique.brunotarhan.fr\/","name":"Atypique Concept Store","description":"Just another WordPress site","potentialAction":[{"@type":"SearchAction","target":{"@type":"EntryPoint","urlTemplate":"https:\/\/atypique.brunotarhan.fr\/?s={search_term_string}"},"query-input":"required name=search_term_string"}],"inLanguage":"fr-FR"},{"@type":"WebPage","@id":"https:\/\/atypique.brunotarhan.fr\/index.php\/produit\/riesling-muehlforst\/#webpage","url":"https:\/\/atypique.brunotarhan.fr\/index.php\/produit\/riesling-muehlforst\/","name":"Riesling muehlforst - Atypique Concept Store","isPartOf":{"@id":"https:\/\/atypique.brunotarhan.fr\/#website"},"datePublished":"2022-03-28T07:35:47+00:00","dateModified":"2022-04-08T11:19:21+00:00","breadcrumb":{"@id":"https:\/\/atypique.brunotarhan.fr\/index.php\/produit\/riesling-muehlforst\/#breadcrumb"},"inLanguage":"fr-FR","potentialAction":[{"@type":"ReadAction","target":["https:\/\/atypique.brunotarhan.fr\/index.php\/produit\/riesling-muehlforst\/"]}]},{"@type":"BreadcrumbList","@id":"https:\/\/atypique.brunotarhan.fr\/index.php\/produit\/riesling-muehlforst\/#breadcrumb","itemListElement":[{"@type":"ListItem","position":1,"name":"Accueil","item":"https:\/\/atypique.brunotarhan.fr\/"},{"@type":"ListItem","position":2,"name":""},{"@type":"ListItem","position":3,"name":"Riesling muehlforst"}]}]}},"_links":{"self":[{"href":"https:\/\/atypique.brunotarhan.fr\/index.php\/wp-json\/wp\/v2\/product\/14618","targetHints":{"allow":["GET"]}}],"collection":[{"href":"https:\/\/atypique.brunotarhan.fr\/index.php\/wp-json\/wp\/v2\/product"}],"about":[{"href":"https:\/\/atypique.brunotarhan.fr\/index.php\/wp-json\/wp\/v2\/types\/product"}],"replies":[{"embeddable":true,"href":"https:\/\/atypique.brunotarhan.fr\/index.php\/wp-json\/wp\/v2\/comments?post=14618"}],"wp:attachment":[{"href":"https:\/\/atypique.brunotarhan.fr\/index.php\/wp-json\/wp\/v2\/media?parent=14618"}],"wp:term":[{"taxonomy":"product_cat","embeddable":true,"href":"https:\/\/atypique.brunotarhan.fr\/index.php\/wp-json\/wp\/v2\/product_cat?post=14618"},{"taxonomy":"product_tag","embeddable":true,"href":"https:\/\/atypique.brunotarhan.fr\/index.php\/wp-json\/wp\/v2\/product_tag?post=14618"}],"curies":[{"name":"wp","href":"https:\/\/api.w.org\/{rel}","templated":true}]}}