{"id":14597,"date":"2022-03-28T07:34:26","date_gmt":"2022-03-28T07:34:26","guid":{"rendered":"https:\/\/atypique.brunotarhan.fr\/?post_type=product&#038;p=14597"},"modified":"2022-04-08T11:18:40","modified_gmt":"2022-04-08T11:18:40","slug":"babascat","status":"publish","type":"product","link":"https:\/\/atypique.brunotarhan.fr\/index.php\/produit\/babascat\/","title":{"rendered":"Babascat"},"content":{"rendered":"<p>L&#8217;aventure a commenc\u00e9 il y a 6 ans dans l&#8217;id\u00e9e de sauver un vignoble sur deux collines schisteuses aux confins des Corbi\u00e8res.<br \/>\nAbandonn\u00e9es depuis 6 ans et expos\u00e9es sud, elles avaient beaucoup souffert.<br \/>\nEtant donn\u00e9 la quantit\u00e9 de travail, personne ne voulait les r\u00e9cup\u00e9rer.<br \/>\nNous avons donc d\u00e9cid\u00e9 de remettre en \u00e9tat ce vignoble et appris, sur le tas, tous les deux, \u00e0 tailler, d\u00e9fricher, redonner vie et faire du vin.<br \/>\nNotre premier objectif est de trouver une relation humain\/nature coh\u00e9rente et respectueuse.<br \/>\nTerritoire sauvage aux accents m\u00e9diterran\u00e9ens , les Corbi\u00e8res offrent un \u00e9crin privil\u00e9gi\u00e9 pour la vigne.<br \/>\nNos 12 parcelles sont reparties sur 10 hectares de terroirs vari\u00e9s majoritairement de schistes bleus, rouilles et orang\u00e9s mais \u00e9galement de cacaure, d\u2019\u00e9boulis ferreux, d\u2019anciens sols de plancton\u2026<br \/>\nNous comptons parmi nos c\u00e9pages de la\u202fSyrah, du Carignan, du Cinsault, des Grenaches Noirs Gris et Blanc, du\u202f\u202fMacabeu, du Muscat gros grains d&#8217;Alexandrie et du muscat petits grains.<br \/>\nLeurs vision du vin nature:<br \/>\nRespecter les sols et le vivant, biodynamie et engrais verts,travail Manuel, \u00e2nes, Poneys et copain, raisins et jus bichonn\u00e9s.<\/p>\n","protected":false},"excerpt":{"rendered":"<p>C\u00e9pages :100% Muscat sec gros grains d&#8217;Alexandrie<\/p>\n<p>Mac\u00e9ration de 10 jours<\/p>\n<p>Aromatique douce et complexe, notes de roses intenses, robe et jupe jaune d&#8217;or, bouche fra\u00eeche et marine.<\/p>\n","protected":false},"featured_media":0,"comment_status":"open","ping_status":"closed","template":"","meta":[],"product_cat":[87],"product_tag":[],"class_list":["post-14597","product","type-product","status-publish","hentry","product_cat-vins","berocket_brand-domaine-les-abrigans"],"yoast_head":"<!-- This site is optimized with the Yoast SEO plugin v18.0 - https:\/\/yoast.com\/wordpress\/plugins\/seo\/ -->\n<title>Babascat - Atypique Concept Store<\/title>\n<meta name=\"robots\" content=\"index, follow, max-snippet:-1, max-image-preview:large, max-video-preview:-1\" \/>\n<link rel=\"canonical\" href=\"https:\/\/atypique.brunotarhan.fr\/index.php\/produit\/babascat\/\" \/>\n<meta property=\"og:locale\" content=\"fr_FR\" \/>\n<meta property=\"og:type\" content=\"article\" \/>\n<meta property=\"og:title\" content=\"Babascat - Atypique Concept Store\" \/>\n<meta property=\"og:description\" content=\"C\u00e9pages :100% Muscat sec gros grains d&#039;Alexandrie Mac\u00e9ration de 10 jours Aromatique douce et complexe, notes de roses intenses, robe et jupe jaune d&#039;or, bouche fra\u00eeche et marine.\" \/>\n<meta property=\"og:url\" content=\"https:\/\/atypique.brunotarhan.fr\/index.php\/produit\/babascat\/\" \/>\n<meta property=\"og:site_name\" content=\"Atypique Concept Store\" \/>\n<meta property=\"article:modified_time\" content=\"2022-04-08T11:18:40+00:00\" \/>\n<meta name=\"twitter:card\" content=\"summary_large_image\" \/>\n<meta name=\"twitter:label1\" content=\"Dur\u00e9e de lecture estim\u00e9e\" \/>\n\t<meta name=\"twitter:data1\" content=\"1 minute\" \/>\n<script type=\"application\/ld+json\" class=\"yoast-schema-graph\">{\"@context\":\"https:\/\/schema.org\",\"@graph\":[{\"@type\":\"WebSite\",\"@id\":\"https:\/\/atypique.brunotarhan.fr\/#website\",\"url\":\"https:\/\/atypique.brunotarhan.fr\/\",\"name\":\"Atypique Concept Store\",\"description\":\"Just another WordPress site\",\"potentialAction\":[{\"@type\":\"SearchAction\",\"target\":{\"@type\":\"EntryPoint\",\"urlTemplate\":\"https:\/\/atypique.brunotarhan.fr\/?s={search_term_string}\"},\"query-input\":\"required name=search_term_string\"}],\"inLanguage\":\"fr-FR\"},{\"@type\":\"WebPage\",\"@id\":\"https:\/\/atypique.brunotarhan.fr\/index.php\/produit\/babascat\/#webpage\",\"url\":\"https:\/\/atypique.brunotarhan.fr\/index.php\/produit\/babascat\/\",\"name\":\"Babascat - Atypique Concept Store\",\"isPartOf\":{\"@id\":\"https:\/\/atypique.brunotarhan.fr\/#website\"},\"datePublished\":\"2022-03-28T07:34:26+00:00\",\"dateModified\":\"2022-04-08T11:18:40+00:00\",\"breadcrumb\":{\"@id\":\"https:\/\/atypique.brunotarhan.fr\/index.php\/produit\/babascat\/#breadcrumb\"},\"inLanguage\":\"fr-FR\",\"potentialAction\":[{\"@type\":\"ReadAction\",\"target\":[\"https:\/\/atypique.brunotarhan.fr\/index.php\/produit\/babascat\/\"]}]},{\"@type\":\"BreadcrumbList\",\"@id\":\"https:\/\/atypique.brunotarhan.fr\/index.php\/produit\/babascat\/#breadcrumb\",\"itemListElement\":[{\"@type\":\"ListItem\",\"position\":1,\"name\":\"Accueil\",\"item\":\"https:\/\/atypique.brunotarhan.fr\/\"},{\"@type\":\"ListItem\",\"position\":2,\"name\":\"\"},{\"@type\":\"ListItem\",\"position\":3,\"name\":\"Babascat\"}]}]}<\/script>\n<!-- \/ Yoast SEO plugin. -->","yoast_head_json":{"title":"Babascat - Atypique Concept Store","robots":{"index":"index","follow":"follow","max-snippet":"max-snippet:-1","max-image-preview":"max-image-preview:large","max-video-preview":"max-video-preview:-1"},"canonical":"https:\/\/atypique.brunotarhan.fr\/index.php\/produit\/babascat\/","og_locale":"fr_FR","og_type":"article","og_title":"Babascat - Atypique Concept Store","og_description":"C\u00e9pages :100% Muscat sec gros grains d'Alexandrie Mac\u00e9ration de 10 jours Aromatique douce et complexe, notes de roses intenses, robe et jupe jaune d'or, bouche fra\u00eeche et marine.","og_url":"https:\/\/atypique.brunotarhan.fr\/index.php\/produit\/babascat\/","og_site_name":"Atypique Concept Store","article_modified_time":"2022-04-08T11:18:40+00:00","twitter_card":"summary_large_image","twitter_misc":{"Dur\u00e9e de lecture estim\u00e9e":"1 minute"},"schema":{"@context":"https:\/\/schema.org","@graph":[{"@type":"WebSite","@id":"https:\/\/atypique.brunotarhan.fr\/#website","url":"https:\/\/atypique.brunotarhan.fr\/","name":"Atypique Concept Store","description":"Just another WordPress site","potentialAction":[{"@type":"SearchAction","target":{"@type":"EntryPoint","urlTemplate":"https:\/\/atypique.brunotarhan.fr\/?s={search_term_string}"},"query-input":"required name=search_term_string"}],"inLanguage":"fr-FR"},{"@type":"WebPage","@id":"https:\/\/atypique.brunotarhan.fr\/index.php\/produit\/babascat\/#webpage","url":"https:\/\/atypique.brunotarhan.fr\/index.php\/produit\/babascat\/","name":"Babascat - Atypique Concept Store","isPartOf":{"@id":"https:\/\/atypique.brunotarhan.fr\/#website"},"datePublished":"2022-03-28T07:34:26+00:00","dateModified":"2022-04-08T11:18:40+00:00","breadcrumb":{"@id":"https:\/\/atypique.brunotarhan.fr\/index.php\/produit\/babascat\/#breadcrumb"},"inLanguage":"fr-FR","potentialAction":[{"@type":"ReadAction","target":["https:\/\/atypique.brunotarhan.fr\/index.php\/produit\/babascat\/"]}]},{"@type":"BreadcrumbList","@id":"https:\/\/atypique.brunotarhan.fr\/index.php\/produit\/babascat\/#breadcrumb","itemListElement":[{"@type":"ListItem","position":1,"name":"Accueil","item":"https:\/\/atypique.brunotarhan.fr\/"},{"@type":"ListItem","position":2,"name":""},{"@type":"ListItem","position":3,"name":"Babascat"}]}]}},"_links":{"self":[{"href":"https:\/\/atypique.brunotarhan.fr\/index.php\/wp-json\/wp\/v2\/product\/14597","targetHints":{"allow":["GET"]}}],"collection":[{"href":"https:\/\/atypique.brunotarhan.fr\/index.php\/wp-json\/wp\/v2\/product"}],"about":[{"href":"https:\/\/atypique.brunotarhan.fr\/index.php\/wp-json\/wp\/v2\/types\/product"}],"replies":[{"embeddable":true,"href":"https:\/\/atypique.brunotarhan.fr\/index.php\/wp-json\/wp\/v2\/comments?post=14597"}],"wp:attachment":[{"href":"https:\/\/atypique.brunotarhan.fr\/index.php\/wp-json\/wp\/v2\/media?parent=14597"}],"wp:term":[{"taxonomy":"product_cat","embeddable":true,"href":"https:\/\/atypique.brunotarhan.fr\/index.php\/wp-json\/wp\/v2\/product_cat?post=14597"},{"taxonomy":"product_tag","embeddable":true,"href":"https:\/\/atypique.brunotarhan.fr\/index.php\/wp-json\/wp\/v2\/product_tag?post=14597"}],"curies":[{"name":"wp","href":"https:\/\/api.w.org\/{rel}","templated":true}]}}