{"id":14596,"date":"2022-03-28T07:34:24","date_gmt":"2022-03-28T07:34:24","guid":{"rendered":"https:\/\/atypique.brunotarhan.fr\/?post_type=product&#038;p=14596"},"modified":"2022-04-08T11:18:37","modified_gmt":"2022-04-08T11:18:37","slug":"yeti","status":"publish","type":"product","link":"https:\/\/atypique.brunotarhan.fr\/index.php\/produit\/yeti\/","title":{"rendered":"Yeti"},"content":{"rendered":"","protected":false},"excerpt":{"rendered":"<p> issue de la parcelle du Y\u00e9ti et comporte pas moins de 31 (!) vari\u00e9t\u00e9s de gamay tels divers clones de noir \u00e0 jus blanc et des gamays de Bouze, chaudenay, picard, geoffray, gloriod, cibella, direct, malain, troye, ancenis, piccolo, figuette&#8230; Une partie de ces jus sera isol\u00e9e pour faire la cuv\u00e9e Jarre. Cette version, \u00e9lev\u00e9e en cuve est un d\u00e9lice, fluide, complexe, intense, qui gagnera \u00e0 \u00eatre attendue quelques temps. Pas de chimie, pas d&#8217;intrants.<\/p>\n","protected":false},"featured_media":0,"comment_status":"open","ping_status":"closed","template":"","meta":[],"product_cat":[87],"product_tag":[],"class_list":["post-14596","product","type-product","status-publish","hentry","product_cat-vins","berocket_brand-gyril-alonso"],"yoast_head":"<!-- This site is optimized with the Yoast SEO plugin v18.0 - https:\/\/yoast.com\/wordpress\/plugins\/seo\/ -->\n<title>Yeti - Atypique Concept Store<\/title>\n<meta name=\"robots\" content=\"index, follow, max-snippet:-1, max-image-preview:large, max-video-preview:-1\" \/>\n<link rel=\"canonical\" href=\"https:\/\/atypique.brunotarhan.fr\/index.php\/produit\/yeti\/\" \/>\n<meta property=\"og:locale\" content=\"fr_FR\" \/>\n<meta property=\"og:type\" content=\"article\" \/>\n<meta property=\"og:title\" content=\"Yeti - Atypique Concept Store\" \/>\n<meta property=\"og:description\" content=\"issue de la parcelle du Y\u00e9ti et comporte pas moins de 31 (!) vari\u00e9t\u00e9s de gamay tels divers clones de noir \u00e0 jus blanc et des gamays de Bouze, chaudenay, picard, geoffray, gloriod, cibella, direct, malain, troye, ancenis, piccolo, figuette... Une partie de ces jus sera isol\u00e9e pour faire la cuv\u00e9e Jarre. Cette version, \u00e9lev\u00e9e en cuve est un d\u00e9lice, fluide, complexe, intense, qui gagnera \u00e0 \u00eatre attendue quelques temps. Pas de chimie, pas d&#039;intrants.\" \/>\n<meta property=\"og:url\" content=\"https:\/\/atypique.brunotarhan.fr\/index.php\/produit\/yeti\/\" \/>\n<meta property=\"og:site_name\" content=\"Atypique Concept Store\" \/>\n<meta property=\"article:modified_time\" content=\"2022-04-08T11:18:37+00:00\" \/>\n<meta name=\"twitter:card\" content=\"summary_large_image\" \/>\n<script type=\"application\/ld+json\" class=\"yoast-schema-graph\">{\"@context\":\"https:\/\/schema.org\",\"@graph\":[{\"@type\":\"WebSite\",\"@id\":\"https:\/\/atypique.brunotarhan.fr\/#website\",\"url\":\"https:\/\/atypique.brunotarhan.fr\/\",\"name\":\"Atypique Concept Store\",\"description\":\"Just another WordPress site\",\"potentialAction\":[{\"@type\":\"SearchAction\",\"target\":{\"@type\":\"EntryPoint\",\"urlTemplate\":\"https:\/\/atypique.brunotarhan.fr\/?s={search_term_string}\"},\"query-input\":\"required name=search_term_string\"}],\"inLanguage\":\"fr-FR\"},{\"@type\":\"WebPage\",\"@id\":\"https:\/\/atypique.brunotarhan.fr\/index.php\/produit\/yeti\/#webpage\",\"url\":\"https:\/\/atypique.brunotarhan.fr\/index.php\/produit\/yeti\/\",\"name\":\"Yeti - Atypique Concept Store\",\"isPartOf\":{\"@id\":\"https:\/\/atypique.brunotarhan.fr\/#website\"},\"datePublished\":\"2022-03-28T07:34:24+00:00\",\"dateModified\":\"2022-04-08T11:18:37+00:00\",\"breadcrumb\":{\"@id\":\"https:\/\/atypique.brunotarhan.fr\/index.php\/produit\/yeti\/#breadcrumb\"},\"inLanguage\":\"fr-FR\",\"potentialAction\":[{\"@type\":\"ReadAction\",\"target\":[\"https:\/\/atypique.brunotarhan.fr\/index.php\/produit\/yeti\/\"]}]},{\"@type\":\"BreadcrumbList\",\"@id\":\"https:\/\/atypique.brunotarhan.fr\/index.php\/produit\/yeti\/#breadcrumb\",\"itemListElement\":[{\"@type\":\"ListItem\",\"position\":1,\"name\":\"Accueil\",\"item\":\"https:\/\/atypique.brunotarhan.fr\/\"},{\"@type\":\"ListItem\",\"position\":2,\"name\":\"\"},{\"@type\":\"ListItem\",\"position\":3,\"name\":\"Yeti\"}]}]}<\/script>\n<!-- \/ Yoast SEO plugin. -->","yoast_head_json":{"title":"Yeti - Atypique Concept Store","robots":{"index":"index","follow":"follow","max-snippet":"max-snippet:-1","max-image-preview":"max-image-preview:large","max-video-preview":"max-video-preview:-1"},"canonical":"https:\/\/atypique.brunotarhan.fr\/index.php\/produit\/yeti\/","og_locale":"fr_FR","og_type":"article","og_title":"Yeti - Atypique Concept Store","og_description":"issue de la parcelle du Y\u00e9ti et comporte pas moins de 31 (!) vari\u00e9t\u00e9s de gamay tels divers clones de noir \u00e0 jus blanc et des gamays de Bouze, chaudenay, picard, geoffray, gloriod, cibella, direct, malain, troye, ancenis, piccolo, figuette... Une partie de ces jus sera isol\u00e9e pour faire la cuv\u00e9e Jarre. Cette version, \u00e9lev\u00e9e en cuve est un d\u00e9lice, fluide, complexe, intense, qui gagnera \u00e0 \u00eatre attendue quelques temps. Pas de chimie, pas d'intrants.","og_url":"https:\/\/atypique.brunotarhan.fr\/index.php\/produit\/yeti\/","og_site_name":"Atypique Concept Store","article_modified_time":"2022-04-08T11:18:37+00:00","twitter_card":"summary_large_image","schema":{"@context":"https:\/\/schema.org","@graph":[{"@type":"WebSite","@id":"https:\/\/atypique.brunotarhan.fr\/#website","url":"https:\/\/atypique.brunotarhan.fr\/","name":"Atypique Concept Store","description":"Just another WordPress site","potentialAction":[{"@type":"SearchAction","target":{"@type":"EntryPoint","urlTemplate":"https:\/\/atypique.brunotarhan.fr\/?s={search_term_string}"},"query-input":"required name=search_term_string"}],"inLanguage":"fr-FR"},{"@type":"WebPage","@id":"https:\/\/atypique.brunotarhan.fr\/index.php\/produit\/yeti\/#webpage","url":"https:\/\/atypique.brunotarhan.fr\/index.php\/produit\/yeti\/","name":"Yeti - Atypique Concept Store","isPartOf":{"@id":"https:\/\/atypique.brunotarhan.fr\/#website"},"datePublished":"2022-03-28T07:34:24+00:00","dateModified":"2022-04-08T11:18:37+00:00","breadcrumb":{"@id":"https:\/\/atypique.brunotarhan.fr\/index.php\/produit\/yeti\/#breadcrumb"},"inLanguage":"fr-FR","potentialAction":[{"@type":"ReadAction","target":["https:\/\/atypique.brunotarhan.fr\/index.php\/produit\/yeti\/"]}]},{"@type":"BreadcrumbList","@id":"https:\/\/atypique.brunotarhan.fr\/index.php\/produit\/yeti\/#breadcrumb","itemListElement":[{"@type":"ListItem","position":1,"name":"Accueil","item":"https:\/\/atypique.brunotarhan.fr\/"},{"@type":"ListItem","position":2,"name":""},{"@type":"ListItem","position":3,"name":"Yeti"}]}]}},"_links":{"self":[{"href":"https:\/\/atypique.brunotarhan.fr\/index.php\/wp-json\/wp\/v2\/product\/14596","targetHints":{"allow":["GET"]}}],"collection":[{"href":"https:\/\/atypique.brunotarhan.fr\/index.php\/wp-json\/wp\/v2\/product"}],"about":[{"href":"https:\/\/atypique.brunotarhan.fr\/index.php\/wp-json\/wp\/v2\/types\/product"}],"replies":[{"embeddable":true,"href":"https:\/\/atypique.brunotarhan.fr\/index.php\/wp-json\/wp\/v2\/comments?post=14596"}],"wp:attachment":[{"href":"https:\/\/atypique.brunotarhan.fr\/index.php\/wp-json\/wp\/v2\/media?parent=14596"}],"wp:term":[{"taxonomy":"product_cat","embeddable":true,"href":"https:\/\/atypique.brunotarhan.fr\/index.php\/wp-json\/wp\/v2\/product_cat?post=14596"},{"taxonomy":"product_tag","embeddable":true,"href":"https:\/\/atypique.brunotarhan.fr\/index.php\/wp-json\/wp\/v2\/product_tag?post=14596"}],"curies":[{"name":"wp","href":"https:\/\/api.w.org\/{rel}","templated":true}]}}