{"id":14585,"date":"2022-03-28T07:33:52","date_gmt":"2022-03-28T07:33:52","guid":{"rendered":"https:\/\/atypique.brunotarhan.fr\/?post_type=product&#038;p=14585"},"modified":"2022-04-08T11:18:18","modified_gmt":"2022-04-08T11:18:18","slug":"ceci-n-est-pas-un-vin","status":"publish","type":"product","link":"https:\/\/atypique.brunotarhan.fr\/index.php\/produit\/ceci-n-est-pas-un-vin\/","title":{"rendered":"Ceci n&#8217; est pas un vin"},"content":{"rendered":"","protected":false},"excerpt":{"rendered":"<p>50% Gamay blanc Gloriod &#038; 50 % Chardonnay<\/p>\n<p>Le gamay blanc Gloriod a \u00e9t\u00e9 remarqu\u00e9 en 1895 \u00e0 Gy en Haute-Sa\u00f4ne par le jardinier \u00c9mile Gloriod. Victor Pulliat lassimilait avec le gamay et la description de Pierre Galet de Montpellier, a montr\u00e9 un lien avec le melon. En 1999, des chercheurs de luniversit\u00e9 de Californie \u00e0 Davis ont soumis 322 \u00e9chantillons de vigne analyses g\u00e9n\u00e9tiques pouss\u00e9es. En tout, 16 vari\u00e9t\u00e9s de raisin, y compris gamay blanc Gloriod, sont le r\u00e9sultat de croisements entre le Gouais blanc et de Pinot. Il est laligot\u00e9, de laubin vert, lauxerrois, le bachet noir, beaunoir, chardonnay, dameron, franc noir de la Haute-Sa\u00f4ne, gamay blanc Gloriod, de gamay, de la knipperl\u00e9, melon, peurion, de romorantin, de la roublot et sacy.<\/p>\n<p>La vinification<\/p>\n<p>Pas de pieds de cuve , 100% levures indig\u00e8nes , pas de froid , ni de chauffe.<\/p>\n<p>D\u00e9gustation <\/p>\n<p>Poivre blanc et miel<\/p>\n","protected":false},"featured_media":0,"comment_status":"open","ping_status":"closed","template":"","meta":[],"product_cat":[87],"product_tag":[],"class_list":["post-14585","product","type-product","status-publish","hentry","product_cat-vins","berocket_brand-gyril-alonso"],"yoast_head":"<!-- This site is optimized with the Yoast SEO plugin v18.0 - https:\/\/yoast.com\/wordpress\/plugins\/seo\/ -->\n<title>Ceci n&#039; est pas un vin - Atypique Concept Store<\/title>\n<meta name=\"robots\" content=\"index, follow, max-snippet:-1, max-image-preview:large, max-video-preview:-1\" \/>\n<link rel=\"canonical\" href=\"https:\/\/atypique.brunotarhan.fr\/index.php\/produit\/ceci-n-est-pas-un-vin\/\" \/>\n<meta property=\"og:locale\" content=\"fr_FR\" \/>\n<meta property=\"og:type\" content=\"article\" \/>\n<meta property=\"og:title\" content=\"Ceci n&#039; est pas un vin - Atypique Concept Store\" \/>\n<meta property=\"og:description\" content=\"50% Gamay blanc Gloriod &amp; 50 % Chardonnay Le gamay blanc Gloriod a \u00e9t\u00e9 remarqu\u00e9 en 1895 \u00e0 Gy en Haute-Sa\u00f4ne par le jardinier \u00c9mile Gloriod. Victor Pulliat lassimilait avec le gamay et la description de Pierre Galet de Montpellier, a montr\u00e9 un lien avec le melon. En 1999, des chercheurs de luniversit\u00e9 de Californie \u00e0 Davis ont soumis 322 \u00e9chantillons de vigne analyses g\u00e9n\u00e9tiques pouss\u00e9es. En tout, 16 vari\u00e9t\u00e9s de raisin, y compris gamay blanc Gloriod, sont le r\u00e9sultat de croisements entre le Gouais blanc et de Pinot. Il est laligot\u00e9, de laubin vert, lauxerrois, le bachet noir, beaunoir, chardonnay, dameron, franc noir de la Haute-Sa\u00f4ne, gamay blanc Gloriod, de gamay, de la knipperl\u00e9, melon, peurion, de romorantin, de la roublot et sacy. La vinification Pas de pieds de cuve , 100% levures indig\u00e8nes , pas de froid , ni de chauffe. D\u00e9gustation  Poivre blanc et miel\" \/>\n<meta property=\"og:url\" content=\"https:\/\/atypique.brunotarhan.fr\/index.php\/produit\/ceci-n-est-pas-un-vin\/\" \/>\n<meta property=\"og:site_name\" content=\"Atypique Concept Store\" \/>\n<meta property=\"article:modified_time\" content=\"2022-04-08T11:18:18+00:00\" \/>\n<meta name=\"twitter:card\" content=\"summary_large_image\" \/>\n<script type=\"application\/ld+json\" class=\"yoast-schema-graph\">{\"@context\":\"https:\/\/schema.org\",\"@graph\":[{\"@type\":\"WebSite\",\"@id\":\"https:\/\/atypique.brunotarhan.fr\/#website\",\"url\":\"https:\/\/atypique.brunotarhan.fr\/\",\"name\":\"Atypique Concept Store\",\"description\":\"Just another WordPress site\",\"potentialAction\":[{\"@type\":\"SearchAction\",\"target\":{\"@type\":\"EntryPoint\",\"urlTemplate\":\"https:\/\/atypique.brunotarhan.fr\/?s={search_term_string}\"},\"query-input\":\"required name=search_term_string\"}],\"inLanguage\":\"fr-FR\"},{\"@type\":\"WebPage\",\"@id\":\"https:\/\/atypique.brunotarhan.fr\/index.php\/produit\/ceci-n-est-pas-un-vin\/#webpage\",\"url\":\"https:\/\/atypique.brunotarhan.fr\/index.php\/produit\/ceci-n-est-pas-un-vin\/\",\"name\":\"Ceci n' est pas un vin - Atypique Concept Store\",\"isPartOf\":{\"@id\":\"https:\/\/atypique.brunotarhan.fr\/#website\"},\"datePublished\":\"2022-03-28T07:33:52+00:00\",\"dateModified\":\"2022-04-08T11:18:18+00:00\",\"breadcrumb\":{\"@id\":\"https:\/\/atypique.brunotarhan.fr\/index.php\/produit\/ceci-n-est-pas-un-vin\/#breadcrumb\"},\"inLanguage\":\"fr-FR\",\"potentialAction\":[{\"@type\":\"ReadAction\",\"target\":[\"https:\/\/atypique.brunotarhan.fr\/index.php\/produit\/ceci-n-est-pas-un-vin\/\"]}]},{\"@type\":\"BreadcrumbList\",\"@id\":\"https:\/\/atypique.brunotarhan.fr\/index.php\/produit\/ceci-n-est-pas-un-vin\/#breadcrumb\",\"itemListElement\":[{\"@type\":\"ListItem\",\"position\":1,\"name\":\"Accueil\",\"item\":\"https:\/\/atypique.brunotarhan.fr\/\"},{\"@type\":\"ListItem\",\"position\":2,\"name\":\"\"},{\"@type\":\"ListItem\",\"position\":3,\"name\":\"Ceci n&#8217; est pas un vin\"}]}]}<\/script>\n<!-- \/ Yoast SEO plugin. -->","yoast_head_json":{"title":"Ceci n' est pas un vin - Atypique Concept Store","robots":{"index":"index","follow":"follow","max-snippet":"max-snippet:-1","max-image-preview":"max-image-preview:large","max-video-preview":"max-video-preview:-1"},"canonical":"https:\/\/atypique.brunotarhan.fr\/index.php\/produit\/ceci-n-est-pas-un-vin\/","og_locale":"fr_FR","og_type":"article","og_title":"Ceci n' est pas un vin - Atypique Concept Store","og_description":"50% Gamay blanc Gloriod & 50 % Chardonnay Le gamay blanc Gloriod a \u00e9t\u00e9 remarqu\u00e9 en 1895 \u00e0 Gy en Haute-Sa\u00f4ne par le jardinier \u00c9mile Gloriod. Victor Pulliat lassimilait avec le gamay et la description de Pierre Galet de Montpellier, a montr\u00e9 un lien avec le melon. En 1999, des chercheurs de luniversit\u00e9 de Californie \u00e0 Davis ont soumis 322 \u00e9chantillons de vigne analyses g\u00e9n\u00e9tiques pouss\u00e9es. En tout, 16 vari\u00e9t\u00e9s de raisin, y compris gamay blanc Gloriod, sont le r\u00e9sultat de croisements entre le Gouais blanc et de Pinot. Il est laligot\u00e9, de laubin vert, lauxerrois, le bachet noir, beaunoir, chardonnay, dameron, franc noir de la Haute-Sa\u00f4ne, gamay blanc Gloriod, de gamay, de la knipperl\u00e9, melon, peurion, de romorantin, de la roublot et sacy. La vinification Pas de pieds de cuve , 100% levures indig\u00e8nes , pas de froid , ni de chauffe. D\u00e9gustation  Poivre blanc et miel","og_url":"https:\/\/atypique.brunotarhan.fr\/index.php\/produit\/ceci-n-est-pas-un-vin\/","og_site_name":"Atypique Concept Store","article_modified_time":"2022-04-08T11:18:18+00:00","twitter_card":"summary_large_image","schema":{"@context":"https:\/\/schema.org","@graph":[{"@type":"WebSite","@id":"https:\/\/atypique.brunotarhan.fr\/#website","url":"https:\/\/atypique.brunotarhan.fr\/","name":"Atypique Concept Store","description":"Just another WordPress site","potentialAction":[{"@type":"SearchAction","target":{"@type":"EntryPoint","urlTemplate":"https:\/\/atypique.brunotarhan.fr\/?s={search_term_string}"},"query-input":"required name=search_term_string"}],"inLanguage":"fr-FR"},{"@type":"WebPage","@id":"https:\/\/atypique.brunotarhan.fr\/index.php\/produit\/ceci-n-est-pas-un-vin\/#webpage","url":"https:\/\/atypique.brunotarhan.fr\/index.php\/produit\/ceci-n-est-pas-un-vin\/","name":"Ceci n' est pas un vin - Atypique Concept Store","isPartOf":{"@id":"https:\/\/atypique.brunotarhan.fr\/#website"},"datePublished":"2022-03-28T07:33:52+00:00","dateModified":"2022-04-08T11:18:18+00:00","breadcrumb":{"@id":"https:\/\/atypique.brunotarhan.fr\/index.php\/produit\/ceci-n-est-pas-un-vin\/#breadcrumb"},"inLanguage":"fr-FR","potentialAction":[{"@type":"ReadAction","target":["https:\/\/atypique.brunotarhan.fr\/index.php\/produit\/ceci-n-est-pas-un-vin\/"]}]},{"@type":"BreadcrumbList","@id":"https:\/\/atypique.brunotarhan.fr\/index.php\/produit\/ceci-n-est-pas-un-vin\/#breadcrumb","itemListElement":[{"@type":"ListItem","position":1,"name":"Accueil","item":"https:\/\/atypique.brunotarhan.fr\/"},{"@type":"ListItem","position":2,"name":""},{"@type":"ListItem","position":3,"name":"Ceci n&#8217; est pas un vin"}]}]}},"_links":{"self":[{"href":"https:\/\/atypique.brunotarhan.fr\/index.php\/wp-json\/wp\/v2\/product\/14585","targetHints":{"allow":["GET"]}}],"collection":[{"href":"https:\/\/atypique.brunotarhan.fr\/index.php\/wp-json\/wp\/v2\/product"}],"about":[{"href":"https:\/\/atypique.brunotarhan.fr\/index.php\/wp-json\/wp\/v2\/types\/product"}],"replies":[{"embeddable":true,"href":"https:\/\/atypique.brunotarhan.fr\/index.php\/wp-json\/wp\/v2\/comments?post=14585"}],"wp:attachment":[{"href":"https:\/\/atypique.brunotarhan.fr\/index.php\/wp-json\/wp\/v2\/media?parent=14585"}],"wp:term":[{"taxonomy":"product_cat","embeddable":true,"href":"https:\/\/atypique.brunotarhan.fr\/index.php\/wp-json\/wp\/v2\/product_cat?post=14585"},{"taxonomy":"product_tag","embeddable":true,"href":"https:\/\/atypique.brunotarhan.fr\/index.php\/wp-json\/wp\/v2\/product_tag?post=14585"}],"curies":[{"name":"wp","href":"https:\/\/api.w.org\/{rel}","templated":true}]}}