{"id":14580,"date":"2022-03-28T07:33:51","date_gmt":"2022-03-28T07:33:51","guid":{"rendered":"https:\/\/atypique.brunotarhan.fr\/?post_type=product&#038;p=14580"},"modified":"2022-04-08T11:18:06","modified_gmt":"2022-04-08T11:18:06","slug":"debut-dabus-2","status":"publish","type":"product","link":"https:\/\/atypique.brunotarhan.fr\/index.php\/produit\/debut-dabus-2\/","title":{"rendered":"D\u00e9but d&#8217;abus"},"content":{"rendered":"<p>J\u00e9r\u00f4me Chastagnol est venu au vin par passion et a cr\u00e9\u00e9 son petit domaine, la Maison Chastagnol, en 2019. Apr\u00e8s avoir apprit \u00e0 vinifier chez Yvon M\u00e9tras dans le Beaujolais, J\u00e9r\u00f4me se concentre pour l&#8217;instant uniquement \u00e0 de l&#8217;achat de raisins du c\u00f4t\u00e9 de Mont\u00e9limar et principalement \u00e0 Maxime-Fran\u00e7ois Laurent (du domaine Gramenon). Des raisins r\u00e9colt\u00e9s par ses propres soins et qu&#8217;il vinifie dans une cave troglodyte, id\u00e9ale pour produire des vins naturels !<\/p>\n","protected":false},"excerpt":{"rendered":"<p>C\u00e9page : 98% Grenache 2% syrah<\/p>\n<p>Domin\u00e9 par le Grenache \u00e0 la robe rouge l\u00e9g\u00e8re, exprime au nez des notes de fruits rouges. En bouche, une dominante de griottes ainsi que des notes de kirsch se r\u00e9v\u00e8lent pour finir sur une belle acidit\u00e9 qui apporte de la fra\u00eecheur \u00e0 ce vin. A noter que ce vin est tr\u00e8s peu tannique.<\/p>\n","protected":false},"featured_media":0,"comment_status":"open","ping_status":"closed","template":"","meta":[],"product_cat":[87],"product_tag":[],"class_list":["post-14580","product","type-product","status-publish","hentry","product_cat-vins","berocket_brand-maison-chastagnol"],"yoast_head":"<!-- This site is optimized with the Yoast SEO plugin v18.0 - https:\/\/yoast.com\/wordpress\/plugins\/seo\/ -->\n<title>D\u00e9but d&#039;abus - Atypique Concept Store<\/title>\n<meta name=\"robots\" content=\"index, follow, max-snippet:-1, max-image-preview:large, max-video-preview:-1\" \/>\n<link rel=\"canonical\" href=\"https:\/\/atypique.brunotarhan.fr\/index.php\/produit\/debut-dabus-2\/\" \/>\n<meta property=\"og:locale\" content=\"fr_FR\" \/>\n<meta property=\"og:type\" content=\"article\" \/>\n<meta property=\"og:title\" content=\"D\u00e9but d&#039;abus - Atypique Concept Store\" \/>\n<meta property=\"og:description\" content=\"C\u00e9page : 98% Grenache 2% syrah Domin\u00e9 par le Grenache \u00e0 la robe rouge l\u00e9g\u00e8re, exprime au nez des notes de fruits rouges. En bouche, une dominante de griottes ainsi que des notes de kirsch se r\u00e9v\u00e8lent pour finir sur une belle acidit\u00e9 qui apporte de la fra\u00eecheur \u00e0 ce vin. A noter que ce vin est tr\u00e8s peu tannique.\" \/>\n<meta property=\"og:url\" content=\"https:\/\/atypique.brunotarhan.fr\/index.php\/produit\/debut-dabus-2\/\" \/>\n<meta property=\"og:site_name\" content=\"Atypique Concept Store\" \/>\n<meta property=\"article:modified_time\" content=\"2022-04-08T11:18:06+00:00\" \/>\n<meta name=\"twitter:card\" content=\"summary_large_image\" \/>\n<script type=\"application\/ld+json\" class=\"yoast-schema-graph\">{\"@context\":\"https:\/\/schema.org\",\"@graph\":[{\"@type\":\"WebSite\",\"@id\":\"https:\/\/atypique.brunotarhan.fr\/#website\",\"url\":\"https:\/\/atypique.brunotarhan.fr\/\",\"name\":\"Atypique Concept Store\",\"description\":\"Just another WordPress site\",\"potentialAction\":[{\"@type\":\"SearchAction\",\"target\":{\"@type\":\"EntryPoint\",\"urlTemplate\":\"https:\/\/atypique.brunotarhan.fr\/?s={search_term_string}\"},\"query-input\":\"required name=search_term_string\"}],\"inLanguage\":\"fr-FR\"},{\"@type\":\"WebPage\",\"@id\":\"https:\/\/atypique.brunotarhan.fr\/index.php\/produit\/debut-dabus-2\/#webpage\",\"url\":\"https:\/\/atypique.brunotarhan.fr\/index.php\/produit\/debut-dabus-2\/\",\"name\":\"D\u00e9but d'abus - Atypique Concept Store\",\"isPartOf\":{\"@id\":\"https:\/\/atypique.brunotarhan.fr\/#website\"},\"datePublished\":\"2022-03-28T07:33:51+00:00\",\"dateModified\":\"2022-04-08T11:18:06+00:00\",\"breadcrumb\":{\"@id\":\"https:\/\/atypique.brunotarhan.fr\/index.php\/produit\/debut-dabus-2\/#breadcrumb\"},\"inLanguage\":\"fr-FR\",\"potentialAction\":[{\"@type\":\"ReadAction\",\"target\":[\"https:\/\/atypique.brunotarhan.fr\/index.php\/produit\/debut-dabus-2\/\"]}]},{\"@type\":\"BreadcrumbList\",\"@id\":\"https:\/\/atypique.brunotarhan.fr\/index.php\/produit\/debut-dabus-2\/#breadcrumb\",\"itemListElement\":[{\"@type\":\"ListItem\",\"position\":1,\"name\":\"Accueil\",\"item\":\"https:\/\/atypique.brunotarhan.fr\/\"},{\"@type\":\"ListItem\",\"position\":2,\"name\":\"\"},{\"@type\":\"ListItem\",\"position\":3,\"name\":\"D\u00e9but d&#8217;abus\"}]}]}<\/script>\n<!-- \/ Yoast SEO plugin. -->","yoast_head_json":{"title":"D\u00e9but d'abus - Atypique Concept Store","robots":{"index":"index","follow":"follow","max-snippet":"max-snippet:-1","max-image-preview":"max-image-preview:large","max-video-preview":"max-video-preview:-1"},"canonical":"https:\/\/atypique.brunotarhan.fr\/index.php\/produit\/debut-dabus-2\/","og_locale":"fr_FR","og_type":"article","og_title":"D\u00e9but d'abus - Atypique Concept Store","og_description":"C\u00e9page : 98% Grenache 2% syrah Domin\u00e9 par le Grenache \u00e0 la robe rouge l\u00e9g\u00e8re, exprime au nez des notes de fruits rouges. En bouche, une dominante de griottes ainsi que des notes de kirsch se r\u00e9v\u00e8lent pour finir sur une belle acidit\u00e9 qui apporte de la fra\u00eecheur \u00e0 ce vin. A noter que ce vin est tr\u00e8s peu tannique.","og_url":"https:\/\/atypique.brunotarhan.fr\/index.php\/produit\/debut-dabus-2\/","og_site_name":"Atypique Concept Store","article_modified_time":"2022-04-08T11:18:06+00:00","twitter_card":"summary_large_image","schema":{"@context":"https:\/\/schema.org","@graph":[{"@type":"WebSite","@id":"https:\/\/atypique.brunotarhan.fr\/#website","url":"https:\/\/atypique.brunotarhan.fr\/","name":"Atypique Concept Store","description":"Just another WordPress site","potentialAction":[{"@type":"SearchAction","target":{"@type":"EntryPoint","urlTemplate":"https:\/\/atypique.brunotarhan.fr\/?s={search_term_string}"},"query-input":"required name=search_term_string"}],"inLanguage":"fr-FR"},{"@type":"WebPage","@id":"https:\/\/atypique.brunotarhan.fr\/index.php\/produit\/debut-dabus-2\/#webpage","url":"https:\/\/atypique.brunotarhan.fr\/index.php\/produit\/debut-dabus-2\/","name":"D\u00e9but d'abus - Atypique Concept Store","isPartOf":{"@id":"https:\/\/atypique.brunotarhan.fr\/#website"},"datePublished":"2022-03-28T07:33:51+00:00","dateModified":"2022-04-08T11:18:06+00:00","breadcrumb":{"@id":"https:\/\/atypique.brunotarhan.fr\/index.php\/produit\/debut-dabus-2\/#breadcrumb"},"inLanguage":"fr-FR","potentialAction":[{"@type":"ReadAction","target":["https:\/\/atypique.brunotarhan.fr\/index.php\/produit\/debut-dabus-2\/"]}]},{"@type":"BreadcrumbList","@id":"https:\/\/atypique.brunotarhan.fr\/index.php\/produit\/debut-dabus-2\/#breadcrumb","itemListElement":[{"@type":"ListItem","position":1,"name":"Accueil","item":"https:\/\/atypique.brunotarhan.fr\/"},{"@type":"ListItem","position":2,"name":""},{"@type":"ListItem","position":3,"name":"D\u00e9but d&#8217;abus"}]}]}},"_links":{"self":[{"href":"https:\/\/atypique.brunotarhan.fr\/index.php\/wp-json\/wp\/v2\/product\/14580","targetHints":{"allow":["GET"]}}],"collection":[{"href":"https:\/\/atypique.brunotarhan.fr\/index.php\/wp-json\/wp\/v2\/product"}],"about":[{"href":"https:\/\/atypique.brunotarhan.fr\/index.php\/wp-json\/wp\/v2\/types\/product"}],"replies":[{"embeddable":true,"href":"https:\/\/atypique.brunotarhan.fr\/index.php\/wp-json\/wp\/v2\/comments?post=14580"}],"wp:attachment":[{"href":"https:\/\/atypique.brunotarhan.fr\/index.php\/wp-json\/wp\/v2\/media?parent=14580"}],"wp:term":[{"taxonomy":"product_cat","embeddable":true,"href":"https:\/\/atypique.brunotarhan.fr\/index.php\/wp-json\/wp\/v2\/product_cat?post=14580"},{"taxonomy":"product_tag","embeddable":true,"href":"https:\/\/atypique.brunotarhan.fr\/index.php\/wp-json\/wp\/v2\/product_tag?post=14580"}],"curies":[{"name":"wp","href":"https:\/\/api.w.org\/{rel}","templated":true}]}}