{"id":14578,"date":"2022-03-28T07:33:51","date_gmt":"2022-03-28T07:33:51","guid":{"rendered":"https:\/\/atypique.brunotarhan.fr\/?post_type=product&#038;p=14578"},"modified":"2022-04-26T06:33:12","modified_gmt":"2022-04-26T06:33:12","slug":"brut","status":"publish","type":"product","link":"https:\/\/atypique.brunotarhan.fr\/index.php\/produit\/brut\/","title":{"rendered":"Brut"},"content":{"rendered":"<p>Le Domaine<\/p>\n<p>Nous cultivons 23 hectares de vignes dans la partie centrale de la C\u00f4te des Bar, le tout dans le village de Champignol-Lez-Mondeville. En moyenne, notre vignoble est install\u00e9 100 m\u00e8tres au-dessus de l\u2019\u00e9l\u00e9vation moyenne de la Champagne avec un point culminant \u00e0 370 m\u00e8tres. Cette \u00e9l\u00e9vation est \u00e0 l\u2019origine de vendanges l\u00e9g\u00e8rement retard\u00e9es et d\u2019une fraicheur accrue. Elle fournit \u00e9galement plus d\u2019acidit\u00e9 et une meilleure capacit\u00e9 de garde au vin.<\/p>\n<p>Le sol kimmeridjien de cette partie de la Champagne, identique \u00e0 Chablis et Sancerre, est particuli\u00e8rement adapt\u00e9 \u00e0 l\u2019\u00e9laboration de grands vins blancs, avec l\u2019originalit\u00e9 d\u2019utiliser majoritairement un c\u00e9page noir \u00e0 jus blanc : Le Pinot Noir. Nous cultivons \u00e9galement du Chardonnay, du Pinot Blanc, Pinot Gris et Petit Meslier.<\/p>\n<p>Tous nos champagnes sont issus de la seule production de nos vignes et sont \u00e9labor\u00e9s par nos soins dans notre chai au village.<\/p>\n","protected":false},"excerpt":{"rendered":"<p>C\u00e9pages :Assemblage de 90% Pinot Noir et 10% Chardonnay.<\/p>\n<p>Le BRUT TRADITION est classiquement issu du mariage de 4 \u00e0 5 r\u00e9coltes. Il est ensuite \u00e9lev\u00e9 deux ans sur lies en cave et d\u00e9gorg\u00e9 3 \u00e0 4 mois avant exp\u00e9dition.<\/p>\n<p>Dosage: 10 g<\/p>\n","protected":false},"featured_media":16161,"comment_status":"open","ping_status":"closed","template":"","meta":[],"product_cat":[88],"product_tag":[],"class_list":["post-14578","product","type-product","status-publish","has-post-thumbnail","hentry","product_cat-champagnes","berocket_brand-dumont"],"yoast_head":"<!-- This site is optimized with the Yoast SEO plugin v18.0 - https:\/\/yoast.com\/wordpress\/plugins\/seo\/ -->\n<title>Brut - Atypique Concept Store<\/title>\n<meta name=\"robots\" content=\"index, follow, max-snippet:-1, max-image-preview:large, max-video-preview:-1\" \/>\n<link rel=\"canonical\" href=\"https:\/\/atypique.brunotarhan.fr\/index.php\/produit\/brut\/\" \/>\n<meta property=\"og:locale\" content=\"fr_FR\" \/>\n<meta property=\"og:type\" content=\"article\" \/>\n<meta property=\"og:title\" content=\"Brut - Atypique Concept Store\" \/>\n<meta property=\"og:description\" content=\"C\u00e9pages :Assemblage de 90% Pinot Noir et 10% Chardonnay.  Le BRUT TRADITION est classiquement issu du mariage de 4 \u00e0 5 r\u00e9coltes. Il est ensuite \u00e9lev\u00e9 deux ans sur lies en cave et d\u00e9gorg\u00e9 3 \u00e0 4 mois avant exp\u00e9dition.  Dosage: 10 g\" \/>\n<meta property=\"og:url\" content=\"https:\/\/atypique.brunotarhan.fr\/index.php\/produit\/brut\/\" \/>\n<meta property=\"og:site_name\" content=\"Atypique Concept Store\" \/>\n<meta property=\"article:modified_time\" content=\"2022-04-26T06:33:12+00:00\" \/>\n<meta property=\"og:image\" content=\"https:\/\/atypique.brunotarhan.fr\/wp-content\/uploads\/2022\/03\/r-dumont-de-fils-brut-tradition-face.jpg\" \/>\n\t<meta property=\"og:image:width\" content=\"1732\" \/>\n\t<meta property=\"og:image:height\" content=\"1732\" \/>\n\t<meta property=\"og:image:type\" content=\"image\/jpeg\" \/>\n<meta name=\"twitter:card\" content=\"summary_large_image\" \/>\n<meta name=\"twitter:label1\" content=\"Dur\u00e9e de lecture estim\u00e9e\" \/>\n\t<meta name=\"twitter:data1\" content=\"1 minute\" \/>\n<script type=\"application\/ld+json\" class=\"yoast-schema-graph\">{\"@context\":\"https:\/\/schema.org\",\"@graph\":[{\"@type\":\"WebSite\",\"@id\":\"https:\/\/atypique.brunotarhan.fr\/#website\",\"url\":\"https:\/\/atypique.brunotarhan.fr\/\",\"name\":\"Atypique Concept Store\",\"description\":\"Just another WordPress site\",\"potentialAction\":[{\"@type\":\"SearchAction\",\"target\":{\"@type\":\"EntryPoint\",\"urlTemplate\":\"https:\/\/atypique.brunotarhan.fr\/?s={search_term_string}\"},\"query-input\":\"required name=search_term_string\"}],\"inLanguage\":\"fr-FR\"},{\"@type\":\"ImageObject\",\"@id\":\"https:\/\/atypique.brunotarhan.fr\/index.php\/produit\/brut\/#primaryimage\",\"inLanguage\":\"fr-FR\",\"url\":\"https:\/\/atypique.brunotarhan.fr\/wp-content\/uploads\/2022\/03\/r-dumont-de-fils-brut-tradition-face.jpg\",\"contentUrl\":\"https:\/\/atypique.brunotarhan.fr\/wp-content\/uploads\/2022\/03\/r-dumont-de-fils-brut-tradition-face.jpg\",\"width\":1732,\"height\":1732},{\"@type\":\"WebPage\",\"@id\":\"https:\/\/atypique.brunotarhan.fr\/index.php\/produit\/brut\/#webpage\",\"url\":\"https:\/\/atypique.brunotarhan.fr\/index.php\/produit\/brut\/\",\"name\":\"Brut - Atypique Concept Store\",\"isPartOf\":{\"@id\":\"https:\/\/atypique.brunotarhan.fr\/#website\"},\"primaryImageOfPage\":{\"@id\":\"https:\/\/atypique.brunotarhan.fr\/index.php\/produit\/brut\/#primaryimage\"},\"datePublished\":\"2022-03-28T07:33:51+00:00\",\"dateModified\":\"2022-04-26T06:33:12+00:00\",\"breadcrumb\":{\"@id\":\"https:\/\/atypique.brunotarhan.fr\/index.php\/produit\/brut\/#breadcrumb\"},\"inLanguage\":\"fr-FR\",\"potentialAction\":[{\"@type\":\"ReadAction\",\"target\":[\"https:\/\/atypique.brunotarhan.fr\/index.php\/produit\/brut\/\"]}]},{\"@type\":\"BreadcrumbList\",\"@id\":\"https:\/\/atypique.brunotarhan.fr\/index.php\/produit\/brut\/#breadcrumb\",\"itemListElement\":[{\"@type\":\"ListItem\",\"position\":1,\"name\":\"Accueil\",\"item\":\"https:\/\/atypique.brunotarhan.fr\/\"},{\"@type\":\"ListItem\",\"position\":2,\"name\":\"\"},{\"@type\":\"ListItem\",\"position\":3,\"name\":\"Brut\"}]}]}<\/script>\n<!-- \/ Yoast SEO plugin. -->","yoast_head_json":{"title":"Brut - Atypique Concept Store","robots":{"index":"index","follow":"follow","max-snippet":"max-snippet:-1","max-image-preview":"max-image-preview:large","max-video-preview":"max-video-preview:-1"},"canonical":"https:\/\/atypique.brunotarhan.fr\/index.php\/produit\/brut\/","og_locale":"fr_FR","og_type":"article","og_title":"Brut - Atypique Concept Store","og_description":"C\u00e9pages :Assemblage de 90% Pinot Noir et 10% Chardonnay.  Le BRUT TRADITION est classiquement issu du mariage de 4 \u00e0 5 r\u00e9coltes. Il est ensuite \u00e9lev\u00e9 deux ans sur lies en cave et d\u00e9gorg\u00e9 3 \u00e0 4 mois avant exp\u00e9dition.  Dosage: 10 g","og_url":"https:\/\/atypique.brunotarhan.fr\/index.php\/produit\/brut\/","og_site_name":"Atypique Concept Store","article_modified_time":"2022-04-26T06:33:12+00:00","og_image":[{"width":1732,"height":1732,"url":"https:\/\/atypique.brunotarhan.fr\/wp-content\/uploads\/2022\/03\/r-dumont-de-fils-brut-tradition-face.jpg","type":"image\/jpeg"}],"twitter_card":"summary_large_image","twitter_misc":{"Dur\u00e9e de lecture estim\u00e9e":"1 minute"},"schema":{"@context":"https:\/\/schema.org","@graph":[{"@type":"WebSite","@id":"https:\/\/atypique.brunotarhan.fr\/#website","url":"https:\/\/atypique.brunotarhan.fr\/","name":"Atypique Concept Store","description":"Just another WordPress site","potentialAction":[{"@type":"SearchAction","target":{"@type":"EntryPoint","urlTemplate":"https:\/\/atypique.brunotarhan.fr\/?s={search_term_string}"},"query-input":"required name=search_term_string"}],"inLanguage":"fr-FR"},{"@type":"ImageObject","@id":"https:\/\/atypique.brunotarhan.fr\/index.php\/produit\/brut\/#primaryimage","inLanguage":"fr-FR","url":"https:\/\/atypique.brunotarhan.fr\/wp-content\/uploads\/2022\/03\/r-dumont-de-fils-brut-tradition-face.jpg","contentUrl":"https:\/\/atypique.brunotarhan.fr\/wp-content\/uploads\/2022\/03\/r-dumont-de-fils-brut-tradition-face.jpg","width":1732,"height":1732},{"@type":"WebPage","@id":"https:\/\/atypique.brunotarhan.fr\/index.php\/produit\/brut\/#webpage","url":"https:\/\/atypique.brunotarhan.fr\/index.php\/produit\/brut\/","name":"Brut - Atypique Concept Store","isPartOf":{"@id":"https:\/\/atypique.brunotarhan.fr\/#website"},"primaryImageOfPage":{"@id":"https:\/\/atypique.brunotarhan.fr\/index.php\/produit\/brut\/#primaryimage"},"datePublished":"2022-03-28T07:33:51+00:00","dateModified":"2022-04-26T06:33:12+00:00","breadcrumb":{"@id":"https:\/\/atypique.brunotarhan.fr\/index.php\/produit\/brut\/#breadcrumb"},"inLanguage":"fr-FR","potentialAction":[{"@type":"ReadAction","target":["https:\/\/atypique.brunotarhan.fr\/index.php\/produit\/brut\/"]}]},{"@type":"BreadcrumbList","@id":"https:\/\/atypique.brunotarhan.fr\/index.php\/produit\/brut\/#breadcrumb","itemListElement":[{"@type":"ListItem","position":1,"name":"Accueil","item":"https:\/\/atypique.brunotarhan.fr\/"},{"@type":"ListItem","position":2,"name":""},{"@type":"ListItem","position":3,"name":"Brut"}]}]}},"_links":{"self":[{"href":"https:\/\/atypique.brunotarhan.fr\/index.php\/wp-json\/wp\/v2\/product\/14578","targetHints":{"allow":["GET"]}}],"collection":[{"href":"https:\/\/atypique.brunotarhan.fr\/index.php\/wp-json\/wp\/v2\/product"}],"about":[{"href":"https:\/\/atypique.brunotarhan.fr\/index.php\/wp-json\/wp\/v2\/types\/product"}],"replies":[{"embeddable":true,"href":"https:\/\/atypique.brunotarhan.fr\/index.php\/wp-json\/wp\/v2\/comments?post=14578"}],"wp:featuredmedia":[{"embeddable":true,"href":"https:\/\/atypique.brunotarhan.fr\/index.php\/wp-json\/wp\/v2\/media\/16161"}],"wp:attachment":[{"href":"https:\/\/atypique.brunotarhan.fr\/index.php\/wp-json\/wp\/v2\/media?parent=14578"}],"wp:term":[{"taxonomy":"product_cat","embeddable":true,"href":"https:\/\/atypique.brunotarhan.fr\/index.php\/wp-json\/wp\/v2\/product_cat?post=14578"},{"taxonomy":"product_tag","embeddable":true,"href":"https:\/\/atypique.brunotarhan.fr\/index.php\/wp-json\/wp\/v2\/product_tag?post=14578"}],"curies":[{"name":"wp","href":"https:\/\/api.w.org\/{rel}","templated":true}]}}