{"id":14573,"date":"2022-03-28T07:33:50","date_gmt":"2022-03-28T07:33:50","guid":{"rendered":"https:\/\/atypique.brunotarhan.fr\/?post_type=product&#038;p=14573"},"modified":"2022-04-08T11:17:46","modified_gmt":"2022-04-08T11:17:46","slug":"blanc-du-casot","status":"publish","type":"product","link":"https:\/\/atypique.brunotarhan.fr\/index.php\/produit\/blanc-du-casot\/","title":{"rendered":"Blanc du casot"},"content":{"rendered":"<p>Banyuls sur Mer, l\u2019avant derni\u00e8re commune la plus au sud de la m\u00e9tropole, connue pour ses vins doux naturels : vins mut\u00e9s \u00e0 l\u2019alcool. Et bien justement, au Casot des Mailloles, on n&#8217;en fait pas, de Banyuls !<\/p>\n<p>Alain Castex, vigneron refusant tout intrant dans son vin, a cr\u00e9\u00e9 avec sa femme le Casot des Mailloles il y a pr\u00e8s de 20 ans, apr\u00e8s une fi\u00e8re et longue exp\u00e9rience dans les Corbi\u00e8res. C&#8217;est aujourd&#8217;hui Jordi Perez, fougueux trentenaire, qui a pris les r\u00eanes de ce tr\u00e9sor.<br \/>\nJordi P\u00e9rez, le jeune Catalan de 34 ans, quitte son emploi \u00e0 la Mairie de Auch pour un BTS Viticulture-\u0152nologie \u00e0 Blanquefort en 2010. Il encha\u00eene pendant cinq ans les stages les plus vari\u00e9s. En Mars 2015, Jordi Perez reprend le mythique Casot des Mailloles d\u2019Alain Castex, qu\u2019il rencontre compl\u00e9tement par hasard, au d\u00e9tour d\u2019une conversation politique. La reprise s&#8217;est donc pass\u00e9e en douceur et les m\u00e9thodes et la vision ont \u00e9t\u00e9 partag\u00e9es. Et le r\u00e9sultat ne d\u00e9\u00e7oit pas, les jus sont d\u00e9licieux et ultra-natures. Vous retrouverez ses bouteilles \u00e0 la table du Noma \u00e0 Copenhague ou au Relais d\u2019Yves Camdeborde\u2026 Le vin nature n\u2019a d\u00e9cid\u00e9ment pas de fronti\u00e8re\u2026 et Jordi non plus ! <\/p>\n<p>3,5 hectares de jardins en terrasses, toutes plus pentues les unes que les autres o\u00f9 chaque cep de vignes a \u00e9t\u00e9 fa\u00e7onn\u00e9 des mains rugueuses, dures et aimantes d&#8217;Alain. Au Casot des Mailloles, ce travail m\u00e9ticuleux aboutit chaque ann\u00e9e \u00e0 une production minimaliste de 5000 bouteilles \u00e0 peine. Vous l\u2019aurez compris, avec un tel soin , un tel terroir, une telle passion, ses vins ne sont pas naturels, ils sont plut\u00f4t surnaturels!<\/p>\n","protected":false},"excerpt":{"rendered":"<p>C\u00e9pages: Grenaches Gris et Blancs, Vermentino, Roussanne\u2026<\/p>\n<p>Un des vins les plus complexes avec  une fraicheur \u00e9tonnante au service d&#8217;une puissance d\u00e9vastatrice. A l&#8217;aveugle, jamais on ne peut imaginer \u00eatre \u00e0 Banyuls ! C&#8217;est cet harassant travail de la terre et de la vigne qui permet \u00e0 Jordi de sortir les plus beaux raisins du monde dont il tire ce nectar. Pour votre plus grand plaisir&#8230;<\/p>\n<p>Marinade de dur\u00e9e variable.Passage sous presse avant \u00e9bullition en vieux f\u00fbts.Elevage de 4 mois sur lies de fermentation<br \/>\nVinification sans intrants,ni traitements physiques ni filtration.<\/p>\n<p>Sauf mention contraire, les sulfites \u00e9ventuellement pr\u00e9sents \u00e0 l\u2019\u00e9tat de trace (<15 mg\/l) sont issus du processus naturel de fermentation.\n<\/p>\n","protected":false},"featured_media":0,"comment_status":"open","ping_status":"closed","template":"","meta":[],"product_cat":[87],"product_tag":[],"class_list":["post-14573","product","type-product","status-publish","hentry","product_cat-vins","berocket_brand-casot-des-mailloles"],"yoast_head":"<!-- This site is optimized with the Yoast SEO plugin v18.0 - https:\/\/yoast.com\/wordpress\/plugins\/seo\/ -->\n<title>Blanc du casot - Atypique Concept Store<\/title>\n<meta name=\"robots\" content=\"index, follow, max-snippet:-1, max-image-preview:large, max-video-preview:-1\" \/>\n<link rel=\"canonical\" href=\"https:\/\/atypique.brunotarhan.fr\/index.php\/produit\/blanc-du-casot\/\" \/>\n<meta property=\"og:locale\" content=\"fr_FR\" \/>\n<meta property=\"og:type\" content=\"article\" \/>\n<meta property=\"og:title\" content=\"Blanc du casot - Atypique Concept Store\" \/>\n<meta property=\"og:description\" content=\"C\u00e9pages: Grenaches Gris et Blancs, Vermentino, Roussanne\u2026 Un des vins les plus complexes avec une fraicheur \u00e9tonnante au service d&#039;une puissance d\u00e9vastatrice. A l&#039;aveugle, jamais on ne peut imaginer \u00eatre \u00e0 Banyuls ! C&#039;est cet harassant travail de la terre et de la vigne qui permet \u00e0 Jordi de sortir les plus beaux raisins du monde dont il tire ce nectar. Pour votre plus grand plaisir... Marinade de dur\u00e9e variable.Passage sous presse avant \u00e9bullition en vieux f\u00fbts.Elevage de 4 mois sur lies de fermentation Vinification sans intrants,ni traitements physiques ni filtration. Sauf mention contraire, les sulfites \u00e9ventuellement pr\u00e9sents \u00e0 l\u2019\u00e9tat de trace (\" \/>\n<meta property=\"og:url\" content=\"https:\/\/atypique.brunotarhan.fr\/index.php\/produit\/blanc-du-casot\/\" \/>\n<meta property=\"og:site_name\" content=\"Atypique Concept Store\" \/>\n<meta property=\"article:modified_time\" content=\"2022-04-08T11:17:46+00:00\" \/>\n<meta name=\"twitter:card\" content=\"summary_large_image\" \/>\n<meta name=\"twitter:label1\" content=\"Dur\u00e9e de lecture estim\u00e9e\" \/>\n\t<meta name=\"twitter:data1\" content=\"1 minute\" \/>\n<script type=\"application\/ld+json\" class=\"yoast-schema-graph\">{\"@context\":\"https:\/\/schema.org\",\"@graph\":[{\"@type\":\"WebSite\",\"@id\":\"https:\/\/atypique.brunotarhan.fr\/#website\",\"url\":\"https:\/\/atypique.brunotarhan.fr\/\",\"name\":\"Atypique Concept Store\",\"description\":\"Just another WordPress site\",\"potentialAction\":[{\"@type\":\"SearchAction\",\"target\":{\"@type\":\"EntryPoint\",\"urlTemplate\":\"https:\/\/atypique.brunotarhan.fr\/?s={search_term_string}\"},\"query-input\":\"required name=search_term_string\"}],\"inLanguage\":\"fr-FR\"},{\"@type\":\"WebPage\",\"@id\":\"https:\/\/atypique.brunotarhan.fr\/index.php\/produit\/blanc-du-casot\/#webpage\",\"url\":\"https:\/\/atypique.brunotarhan.fr\/index.php\/produit\/blanc-du-casot\/\",\"name\":\"Blanc du casot - Atypique Concept Store\",\"isPartOf\":{\"@id\":\"https:\/\/atypique.brunotarhan.fr\/#website\"},\"datePublished\":\"2022-03-28T07:33:50+00:00\",\"dateModified\":\"2022-04-08T11:17:46+00:00\",\"breadcrumb\":{\"@id\":\"https:\/\/atypique.brunotarhan.fr\/index.php\/produit\/blanc-du-casot\/#breadcrumb\"},\"inLanguage\":\"fr-FR\",\"potentialAction\":[{\"@type\":\"ReadAction\",\"target\":[\"https:\/\/atypique.brunotarhan.fr\/index.php\/produit\/blanc-du-casot\/\"]}]},{\"@type\":\"BreadcrumbList\",\"@id\":\"https:\/\/atypique.brunotarhan.fr\/index.php\/produit\/blanc-du-casot\/#breadcrumb\",\"itemListElement\":[{\"@type\":\"ListItem\",\"position\":1,\"name\":\"Accueil\",\"item\":\"https:\/\/atypique.brunotarhan.fr\/\"},{\"@type\":\"ListItem\",\"position\":2,\"name\":\"\"},{\"@type\":\"ListItem\",\"position\":3,\"name\":\"Blanc du casot\"}]}]}<\/script>\n<!-- \/ Yoast SEO plugin. -->","yoast_head_json":{"title":"Blanc du casot - Atypique Concept Store","robots":{"index":"index","follow":"follow","max-snippet":"max-snippet:-1","max-image-preview":"max-image-preview:large","max-video-preview":"max-video-preview:-1"},"canonical":"https:\/\/atypique.brunotarhan.fr\/index.php\/produit\/blanc-du-casot\/","og_locale":"fr_FR","og_type":"article","og_title":"Blanc du casot - Atypique Concept Store","og_description":"C\u00e9pages: Grenaches Gris et Blancs, Vermentino, Roussanne\u2026 Un des vins les plus complexes avec une fraicheur \u00e9tonnante au service d'une puissance d\u00e9vastatrice. A l'aveugle, jamais on ne peut imaginer \u00eatre \u00e0 Banyuls ! C'est cet harassant travail de la terre et de la vigne qui permet \u00e0 Jordi de sortir les plus beaux raisins du monde dont il tire ce nectar. Pour votre plus grand plaisir... Marinade de dur\u00e9e variable.Passage sous presse avant \u00e9bullition en vieux f\u00fbts.Elevage de 4 mois sur lies de fermentation Vinification sans intrants,ni traitements physiques ni filtration. Sauf mention contraire, les sulfites \u00e9ventuellement pr\u00e9sents \u00e0 l\u2019\u00e9tat de trace (","og_url":"https:\/\/atypique.brunotarhan.fr\/index.php\/produit\/blanc-du-casot\/","og_site_name":"Atypique Concept Store","article_modified_time":"2022-04-08T11:17:46+00:00","twitter_card":"summary_large_image","twitter_misc":{"Dur\u00e9e de lecture estim\u00e9e":"1 minute"},"schema":{"@context":"https:\/\/schema.org","@graph":[{"@type":"WebSite","@id":"https:\/\/atypique.brunotarhan.fr\/#website","url":"https:\/\/atypique.brunotarhan.fr\/","name":"Atypique Concept Store","description":"Just another WordPress site","potentialAction":[{"@type":"SearchAction","target":{"@type":"EntryPoint","urlTemplate":"https:\/\/atypique.brunotarhan.fr\/?s={search_term_string}"},"query-input":"required name=search_term_string"}],"inLanguage":"fr-FR"},{"@type":"WebPage","@id":"https:\/\/atypique.brunotarhan.fr\/index.php\/produit\/blanc-du-casot\/#webpage","url":"https:\/\/atypique.brunotarhan.fr\/index.php\/produit\/blanc-du-casot\/","name":"Blanc du casot - Atypique Concept Store","isPartOf":{"@id":"https:\/\/atypique.brunotarhan.fr\/#website"},"datePublished":"2022-03-28T07:33:50+00:00","dateModified":"2022-04-08T11:17:46+00:00","breadcrumb":{"@id":"https:\/\/atypique.brunotarhan.fr\/index.php\/produit\/blanc-du-casot\/#breadcrumb"},"inLanguage":"fr-FR","potentialAction":[{"@type":"ReadAction","target":["https:\/\/atypique.brunotarhan.fr\/index.php\/produit\/blanc-du-casot\/"]}]},{"@type":"BreadcrumbList","@id":"https:\/\/atypique.brunotarhan.fr\/index.php\/produit\/blanc-du-casot\/#breadcrumb","itemListElement":[{"@type":"ListItem","position":1,"name":"Accueil","item":"https:\/\/atypique.brunotarhan.fr\/"},{"@type":"ListItem","position":2,"name":""},{"@type":"ListItem","position":3,"name":"Blanc du casot"}]}]}},"_links":{"self":[{"href":"https:\/\/atypique.brunotarhan.fr\/index.php\/wp-json\/wp\/v2\/product\/14573","targetHints":{"allow":["GET"]}}],"collection":[{"href":"https:\/\/atypique.brunotarhan.fr\/index.php\/wp-json\/wp\/v2\/product"}],"about":[{"href":"https:\/\/atypique.brunotarhan.fr\/index.php\/wp-json\/wp\/v2\/types\/product"}],"replies":[{"embeddable":true,"href":"https:\/\/atypique.brunotarhan.fr\/index.php\/wp-json\/wp\/v2\/comments?post=14573"}],"wp:attachment":[{"href":"https:\/\/atypique.brunotarhan.fr\/index.php\/wp-json\/wp\/v2\/media?parent=14573"}],"wp:term":[{"taxonomy":"product_cat","embeddable":true,"href":"https:\/\/atypique.brunotarhan.fr\/index.php\/wp-json\/wp\/v2\/product_cat?post=14573"},{"taxonomy":"product_tag","embeddable":true,"href":"https:\/\/atypique.brunotarhan.fr\/index.php\/wp-json\/wp\/v2\/product_tag?post=14573"}],"curies":[{"name":"wp","href":"https:\/\/api.w.org\/{rel}","templated":true}]}}