{"id":14563,"date":"2022-03-28T07:33:49","date_gmt":"2022-03-28T07:33:49","guid":{"rendered":"https:\/\/atypique.brunotarhan.fr\/?post_type=product&#038;p=14563"},"modified":"2022-04-08T11:17:19","modified_gmt":"2022-04-08T11:17:19","slug":"vesanie-2","status":"publish","type":"product","link":"https:\/\/atypique.brunotarhan.fr\/index.php\/produit\/vesanie-2\/","title":{"rendered":"V\u00e9sanie"},"content":{"rendered":"","protected":false},"excerpt":{"rendered":"<p>Vieux Gamay sur terroir de moraine glaciaire. 3 semaines de mac\u00e9ration pour ce vin magique, qui se boit tout seul ! 100% pur jus, pas de sulfites ajout\u00e9s et pas de filtration !<br \/>\nCe pur Gamay offre des perspectives aromatiques incroyable. Frais et soyeux ce vin nature poss\u00e9de une compl\u00e9xit\u00e9 aromataique incroyable. Des ar\u00f4mes de fruits noirs, cassis, m\u00fbre, cerise noire relev\u00e9 de cette pointe terreuse tout a fait esquise. La bouche reste fra\u00eeche juteuse, ronde et souple .<\/p>\n<p>Un vrai canon \u00e0 boire avec les copains.<\/p>\n","protected":false},"featured_media":0,"comment_status":"open","ping_status":"closed","template":"","meta":[],"product_cat":[87],"product_tag":[],"class_list":["post-14563","product","type-product","status-publish","hentry","product_cat-vins","berocket_brand-baptiste-nayrand"],"yoast_head":"<!-- This site is optimized with the Yoast SEO plugin v18.0 - https:\/\/yoast.com\/wordpress\/plugins\/seo\/ -->\n<title>V\u00e9sanie - Atypique Concept Store<\/title>\n<meta name=\"robots\" content=\"index, follow, max-snippet:-1, max-image-preview:large, max-video-preview:-1\" \/>\n<link rel=\"canonical\" href=\"https:\/\/atypique.brunotarhan.fr\/index.php\/produit\/vesanie-2\/\" \/>\n<meta property=\"og:locale\" content=\"fr_FR\" \/>\n<meta property=\"og:type\" content=\"article\" \/>\n<meta property=\"og:title\" content=\"V\u00e9sanie - Atypique Concept Store\" \/>\n<meta property=\"og:description\" content=\"Vieux Gamay sur terroir de moraine glaciaire. 3 semaines de mac\u00e9ration pour ce vin magique, qui se boit tout seul ! 100% pur jus, pas de sulfites ajout\u00e9s et pas de filtration ! Ce pur Gamay offre des perspectives aromatiques incroyable. Frais et soyeux ce vin nature poss\u00e9de une compl\u00e9xit\u00e9 aromataique incroyable. Des ar\u00f4mes de fruits noirs, cassis, m\u00fbre, cerise noire relev\u00e9 de cette pointe terreuse tout a fait esquise. La bouche reste fra\u00eeche juteuse, ronde et souple . Un vrai canon \u00e0 boire avec les copains.\" \/>\n<meta property=\"og:url\" content=\"https:\/\/atypique.brunotarhan.fr\/index.php\/produit\/vesanie-2\/\" \/>\n<meta property=\"og:site_name\" content=\"Atypique Concept Store\" \/>\n<meta property=\"article:modified_time\" content=\"2022-04-08T11:17:19+00:00\" \/>\n<meta name=\"twitter:card\" content=\"summary_large_image\" \/>\n<script type=\"application\/ld+json\" class=\"yoast-schema-graph\">{\"@context\":\"https:\/\/schema.org\",\"@graph\":[{\"@type\":\"WebSite\",\"@id\":\"https:\/\/atypique.brunotarhan.fr\/#website\",\"url\":\"https:\/\/atypique.brunotarhan.fr\/\",\"name\":\"Atypique Concept Store\",\"description\":\"Just another WordPress site\",\"potentialAction\":[{\"@type\":\"SearchAction\",\"target\":{\"@type\":\"EntryPoint\",\"urlTemplate\":\"https:\/\/atypique.brunotarhan.fr\/?s={search_term_string}\"},\"query-input\":\"required name=search_term_string\"}],\"inLanguage\":\"fr-FR\"},{\"@type\":\"WebPage\",\"@id\":\"https:\/\/atypique.brunotarhan.fr\/index.php\/produit\/vesanie-2\/#webpage\",\"url\":\"https:\/\/atypique.brunotarhan.fr\/index.php\/produit\/vesanie-2\/\",\"name\":\"V\u00e9sanie - Atypique Concept Store\",\"isPartOf\":{\"@id\":\"https:\/\/atypique.brunotarhan.fr\/#website\"},\"datePublished\":\"2022-03-28T07:33:49+00:00\",\"dateModified\":\"2022-04-08T11:17:19+00:00\",\"breadcrumb\":{\"@id\":\"https:\/\/atypique.brunotarhan.fr\/index.php\/produit\/vesanie-2\/#breadcrumb\"},\"inLanguage\":\"fr-FR\",\"potentialAction\":[{\"@type\":\"ReadAction\",\"target\":[\"https:\/\/atypique.brunotarhan.fr\/index.php\/produit\/vesanie-2\/\"]}]},{\"@type\":\"BreadcrumbList\",\"@id\":\"https:\/\/atypique.brunotarhan.fr\/index.php\/produit\/vesanie-2\/#breadcrumb\",\"itemListElement\":[{\"@type\":\"ListItem\",\"position\":1,\"name\":\"Accueil\",\"item\":\"https:\/\/atypique.brunotarhan.fr\/\"},{\"@type\":\"ListItem\",\"position\":2,\"name\":\"\"},{\"@type\":\"ListItem\",\"position\":3,\"name\":\"V\u00e9sanie\"}]}]}<\/script>\n<!-- \/ Yoast SEO plugin. -->","yoast_head_json":{"title":"V\u00e9sanie - Atypique Concept Store","robots":{"index":"index","follow":"follow","max-snippet":"max-snippet:-1","max-image-preview":"max-image-preview:large","max-video-preview":"max-video-preview:-1"},"canonical":"https:\/\/atypique.brunotarhan.fr\/index.php\/produit\/vesanie-2\/","og_locale":"fr_FR","og_type":"article","og_title":"V\u00e9sanie - Atypique Concept Store","og_description":"Vieux Gamay sur terroir de moraine glaciaire. 3 semaines de mac\u00e9ration pour ce vin magique, qui se boit tout seul ! 100% pur jus, pas de sulfites ajout\u00e9s et pas de filtration ! Ce pur Gamay offre des perspectives aromatiques incroyable. Frais et soyeux ce vin nature poss\u00e9de une compl\u00e9xit\u00e9 aromataique incroyable. Des ar\u00f4mes de fruits noirs, cassis, m\u00fbre, cerise noire relev\u00e9 de cette pointe terreuse tout a fait esquise. La bouche reste fra\u00eeche juteuse, ronde et souple . Un vrai canon \u00e0 boire avec les copains.","og_url":"https:\/\/atypique.brunotarhan.fr\/index.php\/produit\/vesanie-2\/","og_site_name":"Atypique Concept Store","article_modified_time":"2022-04-08T11:17:19+00:00","twitter_card":"summary_large_image","schema":{"@context":"https:\/\/schema.org","@graph":[{"@type":"WebSite","@id":"https:\/\/atypique.brunotarhan.fr\/#website","url":"https:\/\/atypique.brunotarhan.fr\/","name":"Atypique Concept Store","description":"Just another WordPress site","potentialAction":[{"@type":"SearchAction","target":{"@type":"EntryPoint","urlTemplate":"https:\/\/atypique.brunotarhan.fr\/?s={search_term_string}"},"query-input":"required name=search_term_string"}],"inLanguage":"fr-FR"},{"@type":"WebPage","@id":"https:\/\/atypique.brunotarhan.fr\/index.php\/produit\/vesanie-2\/#webpage","url":"https:\/\/atypique.brunotarhan.fr\/index.php\/produit\/vesanie-2\/","name":"V\u00e9sanie - Atypique Concept Store","isPartOf":{"@id":"https:\/\/atypique.brunotarhan.fr\/#website"},"datePublished":"2022-03-28T07:33:49+00:00","dateModified":"2022-04-08T11:17:19+00:00","breadcrumb":{"@id":"https:\/\/atypique.brunotarhan.fr\/index.php\/produit\/vesanie-2\/#breadcrumb"},"inLanguage":"fr-FR","potentialAction":[{"@type":"ReadAction","target":["https:\/\/atypique.brunotarhan.fr\/index.php\/produit\/vesanie-2\/"]}]},{"@type":"BreadcrumbList","@id":"https:\/\/atypique.brunotarhan.fr\/index.php\/produit\/vesanie-2\/#breadcrumb","itemListElement":[{"@type":"ListItem","position":1,"name":"Accueil","item":"https:\/\/atypique.brunotarhan.fr\/"},{"@type":"ListItem","position":2,"name":""},{"@type":"ListItem","position":3,"name":"V\u00e9sanie"}]}]}},"_links":{"self":[{"href":"https:\/\/atypique.brunotarhan.fr\/index.php\/wp-json\/wp\/v2\/product\/14563","targetHints":{"allow":["GET"]}}],"collection":[{"href":"https:\/\/atypique.brunotarhan.fr\/index.php\/wp-json\/wp\/v2\/product"}],"about":[{"href":"https:\/\/atypique.brunotarhan.fr\/index.php\/wp-json\/wp\/v2\/types\/product"}],"replies":[{"embeddable":true,"href":"https:\/\/atypique.brunotarhan.fr\/index.php\/wp-json\/wp\/v2\/comments?post=14563"}],"wp:attachment":[{"href":"https:\/\/atypique.brunotarhan.fr\/index.php\/wp-json\/wp\/v2\/media?parent=14563"}],"wp:term":[{"taxonomy":"product_cat","embeddable":true,"href":"https:\/\/atypique.brunotarhan.fr\/index.php\/wp-json\/wp\/v2\/product_cat?post=14563"},{"taxonomy":"product_tag","embeddable":true,"href":"https:\/\/atypique.brunotarhan.fr\/index.php\/wp-json\/wp\/v2\/product_tag?post=14563"}],"curies":[{"name":"wp","href":"https:\/\/api.w.org\/{rel}","templated":true}]}}