{"id":14556,"date":"2022-03-28T07:33:48","date_gmt":"2022-03-28T07:33:48","guid":{"rendered":"https:\/\/atypique.brunotarhan.fr\/?post_type=product&#038;p=14556"},"modified":"2022-04-08T11:17:01","modified_gmt":"2022-04-08T11:17:01","slug":"a-tue-tete-2","status":"publish","type":"product","link":"https:\/\/atypique.brunotarhan.fr\/index.php\/produit\/a-tue-tete-2\/","title":{"rendered":"\u00e0 tue t\u00eate"},"content":{"rendered":"<p>Le domaine<br \/>\nAu c\u0153ur des C\u00f4tes-du-Rh\u00f4ne, \u00e0 Tulette, petit village du Sud de la Dr\u00f4me, apr\u00e8s quinze ans d&#8217;exp\u00e9rience vinicole dans un domaine en bio, notre histoire commence<br \/>\navec l&#8217;acquisition en 2012 d&#8217;une vieille ferme et de 4 hectares de grenaches, le c\u00e9page exclusif du domaine. Les vendanges sont faites manuellement, l&#8217;agriculture est faite dans le plus grand respect du terroir, de fa\u00e7on biologique. Vous d\u00e9couvrirez donc l&#8217;expression naturelle de la grenache. Les amis, la famille, sont toujours aussi pr\u00e9sents pour nous aider.<br \/>\nHeureux de pouvoir partager l&#8217;amour de la terre, des vignes&#8230; ,des vins g\u00e9n\u00e9reux et vivants.Tous ces moments intenses font que notre vin est avant tout le vin des amis \u00e0 partager sans mod\u00e9ration !<br \/>\nDans le but de r\u00e9duire notre impact environnemental, nous nous lan\u00e7ons dans le r\u00e9emploi de bouteilles avec \u00ab Ma bouteille s&#8217;appelle reviens \u00bb \u00e0 Chabeuil(26). Le r\u00e9emploi permet une \u00e9conomie de 75% d\u2019\u00e9nergie, 33% d&#8217;eau. Nous avons fait le choix d&#8217;un r\u00e9emploi au niveau national. Plusieurs associations de r\u00e9emploi existent en France, peuvent r\u00e9cup\u00e9rer et laver nos bouteilles pour les remettre dans le circuit. Seules les bouteilles qui ont le logo \u00ab Rapportez moi pour r\u00e9emploi \u00bb sont r\u00e9employables. Nous esp\u00e9rons que cette d\u00e9marche fera son chemin !<\/p>\n<p>Les vignes<br \/>\n4h de grenache noir. Nos vignes sont \u00e2g\u00e9es de 35 \u00e0 74 ans.<\/p>\n<p>La vinification<br \/>\nNos cuv\u00e9es ont entre 0 et 20 mg\/ml de SO2 ajout\u00e9e.<\/p>\n","protected":false},"excerpt":{"rendered":"<p> est \u00e9labor\u00e9e \u00e0 partir de grenaches, r\u00e9colt\u00e9s \u00e0 la main sur des vignes \u00e2g\u00e9es de trente cinq \u00e0 soixante-quinze ans cultiv\u00e9es en agriculture biologique. Une fois foul\u00e9s, les raisins ont \u00e9t\u00e9 vinifi\u00e9s de fa\u00e7on traditionnelle : levures indig\u00e8nes, aucun intrant (non coll\u00e9, non acidifi\u00e9&#8230;)sauf un l\u00e9ger sulfitage.<br \/>\n La mac\u00e9ration a dur\u00e9 10 jours.<\/p>\n","protected":false},"featured_media":0,"comment_status":"open","ping_status":"closed","template":"","meta":[],"product_cat":[87],"product_tag":[],"class_list":["post-14556","product","type-product","status-publish","hentry","product_cat-vins","berocket_brand-domaine-badea-philippe"],"yoast_head":"<!-- This site is optimized with the Yoast SEO plugin v18.0 - https:\/\/yoast.com\/wordpress\/plugins\/seo\/ -->\n<title>\u00e0 tue t\u00eate - Atypique Concept Store<\/title>\n<meta name=\"robots\" content=\"index, follow, max-snippet:-1, max-image-preview:large, max-video-preview:-1\" \/>\n<link rel=\"canonical\" href=\"https:\/\/atypique.brunotarhan.fr\/index.php\/produit\/a-tue-tete-2\/\" \/>\n<meta property=\"og:locale\" content=\"fr_FR\" \/>\n<meta property=\"og:type\" content=\"article\" \/>\n<meta property=\"og:title\" content=\"\u00e0 tue t\u00eate - Atypique Concept Store\" \/>\n<meta property=\"og:description\" content=\"est \u00e9labor\u00e9e \u00e0 partir de grenaches, r\u00e9colt\u00e9s \u00e0 la main sur des vignes \u00e2g\u00e9es de trente cinq \u00e0 soixante-quinze ans cultiv\u00e9es en agriculture biologique. Une fois foul\u00e9s, les raisins ont \u00e9t\u00e9 vinifi\u00e9s de fa\u00e7on traditionnelle : levures indig\u00e8nes, aucun intrant (non coll\u00e9, non acidifi\u00e9...)sauf un l\u00e9ger sulfitage. La mac\u00e9ration a dur\u00e9 10 jours.\" \/>\n<meta property=\"og:url\" content=\"https:\/\/atypique.brunotarhan.fr\/index.php\/produit\/a-tue-tete-2\/\" \/>\n<meta property=\"og:site_name\" content=\"Atypique Concept Store\" \/>\n<meta property=\"article:modified_time\" content=\"2022-04-08T11:17:01+00:00\" \/>\n<meta name=\"twitter:card\" content=\"summary_large_image\" \/>\n<meta name=\"twitter:label1\" content=\"Dur\u00e9e de lecture estim\u00e9e\" \/>\n\t<meta name=\"twitter:data1\" content=\"1 minute\" \/>\n<script type=\"application\/ld+json\" class=\"yoast-schema-graph\">{\"@context\":\"https:\/\/schema.org\",\"@graph\":[{\"@type\":\"WebSite\",\"@id\":\"https:\/\/atypique.brunotarhan.fr\/#website\",\"url\":\"https:\/\/atypique.brunotarhan.fr\/\",\"name\":\"Atypique Concept Store\",\"description\":\"Just another WordPress site\",\"potentialAction\":[{\"@type\":\"SearchAction\",\"target\":{\"@type\":\"EntryPoint\",\"urlTemplate\":\"https:\/\/atypique.brunotarhan.fr\/?s={search_term_string}\"},\"query-input\":\"required name=search_term_string\"}],\"inLanguage\":\"fr-FR\"},{\"@type\":\"WebPage\",\"@id\":\"https:\/\/atypique.brunotarhan.fr\/index.php\/produit\/a-tue-tete-2\/#webpage\",\"url\":\"https:\/\/atypique.brunotarhan.fr\/index.php\/produit\/a-tue-tete-2\/\",\"name\":\"\u00e0 tue t\u00eate - Atypique Concept Store\",\"isPartOf\":{\"@id\":\"https:\/\/atypique.brunotarhan.fr\/#website\"},\"datePublished\":\"2022-03-28T07:33:48+00:00\",\"dateModified\":\"2022-04-08T11:17:01+00:00\",\"breadcrumb\":{\"@id\":\"https:\/\/atypique.brunotarhan.fr\/index.php\/produit\/a-tue-tete-2\/#breadcrumb\"},\"inLanguage\":\"fr-FR\",\"potentialAction\":[{\"@type\":\"ReadAction\",\"target\":[\"https:\/\/atypique.brunotarhan.fr\/index.php\/produit\/a-tue-tete-2\/\"]}]},{\"@type\":\"BreadcrumbList\",\"@id\":\"https:\/\/atypique.brunotarhan.fr\/index.php\/produit\/a-tue-tete-2\/#breadcrumb\",\"itemListElement\":[{\"@type\":\"ListItem\",\"position\":1,\"name\":\"Accueil\",\"item\":\"https:\/\/atypique.brunotarhan.fr\/\"},{\"@type\":\"ListItem\",\"position\":2,\"name\":\"\"},{\"@type\":\"ListItem\",\"position\":3,\"name\":\"\u00e0 tue t\u00eate\"}]}]}<\/script>\n<!-- \/ Yoast SEO plugin. -->","yoast_head_json":{"title":"\u00e0 tue t\u00eate - Atypique Concept Store","robots":{"index":"index","follow":"follow","max-snippet":"max-snippet:-1","max-image-preview":"max-image-preview:large","max-video-preview":"max-video-preview:-1"},"canonical":"https:\/\/atypique.brunotarhan.fr\/index.php\/produit\/a-tue-tete-2\/","og_locale":"fr_FR","og_type":"article","og_title":"\u00e0 tue t\u00eate - Atypique Concept Store","og_description":"est \u00e9labor\u00e9e \u00e0 partir de grenaches, r\u00e9colt\u00e9s \u00e0 la main sur des vignes \u00e2g\u00e9es de trente cinq \u00e0 soixante-quinze ans cultiv\u00e9es en agriculture biologique. Une fois foul\u00e9s, les raisins ont \u00e9t\u00e9 vinifi\u00e9s de fa\u00e7on traditionnelle : levures indig\u00e8nes, aucun intrant (non coll\u00e9, non acidifi\u00e9...)sauf un l\u00e9ger sulfitage. La mac\u00e9ration a dur\u00e9 10 jours.","og_url":"https:\/\/atypique.brunotarhan.fr\/index.php\/produit\/a-tue-tete-2\/","og_site_name":"Atypique Concept Store","article_modified_time":"2022-04-08T11:17:01+00:00","twitter_card":"summary_large_image","twitter_misc":{"Dur\u00e9e de lecture estim\u00e9e":"1 minute"},"schema":{"@context":"https:\/\/schema.org","@graph":[{"@type":"WebSite","@id":"https:\/\/atypique.brunotarhan.fr\/#website","url":"https:\/\/atypique.brunotarhan.fr\/","name":"Atypique Concept Store","description":"Just another WordPress site","potentialAction":[{"@type":"SearchAction","target":{"@type":"EntryPoint","urlTemplate":"https:\/\/atypique.brunotarhan.fr\/?s={search_term_string}"},"query-input":"required name=search_term_string"}],"inLanguage":"fr-FR"},{"@type":"WebPage","@id":"https:\/\/atypique.brunotarhan.fr\/index.php\/produit\/a-tue-tete-2\/#webpage","url":"https:\/\/atypique.brunotarhan.fr\/index.php\/produit\/a-tue-tete-2\/","name":"\u00e0 tue t\u00eate - Atypique Concept Store","isPartOf":{"@id":"https:\/\/atypique.brunotarhan.fr\/#website"},"datePublished":"2022-03-28T07:33:48+00:00","dateModified":"2022-04-08T11:17:01+00:00","breadcrumb":{"@id":"https:\/\/atypique.brunotarhan.fr\/index.php\/produit\/a-tue-tete-2\/#breadcrumb"},"inLanguage":"fr-FR","potentialAction":[{"@type":"ReadAction","target":["https:\/\/atypique.brunotarhan.fr\/index.php\/produit\/a-tue-tete-2\/"]}]},{"@type":"BreadcrumbList","@id":"https:\/\/atypique.brunotarhan.fr\/index.php\/produit\/a-tue-tete-2\/#breadcrumb","itemListElement":[{"@type":"ListItem","position":1,"name":"Accueil","item":"https:\/\/atypique.brunotarhan.fr\/"},{"@type":"ListItem","position":2,"name":""},{"@type":"ListItem","position":3,"name":"\u00e0 tue t\u00eate"}]}]}},"_links":{"self":[{"href":"https:\/\/atypique.brunotarhan.fr\/index.php\/wp-json\/wp\/v2\/product\/14556","targetHints":{"allow":["GET"]}}],"collection":[{"href":"https:\/\/atypique.brunotarhan.fr\/index.php\/wp-json\/wp\/v2\/product"}],"about":[{"href":"https:\/\/atypique.brunotarhan.fr\/index.php\/wp-json\/wp\/v2\/types\/product"}],"replies":[{"embeddable":true,"href":"https:\/\/atypique.brunotarhan.fr\/index.php\/wp-json\/wp\/v2\/comments?post=14556"}],"wp:attachment":[{"href":"https:\/\/atypique.brunotarhan.fr\/index.php\/wp-json\/wp\/v2\/media?parent=14556"}],"wp:term":[{"taxonomy":"product_cat","embeddable":true,"href":"https:\/\/atypique.brunotarhan.fr\/index.php\/wp-json\/wp\/v2\/product_cat?post=14556"},{"taxonomy":"product_tag","embeddable":true,"href":"https:\/\/atypique.brunotarhan.fr\/index.php\/wp-json\/wp\/v2\/product_tag?post=14556"}],"curies":[{"name":"wp","href":"https:\/\/api.w.org\/{rel}","templated":true}]}}